{"id":2284,"date":"2025-03-09T09:23:00","date_gmt":"2025-03-09T09:23:00","guid":{"rendered":"https:\/\/scsystems.ro\/magazin\/?post_type=product&#038;p=2284"},"modified":"2026-03-27T17:25:02","modified_gmt":"2026-03-27T17:25:02","slug":"smart-plug-zigbee-f-type","status":"publish","type":"product","link":"https:\/\/scsystems.ro\/magazin\/produs\/smart-plug-zigbee-f-type\/","title":{"rendered":"Smart Plug Zigbee F-type"},"content":{"rendered":"<h1 class=\"product-title h4\">Smart Plug Zigbee F-type<\/h1>\n<p>Acest produs este o priz\u0103 inteligent\u0103 conceput\u0103 pentru utilizarea \u00een sisteme de<img fetchpriority=\"high\" decoding=\"async\" class=\" wp-image-2285 alignright\" src=\"https:\/\/scsystems.ro\/magazin\/wp-content\/uploads\/sites\/2\/2025\/03\/Smart-Plug-Zigbee-coffee-300x300.webp\" alt=\"Smart Plug - Zigbee \" width=\"394\" height=\"394\" srcset=\"https:\/\/scsystems.ro\/magazin\/wp-content\/uploads\/sites\/2\/2025\/03\/Smart-Plug-Zigbee-coffee-300x300.webp 300w, https:\/\/scsystems.ro\/magazin\/wp-content\/uploads\/sites\/2\/2025\/03\/Smart-Plug-Zigbee-coffee-1024x1024.webp 1024w, https:\/\/scsystems.ro\/magazin\/wp-content\/uploads\/sites\/2\/2025\/03\/Smart-Plug-Zigbee-coffee-150x150.webp 150w, https:\/\/scsystems.ro\/magazin\/wp-content\/uploads\/sites\/2\/2025\/03\/Smart-Plug-Zigbee-coffee-768x768.webp 768w, https:\/\/scsystems.ro\/magazin\/wp-content\/uploads\/sites\/2\/2025\/03\/Smart-Plug-Zigbee-coffee-100x100.webp 100w\" sizes=\"(max-width: 394px) 100vw, 394px\" \/><br \/>\nautomatizare a locuin\u0163ei ac\u0163ionate \u00een conformitate cu protocoalele Zigbee 3.0. Acesta<br \/>\npermite controlul sistemului de iluminare \u015fi al altor dispozitive din locuin\u0163\u0103 prin<br \/>\nintermediul smartphone-ului dumneavoastr\u0103. De asemenea, poate ac\u0163iona ca un router<br \/>\nZigbee pentru a extinde re\u0163eaua de tip plas\u0103 Zigbee. Aceast\u0103 priz\u0103 inteligent\u0103 este<br \/>\ncompatibil\u0103 cu comutatorul Somfy TaHoma\u00ae\/TaHoma Rail-DIN.<\/p>\n<div class=\"row\">\n<div class=\"col-12 col-8@lg mb-5\">\n<h2 class=\"content-with-html-title h2\">Beneficii<\/h2>\n<\/div>\n<\/div>\n<div class=\"row\">\n<div class=\"col-12 offset-1@lg col-11@lg mt-md-5\">\n<div class=\"benefits\">\n<p>Actualiza\u021bi re\u021beaua Zigbee:<br \/>\no Produs alimentat continuu din retea<br \/>\no Un router de \u00eencredere pentru a sus\u021bine instala\u021biile f\u0103r\u0103 fir Zigbee (produs obligatoriu pentru instala\u021biile cu cel pu\u021bin 6 motoare f\u0103r\u0103 fir)<br \/>\no Extinde\u021bi raza radio Zigbee \u00een interiorul \u0219i \u00een afara casei<\/p>\n<p>\u00cembun\u0103t\u0103\u021bi\u021bi conectivitatea:<br \/>\no Feedback datorit\u0103 protocolului Zigbee<br \/>\no Compatibilitate cu aplica\u021biile \u0219i serviciile SOMFY (aplica\u021bia TaHoma Switch.<br \/>\no Capacitate de control de la distan\u021b\u0103 pentru dispozitivele conectate.<br \/>\no Centralizare, simulare de prezen\u021b\u0103, scenarii etc.<br \/>\no Compatibilitate cu asisten\u021bii vocali: Google Home, Alexa \u0219i Apple Home Kit prin Tahoma Switch<\/p>\n<h2 class=\"text-content-accordion-title h3\">Specifica\u0163ii<\/h2>\n<div id=\"accordion-details\" class=\"accordion\">\n<ul>\n<li><button id=\"accordion-description-title-2\" class=\"accordion_title\" aria-expanded=\"true\" aria-controls=\"accordion-description-body-2\">Dimensiunea \u0219i greutatea<\/button>\n<div id=\"accordion-description-body-2\" class=\"accordion_body\" role=\"region\" aria-labelledby=\"accordion-description-title-2\">\n<div class=\"accordion_content wysiwyg\">\n<p>Lungime : 80 mm<\/p>\n<p>L\u0103\u021bime : 68 mm<\/p>\n<p>\u00cen\u0103l\u021bime : 72 mm<\/p>\n<h2 class=\"h3 pdp-title fade-up fade-up-enter fade-up-active\" data-viewport=\"\">Caracteristici tehnice<\/h2>\n<div class=\"collapse-wrapper\">\n<div id=\"collapseExample-3\" class=\"wysiwyg collapse-content\">\n<table class=\"table fade-up fade-up-enter fade-up-active\" data-viewport=\"\">\n<tbody>\n<tr>\n<td><strong class=\"t-16\">Culoare \/ Finisaj<\/strong><\/td>\n<td class=\"t-16\">White<\/td>\n<\/tr>\n<tr>\n<td><strong class=\"t-16\">Index Protec\u021bie<\/strong><\/td>\n<td class=\"t-16\">IP20<\/td>\n<\/tr>\n<\/tbody>\n<\/table>\n<\/div>\n<\/div>\n<\/div>\n<\/div>\n<\/li>\n<\/ul>\n<\/div>\n<\/div>\n<\/div>\n<\/div>\n","protected":false},"excerpt":{"rendered":"<p>Smart Plug Zigbee F-type Acest produs este o priz\u0103 inteligent\u0103 conceput\u0103 pentru utilizarea \u00een sisteme de automatizare a locuin\u0163ei ac\u0163ionate \u00een conformitate cu protocoalele Zigbee 3.0. Acesta permite controlul sistemului de iluminare \u015fi al altor dispozitive din locuin\u0163\u0103 prin intermediul smartphone-ului dumneavoastr\u0103. De asemenea, poate ac\u0163iona ca un router Zigbee pentru a extinde re\u0163eaua de [&hellip;]<\/p>\n","protected":false},"featured_media":2290,"comment_status":"open","ping_status":"closed","template":"","meta":{"_eb_attr":""},"pwb-brand":[40],"product_brand":[],"product_cat":[26],"product_tag":[],"class_list":{"0":"post-2284","1":"product","2":"type-product","3":"status-publish","4":"has-post-thumbnail","6":"pwb-brand-somfy","7":"product_cat-smart-home","9":"first","10":"instock","11":"taxable","12":"shipping-taxable","13":"purchasable","14":"product-type-simple"},"yoast_head":"<!-- This site is optimized with the Yoast SEO plugin v27.2 - https:\/\/yoast.com\/product\/yoast-seo-wordpress\/ -->\n<title>Smart Plug Zigbee F-type - Magazin SCS<\/title>\n<meta name=\"description\" content=\"Smart Plug Zigbee F-type Acest produs este o priz\u0103 inteligent\u0103 conceput\u0103 pentru utilizarea \u00een sisteme deautomatizare a locuin\u0163ei\" \/>\n<meta name=\"robots\" content=\"index, follow, max-snippet:-1, max-image-preview:large, max-video-preview:-1\" \/>\n<link rel=\"canonical\" href=\"https:\/\/scsystems.ro\/magazin\/produs\/smart-plug-zigbee-f-type\/\" \/>\n<meta property=\"og:locale\" content=\"ro_RO\" \/>\n<meta property=\"og:type\" content=\"article\" \/>\n<meta property=\"og:title\" content=\"Smart Plug Zigbee F-type - Magazin SCS\" \/>\n<meta property=\"og:description\" content=\"Smart Plug Zigbee F-type Acest produs este o priz\u0103 inteligent\u0103 conceput\u0103 pentru utilizarea \u00een sisteme deautomatizare a locuin\u0163ei\" \/>\n<meta property=\"og:url\" content=\"https:\/\/scsystems.ro\/magazin\/produs\/smart-plug-zigbee-f-type\/\" \/>\n<meta property=\"og:site_name\" content=\"Magazin SCS\" \/>\n<meta property=\"article:publisher\" content=\"https:\/\/www.facebook.com\/smartclosingsystems\/\" \/>\n<meta property=\"article:modified_time\" content=\"2026-03-27T17:25:02+00:00\" \/>\n<meta property=\"og:image\" content=\"https:\/\/scsystems.ro\/magazin\/wp-content\/uploads\/sites\/2\/2025\/03\/Smart-Plug-E-Type-Zigbee-Star.webp\" \/>\n\t<meta property=\"og:image:width\" content=\"1920\" \/>\n\t<meta property=\"og:image:height\" content=\"1920\" \/>\n\t<meta property=\"og:image:type\" content=\"image\/webp\" \/>\n<meta name=\"twitter:card\" content=\"summary_large_image\" \/>\n<meta name=\"twitter:label1\" content=\"Timp estimat pentru citire\" \/>\n\t<meta name=\"twitter:data1\" content=\"2 minute\" \/>\n<script type=\"application\/ld+json\" class=\"yoast-schema-graph\">{\"@context\":\"https:\/\/schema.org\",\"@graph\":[{\"@type\":\"WebPage\",\"@id\":\"https:\/\/scsystems.ro\/magazin\/produs\/smart-plug-zigbee-f-type\/\",\"url\":\"https:\/\/scsystems.ro\/magazin\/produs\/smart-plug-zigbee-f-type\/\",\"name\":\"Smart Plug Zigbee F-type - Magazin SCS\",\"isPartOf\":{\"@id\":\"https:\/\/scsystems.ro\/magazin\/#website\"},\"primaryImageOfPage\":{\"@id\":\"https:\/\/scsystems.ro\/magazin\/produs\/smart-plug-zigbee-f-type\/#primaryimage\"},\"image\":{\"@id\":\"https:\/\/scsystems.ro\/magazin\/produs\/smart-plug-zigbee-f-type\/#primaryimage\"},\"thumbnailUrl\":\"https:\/\/scsystems.ro\/magazin\/wp-content\/uploads\/sites\/2\/2025\/03\/Smart-Plug-E-Type-Zigbee-Star.webp\",\"datePublished\":\"2025-03-09T09:23:00+00:00\",\"dateModified\":\"2026-03-27T17:25:02+00:00\",\"description\":\"Smart Plug Zigbee F-type Acest produs este o priz\u0103 inteligent\u0103 conceput\u0103 pentru utilizarea \u00een sisteme deautomatizare a locuin\u0163ei\",\"breadcrumb\":{\"@id\":\"https:\/\/scsystems.ro\/magazin\/produs\/smart-plug-zigbee-f-type\/#breadcrumb\"},\"inLanguage\":\"ro-RO\",\"potentialAction\":[{\"@type\":\"ReadAction\",\"target\":[\"https:\/\/scsystems.ro\/magazin\/produs\/smart-plug-zigbee-f-type\/\"]}]},{\"@type\":\"ImageObject\",\"inLanguage\":\"ro-RO\",\"@id\":\"https:\/\/scsystems.ro\/magazin\/produs\/smart-plug-zigbee-f-type\/#primaryimage\",\"url\":\"https:\/\/scsystems.ro\/magazin\/wp-content\/uploads\/sites\/2\/2025\/03\/Smart-Plug-E-Type-Zigbee-Star.webp\",\"contentUrl\":\"https:\/\/scsystems.ro\/magazin\/wp-content\/uploads\/sites\/2\/2025\/03\/Smart-Plug-E-Type-Zigbee-Star.webp\",\"width\":1920,\"height\":1920,\"caption\":\"Smart Plug Zigbee F-type\"},{\"@type\":\"BreadcrumbList\",\"@id\":\"https:\/\/scsystems.ro\/magazin\/produs\/smart-plug-zigbee-f-type\/#breadcrumb\",\"itemListElement\":[{\"@type\":\"ListItem\",\"position\":1,\"name\":\"Magazin\",\"item\":\"https:\/\/scsystems.ro\/magazin\/\"},{\"@type\":\"ListItem\",\"position\":2,\"name\":\"Toate Produsele\",\"item\":\"https:\/\/scsystems.ro\/magazin\/toate-produsele\/\"},{\"@type\":\"ListItem\",\"position\":3,\"name\":\"Smart Plug Zigbee F-type\"}]},{\"@type\":\"WebSite\",\"@id\":\"https:\/\/scsystems.ro\/magazin\/#website\",\"url\":\"https:\/\/scsystems.ro\/magazin\/\",\"name\":\"Magazin SCS\",\"description\":\"Smart Closing Systems Magazin\",\"publisher\":{\"@id\":\"https:\/\/scsystems.ro\/magazin\/#organization\"},\"potentialAction\":[{\"@type\":\"SearchAction\",\"target\":{\"@type\":\"EntryPoint\",\"urlTemplate\":\"https:\/\/scsystems.ro\/magazin\/?s={search_term_string}\"},\"query-input\":{\"@type\":\"PropertyValueSpecification\",\"valueRequired\":true,\"valueName\":\"search_term_string\"}}],\"inLanguage\":\"ro-RO\"},{\"@type\":\"Organization\",\"@id\":\"https:\/\/scsystems.ro\/magazin\/#organization\",\"name\":\"Smart Closing Systems\",\"alternateName\":\"SCS\",\"url\":\"https:\/\/scsystems.ro\/magazin\/\",\"logo\":{\"@type\":\"ImageObject\",\"inLanguage\":\"ro-RO\",\"@id\":\"https:\/\/scsystems.ro\/magazin\/#\/schema\/logo\/image\/\",\"url\":\"https:\/\/scsystems.ro\/magazin\/wp-content\/uploads\/sites\/2\/2023\/03\/logo-SCS-Negru-vm.png\",\"contentUrl\":\"https:\/\/scsystems.ro\/magazin\/wp-content\/uploads\/sites\/2\/2023\/03\/logo-SCS-Negru-vm.png\",\"width\":2241,\"height\":1459,\"caption\":\"Smart Closing Systems\"},\"image\":{\"@id\":\"https:\/\/scsystems.ro\/magazin\/#\/schema\/logo\/image\/\"},\"sameAs\":[\"https:\/\/www.facebook.com\/smartclosingsystems\/\"]}]}<\/script>\n<!-- \/ Yoast SEO plugin. -->","yoast_head_json":{"title":"Smart Plug Zigbee F-type - Magazin SCS","description":"Smart Plug Zigbee F-type Acest produs este o priz\u0103 inteligent\u0103 conceput\u0103 pentru utilizarea \u00een sisteme deautomatizare a locuin\u0163ei","robots":{"index":"index","follow":"follow","max-snippet":"max-snippet:-1","max-image-preview":"max-image-preview:large","max-video-preview":"max-video-preview:-1"},"canonical":"https:\/\/scsystems.ro\/magazin\/produs\/smart-plug-zigbee-f-type\/","og_locale":"ro_RO","og_type":"article","og_title":"Smart Plug Zigbee F-type - Magazin SCS","og_description":"Smart Plug Zigbee F-type Acest produs este o priz\u0103 inteligent\u0103 conceput\u0103 pentru utilizarea \u00een sisteme deautomatizare a locuin\u0163ei","og_url":"https:\/\/scsystems.ro\/magazin\/produs\/smart-plug-zigbee-f-type\/","og_site_name":"Magazin SCS","article_publisher":"https:\/\/www.facebook.com\/smartclosingsystems\/","article_modified_time":"2026-03-27T17:25:02+00:00","og_image":[{"width":1920,"height":1920,"url":"https:\/\/scsystems.ro\/magazin\/wp-content\/uploads\/sites\/2\/2025\/03\/Smart-Plug-E-Type-Zigbee-Star.webp","type":"image\/webp"}],"twitter_card":"summary_large_image","twitter_misc":{"Timp estimat pentru citire":"2 minute"},"schema":{"@context":"https:\/\/schema.org","@graph":[{"@type":"WebPage","@id":"https:\/\/scsystems.ro\/magazin\/produs\/smart-plug-zigbee-f-type\/","url":"https:\/\/scsystems.ro\/magazin\/produs\/smart-plug-zigbee-f-type\/","name":"Smart Plug Zigbee F-type - Magazin SCS","isPartOf":{"@id":"https:\/\/scsystems.ro\/magazin\/#website"},"primaryImageOfPage":{"@id":"https:\/\/scsystems.ro\/magazin\/produs\/smart-plug-zigbee-f-type\/#primaryimage"},"image":{"@id":"https:\/\/scsystems.ro\/magazin\/produs\/smart-plug-zigbee-f-type\/#primaryimage"},"thumbnailUrl":"https:\/\/scsystems.ro\/magazin\/wp-content\/uploads\/sites\/2\/2025\/03\/Smart-Plug-E-Type-Zigbee-Star.webp","datePublished":"2025-03-09T09:23:00+00:00","dateModified":"2026-03-27T17:25:02+00:00","description":"Smart Plug Zigbee F-type Acest produs este o priz\u0103 inteligent\u0103 conceput\u0103 pentru utilizarea \u00een sisteme deautomatizare a locuin\u0163ei","breadcrumb":{"@id":"https:\/\/scsystems.ro\/magazin\/produs\/smart-plug-zigbee-f-type\/#breadcrumb"},"inLanguage":"ro-RO","potentialAction":[{"@type":"ReadAction","target":["https:\/\/scsystems.ro\/magazin\/produs\/smart-plug-zigbee-f-type\/"]}]},{"@type":"ImageObject","inLanguage":"ro-RO","@id":"https:\/\/scsystems.ro\/magazin\/produs\/smart-plug-zigbee-f-type\/#primaryimage","url":"https:\/\/scsystems.ro\/magazin\/wp-content\/uploads\/sites\/2\/2025\/03\/Smart-Plug-E-Type-Zigbee-Star.webp","contentUrl":"https:\/\/scsystems.ro\/magazin\/wp-content\/uploads\/sites\/2\/2025\/03\/Smart-Plug-E-Type-Zigbee-Star.webp","width":1920,"height":1920,"caption":"Smart Plug Zigbee F-type"},{"@type":"BreadcrumbList","@id":"https:\/\/scsystems.ro\/magazin\/produs\/smart-plug-zigbee-f-type\/#breadcrumb","itemListElement":[{"@type":"ListItem","position":1,"name":"Magazin","item":"https:\/\/scsystems.ro\/magazin\/"},{"@type":"ListItem","position":2,"name":"Toate Produsele","item":"https:\/\/scsystems.ro\/magazin\/toate-produsele\/"},{"@type":"ListItem","position":3,"name":"Smart Plug Zigbee F-type"}]},{"@type":"WebSite","@id":"https:\/\/scsystems.ro\/magazin\/#website","url":"https:\/\/scsystems.ro\/magazin\/","name":"Magazin SCS","description":"Smart Closing Systems Magazin","publisher":{"@id":"https:\/\/scsystems.ro\/magazin\/#organization"},"potentialAction":[{"@type":"SearchAction","target":{"@type":"EntryPoint","urlTemplate":"https:\/\/scsystems.ro\/magazin\/?s={search_term_string}"},"query-input":{"@type":"PropertyValueSpecification","valueRequired":true,"valueName":"search_term_string"}}],"inLanguage":"ro-RO"},{"@type":"Organization","@id":"https:\/\/scsystems.ro\/magazin\/#organization","name":"Smart Closing Systems","alternateName":"SCS","url":"https:\/\/scsystems.ro\/magazin\/","logo":{"@type":"ImageObject","inLanguage":"ro-RO","@id":"https:\/\/scsystems.ro\/magazin\/#\/schema\/logo\/image\/","url":"https:\/\/scsystems.ro\/magazin\/wp-content\/uploads\/sites\/2\/2023\/03\/logo-SCS-Negru-vm.png","contentUrl":"https:\/\/scsystems.ro\/magazin\/wp-content\/uploads\/sites\/2\/2023\/03\/logo-SCS-Negru-vm.png","width":2241,"height":1459,"caption":"Smart Closing Systems"},"image":{"@id":"https:\/\/scsystems.ro\/magazin\/#\/schema\/logo\/image\/"},"sameAs":["https:\/\/www.facebook.com\/smartclosingsystems\/"]}]}},"jetpack_sharing_enabled":true,"brands":[{"id":40,"name":"Somfy","slug":"somfy"}],"_links":{"self":[{"href":"https:\/\/scsystems.ro\/magazin\/wp-json\/wp\/v2\/product\/2284","targetHints":{"allow":["GET"]}}],"collection":[{"href":"https:\/\/scsystems.ro\/magazin\/wp-json\/wp\/v2\/product"}],"about":[{"href":"https:\/\/scsystems.ro\/magazin\/wp-json\/wp\/v2\/types\/product"}],"replies":[{"embeddable":true,"href":"https:\/\/scsystems.ro\/magazin\/wp-json\/wp\/v2\/comments?post=2284"}],"wp:featuredmedia":[{"embeddable":true,"href":"https:\/\/scsystems.ro\/magazin\/wp-json\/wp\/v2\/media\/2290"}],"wp:attachment":[{"href":"https:\/\/scsystems.ro\/magazin\/wp-json\/wp\/v2\/media?parent=2284"}],"wp:term":[{"taxonomy":"pwb-brand","embeddable":true,"href":"https:\/\/scsystems.ro\/magazin\/wp-json\/wp\/v2\/pwb-brand?post=2284"},{"taxonomy":"product_brand","embeddable":true,"href":"https:\/\/scsystems.ro\/magazin\/wp-json\/wp\/v2\/product_brand?post=2284"},{"taxonomy":"product_cat","embeddable":true,"href":"https:\/\/scsystems.ro\/magazin\/wp-json\/wp\/v2\/product_cat?post=2284"},{"taxonomy":"product_tag","embeddable":true,"href":"https:\/\/scsystems.ro\/magazin\/wp-json\/wp\/v2\/product_tag?post=2284"}],"curies":[{"name":"wp","href":"https:\/\/api.w.org\/{rel}","templated":true}]}}