{"id":1730,"date":"2023-06-08T13:16:02","date_gmt":"2023-06-08T13:16:02","guid":{"rendered":"https:\/\/scsystems.ro\/magazin\/?post_type=product&#038;p=1730"},"modified":"2025-04-11T18:16:35","modified_gmt":"2025-04-11T18:16:35","slug":"kit-automatizare-liniara-sommer-sm40t","status":"publish","type":"product","link":"https:\/\/scsystems.ro\/magazin\/produs\/kit-automatizare-liniara-sommer-sm40t\/","title":{"rendered":"Kit automatizare liniara Sommer Sm40T"},"content":{"rendered":"<p><strong>Kit automatizare liniara Sommer Sm40T<\/strong>, 600KG, MAX 12m (include 4x1m cremaliera Cod produs: SM40T<\/p>\n<p><strong>Recomandat pentru por\u0163ile liniare de p\u00e2n\u0103 la 12 m l\u0103\u0163ime<\/strong><\/p>\n<p><strong>Beneficii<\/strong><\/p>\n<p>\uf0a7 Func\u021bioneaz\u0103 cu por\u021bi de p\u00e2n\u0103 la 12m l\u0103\u0163ime \u0219i greutate maxim\u0103 de 600kg<br \/>\n\uf0a7 Motor puternic \u0219i fiabil (IP 43)<br \/>\n\uf0a7 Unitate de comand\u0103 cu multiple configura\u021bii, precum deschiderea par\u021bial\u0103<br \/>\n\uf0a7 Ie\u0219iri \u0219i intr\u0103ri pentru conectare: lamp\u0103 de avertizare, celul\u0103 fotoelectric\u0103, yal\u0103 electromagnetic\u0103, \u201csafety edge\u201d<\/p>\n<p><strong>Carcasa motorului<\/strong><\/p>\n<p>\uf0a7 Rezistent\u0103 la intemperii \u0219i radia\u021bii UV<br \/>\n\uf0a7 Durabil<\/p>\n<p><strong>Unitatea de comand\u0103<\/strong><\/p>\n<p>Conexiunea se realizeaz\u0103 prin mufare<br \/>\n\uf0a7 U\u0219or de programat<br \/>\n\uf0a7 Posibilitate programare cu \u201cTorMinal\u201d<br \/>\n\uf0a7 Integrat\u0103 \u00een carcasa motorului<\/p>\n<p><strong>Reglare electronic\u0103 a cursei<\/strong><\/p>\n<p>Reglarea precis\u0103 a cursei<br \/>\n\uf0a7 U\u0219or de reglat<\/p>\n<p><strong>Deblocare de urgen\u021b\u0103<\/strong><\/p>\n<p>\u00cen cazul unei pene de curent, motoarele SOMMER se pot debloca \u0219i bloca manual, \u00een orice<br \/>\npozi\u021bie s-ar opri poarta. Acest lucru confer\u0103 siguran\u021b\u0103 \u0219i confort familiei dumneavoastr\u0103.<\/p>\n<p><strong>Pachetul SM40T con\u0163ine:<\/strong><\/p>\n<p>\uf0a7 1 motor pentru poarta liniar\u0103<br \/>\n\uf0a7 Unitate de control<br \/>\n\uf0a7 Cremalier\u0103 din teflon cu inser\u021bii metalice, 4m l\u0103\u0163ime (4 buc x 1m)<br \/>\n\uf0a7 Receptor radio FM 868,6 MHz mufabil<br \/>\n\uf0a7 Telecomand\u0103 cu 4 canale<br \/>\n\uf0a7 Sistem de fotocelule<br \/>\n\uf0a7 Lamp\u0103 de avertizare<\/p>\n<p>Beneficii suplimentare ale automatiz\u0103rii SM40T<\/p>\n<p>\uf0a7 Func\u021bionare foarte silen\u021bioas\u0103 \u0219i lin\u0103 datorit\u0103 \u0219inei de calitate superioar\u0103<br \/>\n\uf0a7 Prevenire accidente prin oprirea automat\u0103 la \u00eent\u00e2lnirea unui obstacol<br \/>\n\uf0a7 Ie\u0219iri \u0219i intr\u0103ri pentru conectare: posibilitate conectare selector cu cheie \u0219i buton de impuls; 2 intr\u0103ri pentru sistemul de fotocelule; alimentare 24V,<br \/>\nmaxim 0,1A;<br \/>\n\uf0a7 Sistem controlat de un microprocesor care permite configur\u0103ri multiple precum: folosire pietonal\u0103, \u00eenchidere automat\u0103, stabilirea comportamentului la \u00eent\u00e2lnirea unui obstacol (poarta se poate deschide par\u021bial sau complet)<\/p>\n<h3><strong>Concluzie Kit automatizare liniara Sommer Sm40T:<br \/>\n<\/strong><\/h3>\n<p>Cu Kit-ul de automatizare liniar\u0103 Sommer Sm40T, vei beneficia de tehnologie avansat\u0103 \u0219i siguran\u021b\u0103 de \u00eencredere pentru poarta ta. Descoper\u0103 confortul \u0219i accesul facil, f\u0103c\u00e2nd din experien\u021ba ta zilnic\u0103 o pl\u0103cere. Alege automatizarea inteligent\u0103 cu Sommer Sm40T!<\/p>\n","protected":false},"excerpt":{"rendered":"<p><strong>Cod produs SM40T con\u0163ine:<\/strong><\/p>\n<p>\uf0a7 1 motor pentru poarta liniar\u0103<br \/>\n\uf0a7 Unitate de control<br \/>\n\uf0a7 Cremalier\u0103 din teflon cu inser\u021bii metalice, 4m l\u0103\u0163ime (4 buc x 1m)<br \/>\n\uf0a7 Receptor radio FM 868,6 MHz mufabil<br \/>\n\uf0a7 Telecomand\u0103 cu 4 canale<br \/>\n\uf0a7 Sistem de fotocelule<br \/>\n\uf0a7 Lamp\u0103 de avertizare<\/p>\n","protected":false},"featured_media":1731,"comment_status":"open","ping_status":"closed","template":"","meta":{"_eb_attr":""},"pwb-brand":[41],"product_brand":[],"product_cat":[25,26],"product_tag":[77,137,139,125],"class_list":{"0":"post-1730","1":"product","2":"type-product","3":"status-publish","4":"has-post-thumbnail","6":"pwb-brand-sommer","7":"product_cat-kituri-automatizari","8":"product_cat-smart-home","9":"product_tag-kit-automatizari","10":"product_tag-poarta-liniara","11":"product_tag-sm40t","12":"product_tag-sommer","14":"first","15":"outofstock","16":"taxable","17":"shipping-taxable","18":"purchasable","19":"product-type-simple"},"yoast_head":"<!-- This site is optimized with the Yoast SEO plugin v27.2 - https:\/\/yoast.com\/product\/yoast-seo-wordpress\/ -->\n<title>Kit automatizare liniara Sommer Sm40T - Magazin SCS<\/title>\n<meta name=\"description\" content=\"Kit automatizare liniara Sommer Sm40T vei beneficia de tehnologie avansat\u0103 \u0219i siguran\u021b\u0103 de \u00eencredere Descoper\u0103 confortul \u0219i accesul facil\" \/>\n<meta name=\"robots\" content=\"index, follow, max-snippet:-1, max-image-preview:large, max-video-preview:-1\" \/>\n<link rel=\"canonical\" href=\"https:\/\/scsystems.ro\/magazin\/produs\/kit-automatizare-liniara-sommer-sm40t\/\" \/>\n<meta property=\"og:locale\" content=\"ro_RO\" \/>\n<meta property=\"og:type\" content=\"article\" \/>\n<meta property=\"og:title\" content=\"Kit automatizare liniara Sommer Sm40T - Magazin SCS\" \/>\n<meta property=\"og:description\" content=\"Kit automatizare liniara Sommer Sm40T vei beneficia de tehnologie avansat\u0103 \u0219i siguran\u021b\u0103 de \u00eencredere Descoper\u0103 confortul \u0219i accesul facil\" \/>\n<meta property=\"og:url\" content=\"https:\/\/scsystems.ro\/magazin\/produs\/kit-automatizare-liniara-sommer-sm40t\/\" \/>\n<meta property=\"og:site_name\" content=\"Magazin SCS\" \/>\n<meta property=\"article:publisher\" content=\"https:\/\/www.facebook.com\/smartclosingsystems\/\" \/>\n<meta property=\"article:modified_time\" content=\"2025-04-11T18:16:35+00:00\" \/>\n<meta property=\"og:image\" content=\"https:\/\/scsystems.ro\/magazin\/wp-content\/uploads\/sites\/2\/2023\/06\/Kit-automatizare-liniara-Sommer-Sm40T-scaled.webp\" \/>\n\t<meta property=\"og:image:width\" content=\"2560\" \/>\n\t<meta property=\"og:image:height\" content=\"1749\" \/>\n\t<meta property=\"og:image:type\" content=\"image\/webp\" \/>\n<meta name=\"twitter:card\" content=\"summary_large_image\" \/>\n<meta name=\"twitter:label1\" content=\"Timp estimat pentru citire\" \/>\n\t<meta name=\"twitter:data1\" content=\"2 minute\" \/>\n<script type=\"application\/ld+json\" class=\"yoast-schema-graph\">{\"@context\":\"https:\/\/schema.org\",\"@graph\":[{\"@type\":\"WebPage\",\"@id\":\"https:\/\/scsystems.ro\/magazin\/produs\/kit-automatizare-liniara-sommer-sm40t\/\",\"url\":\"https:\/\/scsystems.ro\/magazin\/produs\/kit-automatizare-liniara-sommer-sm40t\/\",\"name\":\"Kit automatizare liniara Sommer Sm40T - Magazin SCS\",\"isPartOf\":{\"@id\":\"https:\/\/scsystems.ro\/magazin\/#website\"},\"primaryImageOfPage\":{\"@id\":\"https:\/\/scsystems.ro\/magazin\/produs\/kit-automatizare-liniara-sommer-sm40t\/#primaryimage\"},\"image\":{\"@id\":\"https:\/\/scsystems.ro\/magazin\/produs\/kit-automatizare-liniara-sommer-sm40t\/#primaryimage\"},\"thumbnailUrl\":\"https:\/\/scsystems.ro\/magazin\/wp-content\/uploads\/sites\/2\/2023\/06\/Kit-automatizare-liniara-Sommer-Sm40T-scaled.webp\",\"datePublished\":\"2023-06-08T13:16:02+00:00\",\"dateModified\":\"2025-04-11T18:16:35+00:00\",\"description\":\"Kit automatizare liniara Sommer Sm40T vei beneficia de tehnologie avansat\u0103 \u0219i siguran\u021b\u0103 de \u00eencredere Descoper\u0103 confortul \u0219i accesul facil\",\"breadcrumb\":{\"@id\":\"https:\/\/scsystems.ro\/magazin\/produs\/kit-automatizare-liniara-sommer-sm40t\/#breadcrumb\"},\"inLanguage\":\"ro-RO\",\"potentialAction\":[{\"@type\":\"ReadAction\",\"target\":[\"https:\/\/scsystems.ro\/magazin\/produs\/kit-automatizare-liniara-sommer-sm40t\/\"]}]},{\"@type\":\"ImageObject\",\"inLanguage\":\"ro-RO\",\"@id\":\"https:\/\/scsystems.ro\/magazin\/produs\/kit-automatizare-liniara-sommer-sm40t\/#primaryimage\",\"url\":\"https:\/\/scsystems.ro\/magazin\/wp-content\/uploads\/sites\/2\/2023\/06\/Kit-automatizare-liniara-Sommer-Sm40T-scaled.webp\",\"contentUrl\":\"https:\/\/scsystems.ro\/magazin\/wp-content\/uploads\/sites\/2\/2023\/06\/Kit-automatizare-liniara-Sommer-Sm40T-scaled.webp\",\"width\":2560,\"height\":1749,\"caption\":\"Kit automatizare liniara Sommer Sm40T\"},{\"@type\":\"BreadcrumbList\",\"@id\":\"https:\/\/scsystems.ro\/magazin\/produs\/kit-automatizare-liniara-sommer-sm40t\/#breadcrumb\",\"itemListElement\":[{\"@type\":\"ListItem\",\"position\":1,\"name\":\"Magazin\",\"item\":\"https:\/\/scsystems.ro\/magazin\/\"},{\"@type\":\"ListItem\",\"position\":2,\"name\":\"Toate Produsele\",\"item\":\"https:\/\/scsystems.ro\/magazin\/toate-produsele\/\"},{\"@type\":\"ListItem\",\"position\":3,\"name\":\"Kit automatizare liniara Sommer Sm40T\"}]},{\"@type\":\"WebSite\",\"@id\":\"https:\/\/scsystems.ro\/magazin\/#website\",\"url\":\"https:\/\/scsystems.ro\/magazin\/\",\"name\":\"Magazin SCS\",\"description\":\"Smart Closing Systems Magazin\",\"publisher\":{\"@id\":\"https:\/\/scsystems.ro\/magazin\/#organization\"},\"potentialAction\":[{\"@type\":\"SearchAction\",\"target\":{\"@type\":\"EntryPoint\",\"urlTemplate\":\"https:\/\/scsystems.ro\/magazin\/?s={search_term_string}\"},\"query-input\":{\"@type\":\"PropertyValueSpecification\",\"valueRequired\":true,\"valueName\":\"search_term_string\"}}],\"inLanguage\":\"ro-RO\"},{\"@type\":\"Organization\",\"@id\":\"https:\/\/scsystems.ro\/magazin\/#organization\",\"name\":\"Smart Closing Systems\",\"alternateName\":\"SCS\",\"url\":\"https:\/\/scsystems.ro\/magazin\/\",\"logo\":{\"@type\":\"ImageObject\",\"inLanguage\":\"ro-RO\",\"@id\":\"https:\/\/scsystems.ro\/magazin\/#\/schema\/logo\/image\/\",\"url\":\"https:\/\/scsystems.ro\/magazin\/wp-content\/uploads\/sites\/2\/2023\/03\/logo-SCS-Negru-vm.png\",\"contentUrl\":\"https:\/\/scsystems.ro\/magazin\/wp-content\/uploads\/sites\/2\/2023\/03\/logo-SCS-Negru-vm.png\",\"width\":2241,\"height\":1459,\"caption\":\"Smart Closing Systems\"},\"image\":{\"@id\":\"https:\/\/scsystems.ro\/magazin\/#\/schema\/logo\/image\/\"},\"sameAs\":[\"https:\/\/www.facebook.com\/smartclosingsystems\/\"]}]}<\/script>\n<!-- \/ Yoast SEO plugin. -->","yoast_head_json":{"title":"Kit automatizare liniara Sommer Sm40T - Magazin SCS","description":"Kit automatizare liniara Sommer Sm40T vei beneficia de tehnologie avansat\u0103 \u0219i siguran\u021b\u0103 de \u00eencredere Descoper\u0103 confortul \u0219i accesul facil","robots":{"index":"index","follow":"follow","max-snippet":"max-snippet:-1","max-image-preview":"max-image-preview:large","max-video-preview":"max-video-preview:-1"},"canonical":"https:\/\/scsystems.ro\/magazin\/produs\/kit-automatizare-liniara-sommer-sm40t\/","og_locale":"ro_RO","og_type":"article","og_title":"Kit automatizare liniara Sommer Sm40T - Magazin SCS","og_description":"Kit automatizare liniara Sommer Sm40T vei beneficia de tehnologie avansat\u0103 \u0219i siguran\u021b\u0103 de \u00eencredere Descoper\u0103 confortul \u0219i accesul facil","og_url":"https:\/\/scsystems.ro\/magazin\/produs\/kit-automatizare-liniara-sommer-sm40t\/","og_site_name":"Magazin SCS","article_publisher":"https:\/\/www.facebook.com\/smartclosingsystems\/","article_modified_time":"2025-04-11T18:16:35+00:00","og_image":[{"width":2560,"height":1749,"url":"https:\/\/scsystems.ro\/magazin\/wp-content\/uploads\/sites\/2\/2023\/06\/Kit-automatizare-liniara-Sommer-Sm40T-scaled.webp","type":"image\/webp"}],"twitter_card":"summary_large_image","twitter_misc":{"Timp estimat pentru citire":"2 minute"},"schema":{"@context":"https:\/\/schema.org","@graph":[{"@type":"WebPage","@id":"https:\/\/scsystems.ro\/magazin\/produs\/kit-automatizare-liniara-sommer-sm40t\/","url":"https:\/\/scsystems.ro\/magazin\/produs\/kit-automatizare-liniara-sommer-sm40t\/","name":"Kit automatizare liniara Sommer Sm40T - Magazin SCS","isPartOf":{"@id":"https:\/\/scsystems.ro\/magazin\/#website"},"primaryImageOfPage":{"@id":"https:\/\/scsystems.ro\/magazin\/produs\/kit-automatizare-liniara-sommer-sm40t\/#primaryimage"},"image":{"@id":"https:\/\/scsystems.ro\/magazin\/produs\/kit-automatizare-liniara-sommer-sm40t\/#primaryimage"},"thumbnailUrl":"https:\/\/scsystems.ro\/magazin\/wp-content\/uploads\/sites\/2\/2023\/06\/Kit-automatizare-liniara-Sommer-Sm40T-scaled.webp","datePublished":"2023-06-08T13:16:02+00:00","dateModified":"2025-04-11T18:16:35+00:00","description":"Kit automatizare liniara Sommer Sm40T vei beneficia de tehnologie avansat\u0103 \u0219i siguran\u021b\u0103 de \u00eencredere Descoper\u0103 confortul \u0219i accesul facil","breadcrumb":{"@id":"https:\/\/scsystems.ro\/magazin\/produs\/kit-automatizare-liniara-sommer-sm40t\/#breadcrumb"},"inLanguage":"ro-RO","potentialAction":[{"@type":"ReadAction","target":["https:\/\/scsystems.ro\/magazin\/produs\/kit-automatizare-liniara-sommer-sm40t\/"]}]},{"@type":"ImageObject","inLanguage":"ro-RO","@id":"https:\/\/scsystems.ro\/magazin\/produs\/kit-automatizare-liniara-sommer-sm40t\/#primaryimage","url":"https:\/\/scsystems.ro\/magazin\/wp-content\/uploads\/sites\/2\/2023\/06\/Kit-automatizare-liniara-Sommer-Sm40T-scaled.webp","contentUrl":"https:\/\/scsystems.ro\/magazin\/wp-content\/uploads\/sites\/2\/2023\/06\/Kit-automatizare-liniara-Sommer-Sm40T-scaled.webp","width":2560,"height":1749,"caption":"Kit automatizare liniara Sommer Sm40T"},{"@type":"BreadcrumbList","@id":"https:\/\/scsystems.ro\/magazin\/produs\/kit-automatizare-liniara-sommer-sm40t\/#breadcrumb","itemListElement":[{"@type":"ListItem","position":1,"name":"Magazin","item":"https:\/\/scsystems.ro\/magazin\/"},{"@type":"ListItem","position":2,"name":"Toate Produsele","item":"https:\/\/scsystems.ro\/magazin\/toate-produsele\/"},{"@type":"ListItem","position":3,"name":"Kit automatizare liniara Sommer Sm40T"}]},{"@type":"WebSite","@id":"https:\/\/scsystems.ro\/magazin\/#website","url":"https:\/\/scsystems.ro\/magazin\/","name":"Magazin SCS","description":"Smart Closing Systems Magazin","publisher":{"@id":"https:\/\/scsystems.ro\/magazin\/#organization"},"potentialAction":[{"@type":"SearchAction","target":{"@type":"EntryPoint","urlTemplate":"https:\/\/scsystems.ro\/magazin\/?s={search_term_string}"},"query-input":{"@type":"PropertyValueSpecification","valueRequired":true,"valueName":"search_term_string"}}],"inLanguage":"ro-RO"},{"@type":"Organization","@id":"https:\/\/scsystems.ro\/magazin\/#organization","name":"Smart Closing Systems","alternateName":"SCS","url":"https:\/\/scsystems.ro\/magazin\/","logo":{"@type":"ImageObject","inLanguage":"ro-RO","@id":"https:\/\/scsystems.ro\/magazin\/#\/schema\/logo\/image\/","url":"https:\/\/scsystems.ro\/magazin\/wp-content\/uploads\/sites\/2\/2023\/03\/logo-SCS-Negru-vm.png","contentUrl":"https:\/\/scsystems.ro\/magazin\/wp-content\/uploads\/sites\/2\/2023\/03\/logo-SCS-Negru-vm.png","width":2241,"height":1459,"caption":"Smart Closing Systems"},"image":{"@id":"https:\/\/scsystems.ro\/magazin\/#\/schema\/logo\/image\/"},"sameAs":["https:\/\/www.facebook.com\/smartclosingsystems\/"]}]}},"jetpack_sharing_enabled":true,"brands":[{"id":41,"name":"Sommer","slug":"sommer"}],"_links":{"self":[{"href":"https:\/\/scsystems.ro\/magazin\/wp-json\/wp\/v2\/product\/1730","targetHints":{"allow":["GET"]}}],"collection":[{"href":"https:\/\/scsystems.ro\/magazin\/wp-json\/wp\/v2\/product"}],"about":[{"href":"https:\/\/scsystems.ro\/magazin\/wp-json\/wp\/v2\/types\/product"}],"replies":[{"embeddable":true,"href":"https:\/\/scsystems.ro\/magazin\/wp-json\/wp\/v2\/comments?post=1730"}],"wp:featuredmedia":[{"embeddable":true,"href":"https:\/\/scsystems.ro\/magazin\/wp-json\/wp\/v2\/media\/1731"}],"wp:attachment":[{"href":"https:\/\/scsystems.ro\/magazin\/wp-json\/wp\/v2\/media?parent=1730"}],"wp:term":[{"taxonomy":"pwb-brand","embeddable":true,"href":"https:\/\/scsystems.ro\/magazin\/wp-json\/wp\/v2\/pwb-brand?post=1730"},{"taxonomy":"product_brand","embeddable":true,"href":"https:\/\/scsystems.ro\/magazin\/wp-json\/wp\/v2\/product_brand?post=1730"},{"taxonomy":"product_cat","embeddable":true,"href":"https:\/\/scsystems.ro\/magazin\/wp-json\/wp\/v2\/product_cat?post=1730"},{"taxonomy":"product_tag","embeddable":true,"href":"https:\/\/scsystems.ro\/magazin\/wp-json\/wp\/v2\/product_tag?post=1730"}],"curies":[{"name":"wp","href":"https:\/\/api.w.org\/{rel}","templated":true}]}}