{"id":1707,"date":"2023-06-05T13:09:43","date_gmt":"2023-06-05T13:09:43","guid":{"rendered":"https:\/\/scsystems.ro\/magazin\/?post_type=product&#038;p=1707"},"modified":"2025-07-09T08:19:19","modified_gmt":"2025-07-09T08:19:19","slug":"kit-automatizare-batanta-sommer-twist-200","status":"publish","type":"product","link":"https:\/\/scsystems.ro\/magazin\/produs\/kit-automatizare-batanta-sommer-twist-200\/","title":{"rendered":"Kit automatizare batanta Sommer Twist 200"},"content":{"rendered":"<p><strong>Kit automatizare<\/strong> poarta <strong>batanta<\/strong> cu 2 brate <strong>Sommer Twist 200<\/strong>, 200KG, MAX 2.5m\/brat<br \/>\nFunctioneaza cu porti de pana la 2.5m lungime si greutate maxima de 200kg pe fiecare brat al portii.<br \/>\nSe poate instala pentru porti cu unul sau doua brate, cu deschidere pe stanga sau pe dreapta.<br \/>\nMultiple functii configurabile.<br \/>\nNu necesita intretinere si au o perioada de viata foarte lunga.<\/p>\n<p>Kitul de automatizare pentru poarta batanta cu 2 brate Sommer Twist 200 este solu\u021bia ideal\u0103 pentru automatizarea poartelor cu o greutate de p\u00e2n\u0103 la 200 kg \u0219i o lungime de p\u00e2n\u0103 la 2,5 m pe fiecare brat al por\u021bii. Acest kit este potrivit pentru po\u021bi cu unul sau dou\u0103 brate \u0219i poate fi instalat at\u00e2t pe partea st\u00e2ng\u0103, c\u00e2t \u0219i pe partea dreapt\u0103 a por\u021bii.<\/p>\n<p><b>Kit-ul este format din:<\/b><\/p>\n<ul>\n<li>Unitate de comanda (DST-A24)<\/li>\n<li>2 motoare pentru porti<\/li>\n<li>O telecomanda cu 4 canale<\/li>\n<li>Bariera cu celula fotoelectrica<\/li>\n<li>Lampa de avertizare<\/li>\n<li>Sistem de prindere pe stalp si pe poarta<\/li>\n<\/ul>\n<p><b>Caracteristici Kit automatizare batanta Sommer Twist 200:<\/b><\/p>\n<ul>\n<li>Carcasa motorului: rezistenta la intemperii si radiatii UV, durabila, de culoarea antracitului<\/li>\n<li>Unitate de comanda: usor de programat, carcasa cu rezistenta la intemperii (IP65)<\/li>\n<li>Reglarea electronica a cursei cu contact de tip &#8222;Reed&#8221;, precisa si fara ajustari mecanice<\/li>\n<li>Functionare lina si silentioasa<\/li>\n<li>Se pot folosi atat pentru portile care se deschid spre interior, cat si spre exterior<\/li>\n<li>Iesiri si intrari pentru conectare: lampa de avertizare, celula fotoelectrica, yala electromagnetica, &#8222;safety edge&#8221;<\/li>\n<li>Suporta configurari multiple precum: folosire pietonala, inchidere automata, stabilirea comportamentului la intalnirea unui obstacol (poarta se poate deschide partial sau complet)<\/li>\n<\/ul>\n<h5><b>Concluzie:<\/b><\/h5>\n<p>Kitul de automatizare Sommer Twist 200 suport\u0103 configur\u0103ri multiple, inclusiv utilizarea pietonal\u0103, \u00eenchiderea automat\u0103 \u0219i ajustarea comportamentului \u00een cazul \u00eent\u00e2lnirii unui obstacol, permi\u021b\u00e2nd poartei s\u0103 se deschid\u0103 par\u021bial sau complet \u00een func\u021bie de necesitate. Kitul nu necesit\u0103 \u00eentre\u021binere \u0219i are o durat\u0103 de via\u021b\u0103 foarte lung\u0103, oferind un nivel ridicat de comoditate \u0219i siguran\u021b\u0103.<\/p>\n","protected":false},"excerpt":{"rendered":"<p>Kitul de automatizare pentru poarta batanta cu 2 brate Sommer Twist 200 este solu\u021bia ideal\u0103 pentru automatizarea poartelor cu o greutate de p\u00e2n\u0103 la 200 kg \u0219i o lungime de p\u00e2n\u0103 la 2,5 m pe fiecare brat al por\u021bii. Acest kit este potrivit pentru po\u021bi cu unul sau dou\u0103 brate \u0219i poate fi instalat at\u00e2t pe partea st\u00e2ng\u0103, c\u00e2t \u0219i pe partea dreapt\u0103 a por\u021bii.<\/p>\n","protected":false},"featured_media":1708,"comment_status":"open","ping_status":"closed","template":"","meta":{"_eb_attr":""},"pwb-brand":[41],"product_brand":[],"product_cat":[25,26],"product_tag":[132,77,119,39,125,133],"class_list":{"0":"post-1707","1":"product","2":"type-product","3":"status-publish","4":"has-post-thumbnail","6":"pwb-brand-sommer","7":"product_cat-kituri-automatizari","8":"product_cat-smart-home","9":"product_tag-batanta","10":"product_tag-kit-automatizari","11":"product_tag-poarta-batanta","12":"product_tag-smart-home","13":"product_tag-sommer","14":"product_tag-twist-200","16":"first","17":"outofstock","18":"taxable","19":"shipping-taxable","20":"purchasable","21":"product-type-simple"},"yoast_head":"<!-- This site is optimized with the Yoast SEO plugin v27.2 - https:\/\/yoast.com\/product\/yoast-seo-wordpress\/ -->\n<title>Kit automatizare batanta Sommer Twist 200 - Magazin SCS<\/title>\n<meta name=\"description\" content=\"Kit automatizare batanta Sommer Twist 200 Se poate instala pentru porti cu unul sau doua brate, cu deschidere pe stanga sau pe dreapta.\" \/>\n<meta name=\"robots\" content=\"index, follow, max-snippet:-1, max-image-preview:large, max-video-preview:-1\" \/>\n<link rel=\"canonical\" href=\"https:\/\/scsystems.ro\/magazin\/produs\/kit-automatizare-batanta-sommer-twist-200\/\" \/>\n<meta property=\"og:locale\" content=\"ro_RO\" \/>\n<meta property=\"og:type\" content=\"article\" \/>\n<meta property=\"og:title\" content=\"Kit automatizare batanta Sommer Twist 200 - Magazin SCS\" \/>\n<meta property=\"og:description\" content=\"Kit automatizare batanta Sommer Twist 200 Se poate instala pentru porti cu unul sau doua brate, cu deschidere pe stanga sau pe dreapta.\" \/>\n<meta property=\"og:url\" content=\"https:\/\/scsystems.ro\/magazin\/produs\/kit-automatizare-batanta-sommer-twist-200\/\" \/>\n<meta property=\"og:site_name\" content=\"Magazin SCS\" \/>\n<meta property=\"article:publisher\" content=\"https:\/\/www.facebook.com\/smartclosingsystems\/\" \/>\n<meta property=\"article:modified_time\" content=\"2025-07-09T08:19:19+00:00\" \/>\n<meta property=\"og:image\" content=\"https:\/\/scsystems.ro\/magazin\/wp-content\/uploads\/sites\/2\/2023\/06\/Kit-automatizare-batanta-Sommer-Twist-200-scaled.webp\" \/>\n\t<meta property=\"og:image:width\" content=\"2560\" \/>\n\t<meta property=\"og:image:height\" content=\"2560\" \/>\n\t<meta property=\"og:image:type\" content=\"image\/webp\" \/>\n<meta name=\"twitter:card\" content=\"summary_large_image\" \/>\n<meta name=\"twitter:label1\" content=\"Timp estimat pentru citire\" \/>\n\t<meta name=\"twitter:data1\" content=\"2 minute\" \/>\n<script type=\"application\/ld+json\" class=\"yoast-schema-graph\">{\"@context\":\"https:\/\/schema.org\",\"@graph\":[{\"@type\":\"WebPage\",\"@id\":\"https:\/\/scsystems.ro\/magazin\/produs\/kit-automatizare-batanta-sommer-twist-200\/\",\"url\":\"https:\/\/scsystems.ro\/magazin\/produs\/kit-automatizare-batanta-sommer-twist-200\/\",\"name\":\"Kit automatizare batanta Sommer Twist 200 - Magazin SCS\",\"isPartOf\":{\"@id\":\"https:\/\/scsystems.ro\/magazin\/#website\"},\"primaryImageOfPage\":{\"@id\":\"https:\/\/scsystems.ro\/magazin\/produs\/kit-automatizare-batanta-sommer-twist-200\/#primaryimage\"},\"image\":{\"@id\":\"https:\/\/scsystems.ro\/magazin\/produs\/kit-automatizare-batanta-sommer-twist-200\/#primaryimage\"},\"thumbnailUrl\":\"https:\/\/scsystems.ro\/magazin\/wp-content\/uploads\/sites\/2\/2023\/06\/Kit-automatizare-batanta-Sommer-Twist-200-scaled.webp\",\"datePublished\":\"2023-06-05T13:09:43+00:00\",\"dateModified\":\"2025-07-09T08:19:19+00:00\",\"description\":\"Kit automatizare batanta Sommer Twist 200 Se poate instala pentru porti cu unul sau doua brate, cu deschidere pe stanga sau pe dreapta.\",\"breadcrumb\":{\"@id\":\"https:\/\/scsystems.ro\/magazin\/produs\/kit-automatizare-batanta-sommer-twist-200\/#breadcrumb\"},\"inLanguage\":\"ro-RO\",\"potentialAction\":[{\"@type\":\"ReadAction\",\"target\":[\"https:\/\/scsystems.ro\/magazin\/produs\/kit-automatizare-batanta-sommer-twist-200\/\"]}]},{\"@type\":\"ImageObject\",\"inLanguage\":\"ro-RO\",\"@id\":\"https:\/\/scsystems.ro\/magazin\/produs\/kit-automatizare-batanta-sommer-twist-200\/#primaryimage\",\"url\":\"https:\/\/scsystems.ro\/magazin\/wp-content\/uploads\/sites\/2\/2023\/06\/Kit-automatizare-batanta-Sommer-Twist-200-scaled.webp\",\"contentUrl\":\"https:\/\/scsystems.ro\/magazin\/wp-content\/uploads\/sites\/2\/2023\/06\/Kit-automatizare-batanta-Sommer-Twist-200-scaled.webp\",\"width\":2560,\"height\":2560,\"caption\":\"Kit automatizare batanta Sommer Twist 200\"},{\"@type\":\"BreadcrumbList\",\"@id\":\"https:\/\/scsystems.ro\/magazin\/produs\/kit-automatizare-batanta-sommer-twist-200\/#breadcrumb\",\"itemListElement\":[{\"@type\":\"ListItem\",\"position\":1,\"name\":\"Magazin\",\"item\":\"https:\/\/scsystems.ro\/magazin\/\"},{\"@type\":\"ListItem\",\"position\":2,\"name\":\"Toate Produsele\",\"item\":\"https:\/\/scsystems.ro\/magazin\/toate-produsele\/\"},{\"@type\":\"ListItem\",\"position\":3,\"name\":\"Kit automatizare batanta Sommer Twist 200\"}]},{\"@type\":\"WebSite\",\"@id\":\"https:\/\/scsystems.ro\/magazin\/#website\",\"url\":\"https:\/\/scsystems.ro\/magazin\/\",\"name\":\"Magazin SCS\",\"description\":\"Smart Closing Systems Magazin\",\"publisher\":{\"@id\":\"https:\/\/scsystems.ro\/magazin\/#organization\"},\"potentialAction\":[{\"@type\":\"SearchAction\",\"target\":{\"@type\":\"EntryPoint\",\"urlTemplate\":\"https:\/\/scsystems.ro\/magazin\/?s={search_term_string}\"},\"query-input\":{\"@type\":\"PropertyValueSpecification\",\"valueRequired\":true,\"valueName\":\"search_term_string\"}}],\"inLanguage\":\"ro-RO\"},{\"@type\":\"Organization\",\"@id\":\"https:\/\/scsystems.ro\/magazin\/#organization\",\"name\":\"Smart Closing Systems\",\"alternateName\":\"SCS\",\"url\":\"https:\/\/scsystems.ro\/magazin\/\",\"logo\":{\"@type\":\"ImageObject\",\"inLanguage\":\"ro-RO\",\"@id\":\"https:\/\/scsystems.ro\/magazin\/#\/schema\/logo\/image\/\",\"url\":\"https:\/\/scsystems.ro\/magazin\/wp-content\/uploads\/sites\/2\/2023\/03\/logo-SCS-Negru-vm.png\",\"contentUrl\":\"https:\/\/scsystems.ro\/magazin\/wp-content\/uploads\/sites\/2\/2023\/03\/logo-SCS-Negru-vm.png\",\"width\":2241,\"height\":1459,\"caption\":\"Smart Closing Systems\"},\"image\":{\"@id\":\"https:\/\/scsystems.ro\/magazin\/#\/schema\/logo\/image\/\"},\"sameAs\":[\"https:\/\/www.facebook.com\/smartclosingsystems\/\"]}]}<\/script>\n<!-- \/ Yoast SEO plugin. -->","yoast_head_json":{"title":"Kit automatizare batanta Sommer Twist 200 - Magazin SCS","description":"Kit automatizare batanta Sommer Twist 200 Se poate instala pentru porti cu unul sau doua brate, cu deschidere pe stanga sau pe dreapta.","robots":{"index":"index","follow":"follow","max-snippet":"max-snippet:-1","max-image-preview":"max-image-preview:large","max-video-preview":"max-video-preview:-1"},"canonical":"https:\/\/scsystems.ro\/magazin\/produs\/kit-automatizare-batanta-sommer-twist-200\/","og_locale":"ro_RO","og_type":"article","og_title":"Kit automatizare batanta Sommer Twist 200 - Magazin SCS","og_description":"Kit automatizare batanta Sommer Twist 200 Se poate instala pentru porti cu unul sau doua brate, cu deschidere pe stanga sau pe dreapta.","og_url":"https:\/\/scsystems.ro\/magazin\/produs\/kit-automatizare-batanta-sommer-twist-200\/","og_site_name":"Magazin SCS","article_publisher":"https:\/\/www.facebook.com\/smartclosingsystems\/","article_modified_time":"2025-07-09T08:19:19+00:00","og_image":[{"width":2560,"height":2560,"url":"https:\/\/scsystems.ro\/magazin\/wp-content\/uploads\/sites\/2\/2023\/06\/Kit-automatizare-batanta-Sommer-Twist-200-scaled.webp","type":"image\/webp"}],"twitter_card":"summary_large_image","twitter_misc":{"Timp estimat pentru citire":"2 minute"},"schema":{"@context":"https:\/\/schema.org","@graph":[{"@type":"WebPage","@id":"https:\/\/scsystems.ro\/magazin\/produs\/kit-automatizare-batanta-sommer-twist-200\/","url":"https:\/\/scsystems.ro\/magazin\/produs\/kit-automatizare-batanta-sommer-twist-200\/","name":"Kit automatizare batanta Sommer Twist 200 - Magazin SCS","isPartOf":{"@id":"https:\/\/scsystems.ro\/magazin\/#website"},"primaryImageOfPage":{"@id":"https:\/\/scsystems.ro\/magazin\/produs\/kit-automatizare-batanta-sommer-twist-200\/#primaryimage"},"image":{"@id":"https:\/\/scsystems.ro\/magazin\/produs\/kit-automatizare-batanta-sommer-twist-200\/#primaryimage"},"thumbnailUrl":"https:\/\/scsystems.ro\/magazin\/wp-content\/uploads\/sites\/2\/2023\/06\/Kit-automatizare-batanta-Sommer-Twist-200-scaled.webp","datePublished":"2023-06-05T13:09:43+00:00","dateModified":"2025-07-09T08:19:19+00:00","description":"Kit automatizare batanta Sommer Twist 200 Se poate instala pentru porti cu unul sau doua brate, cu deschidere pe stanga sau pe dreapta.","breadcrumb":{"@id":"https:\/\/scsystems.ro\/magazin\/produs\/kit-automatizare-batanta-sommer-twist-200\/#breadcrumb"},"inLanguage":"ro-RO","potentialAction":[{"@type":"ReadAction","target":["https:\/\/scsystems.ro\/magazin\/produs\/kit-automatizare-batanta-sommer-twist-200\/"]}]},{"@type":"ImageObject","inLanguage":"ro-RO","@id":"https:\/\/scsystems.ro\/magazin\/produs\/kit-automatizare-batanta-sommer-twist-200\/#primaryimage","url":"https:\/\/scsystems.ro\/magazin\/wp-content\/uploads\/sites\/2\/2023\/06\/Kit-automatizare-batanta-Sommer-Twist-200-scaled.webp","contentUrl":"https:\/\/scsystems.ro\/magazin\/wp-content\/uploads\/sites\/2\/2023\/06\/Kit-automatizare-batanta-Sommer-Twist-200-scaled.webp","width":2560,"height":2560,"caption":"Kit automatizare batanta Sommer Twist 200"},{"@type":"BreadcrumbList","@id":"https:\/\/scsystems.ro\/magazin\/produs\/kit-automatizare-batanta-sommer-twist-200\/#breadcrumb","itemListElement":[{"@type":"ListItem","position":1,"name":"Magazin","item":"https:\/\/scsystems.ro\/magazin\/"},{"@type":"ListItem","position":2,"name":"Toate Produsele","item":"https:\/\/scsystems.ro\/magazin\/toate-produsele\/"},{"@type":"ListItem","position":3,"name":"Kit automatizare batanta Sommer Twist 200"}]},{"@type":"WebSite","@id":"https:\/\/scsystems.ro\/magazin\/#website","url":"https:\/\/scsystems.ro\/magazin\/","name":"Magazin SCS","description":"Smart Closing Systems Magazin","publisher":{"@id":"https:\/\/scsystems.ro\/magazin\/#organization"},"potentialAction":[{"@type":"SearchAction","target":{"@type":"EntryPoint","urlTemplate":"https:\/\/scsystems.ro\/magazin\/?s={search_term_string}"},"query-input":{"@type":"PropertyValueSpecification","valueRequired":true,"valueName":"search_term_string"}}],"inLanguage":"ro-RO"},{"@type":"Organization","@id":"https:\/\/scsystems.ro\/magazin\/#organization","name":"Smart Closing Systems","alternateName":"SCS","url":"https:\/\/scsystems.ro\/magazin\/","logo":{"@type":"ImageObject","inLanguage":"ro-RO","@id":"https:\/\/scsystems.ro\/magazin\/#\/schema\/logo\/image\/","url":"https:\/\/scsystems.ro\/magazin\/wp-content\/uploads\/sites\/2\/2023\/03\/logo-SCS-Negru-vm.png","contentUrl":"https:\/\/scsystems.ro\/magazin\/wp-content\/uploads\/sites\/2\/2023\/03\/logo-SCS-Negru-vm.png","width":2241,"height":1459,"caption":"Smart Closing Systems"},"image":{"@id":"https:\/\/scsystems.ro\/magazin\/#\/schema\/logo\/image\/"},"sameAs":["https:\/\/www.facebook.com\/smartclosingsystems\/"]}]}},"jetpack_sharing_enabled":true,"brands":[{"id":41,"name":"Sommer","slug":"sommer"}],"_links":{"self":[{"href":"https:\/\/scsystems.ro\/magazin\/wp-json\/wp\/v2\/product\/1707","targetHints":{"allow":["GET"]}}],"collection":[{"href":"https:\/\/scsystems.ro\/magazin\/wp-json\/wp\/v2\/product"}],"about":[{"href":"https:\/\/scsystems.ro\/magazin\/wp-json\/wp\/v2\/types\/product"}],"replies":[{"embeddable":true,"href":"https:\/\/scsystems.ro\/magazin\/wp-json\/wp\/v2\/comments?post=1707"}],"wp:featuredmedia":[{"embeddable":true,"href":"https:\/\/scsystems.ro\/magazin\/wp-json\/wp\/v2\/media\/1708"}],"wp:attachment":[{"href":"https:\/\/scsystems.ro\/magazin\/wp-json\/wp\/v2\/media?parent=1707"}],"wp:term":[{"taxonomy":"pwb-brand","embeddable":true,"href":"https:\/\/scsystems.ro\/magazin\/wp-json\/wp\/v2\/pwb-brand?post=1707"},{"taxonomy":"product_brand","embeddable":true,"href":"https:\/\/scsystems.ro\/magazin\/wp-json\/wp\/v2\/product_brand?post=1707"},{"taxonomy":"product_cat","embeddable":true,"href":"https:\/\/scsystems.ro\/magazin\/wp-json\/wp\/v2\/product_cat?post=1707"},{"taxonomy":"product_tag","embeddable":true,"href":"https:\/\/scsystems.ro\/magazin\/wp-json\/wp\/v2\/product_tag?post=1707"}],"curies":[{"name":"wp","href":"https:\/\/api.w.org\/{rel}","templated":true}]}}