{"id":1610,"date":"2023-05-29T18:03:08","date_gmt":"2023-05-29T18:03:08","guid":{"rendered":"https:\/\/scsystems.ro\/magazin\/?post_type=product&#038;p=1610"},"modified":"2026-03-27T17:20:19","modified_gmt":"2026-03-27T17:20:19","slug":"termostat-conectat-v2-comunicare-cablata-somfy","status":"publish","type":"product","link":"https:\/\/scsystems.ro\/magazin\/produs\/termostat-conectat-v2-comunicare-cablata-somfy\/","title":{"rendered":"Termostat Conectat V2 comunicare cablata Somfy"},"content":{"rendered":"<p><span data-sheets-value=\"{&quot;1&quot;:2,&quot;2&quot;:&quot;Termostat Conectat V2 comunicare cablata&quot;}\" data-sheets-userformat=\"{&quot;2&quot;:4993,&quot;3&quot;:{&quot;1&quot;:0},&quot;10&quot;:2,&quot;11&quot;:0,&quot;12&quot;:0,&quot;15&quot;:&quot;\\&quot;Calibri Light\\&quot;, serif&quot;}\"><strong>Termostat Conectat V2 comunicare cablata Somfy<\/strong> cod produs 1870774<\/span><\/p>\n<p>Numele modelului Termostatul conectat prin cablu V2<br \/>\nTipul controlerului Amazon Alexa<br \/>\nCuloare Alb<br \/>\nUtiliz\u0103ri specifice ale produsului Radiator<br \/>\nTehnologie de conectivitate Wi-Fi<br \/>\nComponente incluse 1 termostat, 1 gateway de internet, 1 ghid de pornire rapid\u0103, 2 cabluri de un metru, \u0219uruburi + dibluri.<br \/>\nNum\u0103r de produse 1<br \/>\nMetoda de control Voce, aplica\u021bie<br \/>\nDespre acest produs<br \/>\nVersiunea nou\u0103 a termostatului conectat Somfy cu o roat\u0103 tactil\u0103 care faciliteaz\u0103 schimbarea temperaturii direct de pe termostat.<br \/>\nKit-ul include: gateway de internet, ghid rapid de pornire, autocolante, \u0219urubelni\u021b\u0103, instruc\u021biuni de siguran\u021b\u0103 \u0219i 2 baterii AA.<br \/>\nControleaz\u0103 \u00eenc\u0103lzirea ta de acas\u0103 folosind termostatul sau de la distan\u021b\u0103 folosind aplica\u021bia mobil\u0103 dedicat\u0103: cre\u0219te sau scade temperatura locuin\u021bei tale oriunde te-ai afla. Programare personalizat\u0103: de realizat prin intermediul chestionarului din instalare. Controleaz\u0103 consumul t\u0103u de energie \u0219i economise\u0219te bani utiliz\u00e2nd programul de antrenament personalizat. Cre\u0219te-\u021bi confortul: datorit\u0103 regl\u0103rii \u00eenv\u0103\u021bate automat care ia \u00een considerare temperatura \u0219i nivelul de umiditate din locuin\u021ba ta. Controleaz\u0103-\u021bi termostatul vocal folosind asisten\u021bii vocali Amazon Alexa \u0219i Asistentul Google. Compatibil cu majoritatea sistemelor de \u00eenc\u0103lzire: centrale pe gaz, motorin\u0103, lemn, pompe de c\u0103ldur\u0103, sobe pe pele\u021bi, precum \u0219i \u00eenc\u0103lzire \u00een pardoseal\u0103 \u0219i boilere de ap\u0103 cald\u0103. Compatibil cu cutia domotic\u0103 TaHoma pentru a combina termostatul cu alte echipamente conectate Somfy. De exemplu, c\u00e2nd plec de acas\u0103, \u00eenc\u0103lzirea intr\u0103 \u00een modul (eco) \u0219i jaluzelele se \u00eenchid. Instalare u\u0219oar\u0103 datorit\u0103 aplica\u021biei mobile.<\/p>\n<div class=\"celwidget aplus-module module-1 aplus-standard\" data-csa-c-id=\"g30344-rpp5o2-ac9ukh-1c3ypw\" data-cel-widget=\"aplus-module-1\">\n<div class=\"aplus-module-wrapper apm-fixed-width\">\n<div class=\"apm-spacing apm-wrap\">\n<div class=\"apm-floatleft apm-wrap\">\n<div class=\"apm-centerthirdcol apm-wrap\">\n<h3 class=\"a-spacing-mini\"><span data-sheets-value=\"{&quot;1&quot;:2,&quot;2&quot;:&quot;Termostat Conectat V2 comunicare cablata&quot;}\" data-sheets-userformat=\"{&quot;2&quot;:4993,&quot;3&quot;:{&quot;1&quot;:0},&quot;10&quot;:2,&quot;11&quot;:0,&quot;12&quot;:0,&quot;15&quot;:&quot;\\&quot;Calibri Light\\&quot;, serif&quot;}\"><strong>Termostat Conectat V2 comunicare cablata Somfy<\/strong><\/span><\/h3>\n<h3 class=\"a-spacing-mini\">Bucur\u0103-te de mai mult confort \u00een fiecare zi! Termostatul conectat de la Somfy are un senzor de temperatur\u0103 \u0219i un senzor de umiditate. Ia \u00een considerare at\u00e2t temperatura casei tale, c\u00e2t \u0219i nivelul de umiditate pentru a se apropia c\u00e2t mai mult de temperatura pe care o sim\u021bi \u0219i pentru a-\u021bi oferi un confort sporit. Datorit\u0103 regl\u0103rii auto\u00eenv\u0103\u021bate, termostatul \u00ee\u0219i adapteaz\u0103 reglarea \u00een func\u021bie de performan\u021ba sistemului t\u0103u de \u00eenc\u0103lzire, caracteristicile locuin\u021bei \u0219i preferin\u021bele tale de confort.<\/h3>\n<\/div>\n<\/div>\n<\/div>\n<\/div>\n<div><\/div>\n<\/div>\n<div class=\"celwidget aplus-module module-9 aplus-standard\" data-csa-c-id=\"sppmrx-ia55qe-4kro9g-60vo96\" data-cel-widget=\"aplus-module-9\">\n<div class=\"aplus-module-wrapper apm-fixed-width\">\n<div class=\"apm-spacing apm-fixed-width\">\n<h3 class=\"a-spacing-small\">\u00bfDe ce s\u0103 alegi termostatul conectat de la Somfy??<\/h3>\n<table class=\"apm-fixed-width apm-eventhirdcol-table\">\n<tbody>\n<tr>\n<th class=\"apm-center\">\n<div class=\"apm-eventhirdcol apm-floatleft\">\n<p><img fetchpriority=\"high\" decoding=\"async\" class=\"a-spacing-mini alignnone\" src=\"https:\/\/m.media-amazon.com\/images\/S\/aplus-media-library-service-media\/175bc299-9d88-4ddd-8dac-514907a9ccc8.__CR0,0,600,600_PT0_SX300_V1___.jpg\" alt=\"Termostat Conectat V2 comunicare cablata Somfy\" width=\"300\" height=\"300\" data-src=\"https:\/\/m.media-amazon.com\/images\/S\/aplus-media-library-service-media\/175bc299-9d88-4ddd-8dac-514907a9ccc8.__CR0,0,600,600_PT0_SX300_V1___.jpg\" \/><\/p>\n<\/div>\n<\/th>\n<th class=\"apm-center\">\n<div class=\"apm-eventhirdcol apm-floatleft\">\n<p><img decoding=\"async\" class=\"a-spacing-mini alignnone\" src=\"https:\/\/m.media-amazon.com\/images\/S\/aplus-media-library-service-media\/5fa1f28d-4e70-46a3-8d4e-ee78fdf8fe2c.__CR0,0,600,600_PT0_SX300_V1___.jpg\" alt=\"geolocalizare, app termostat conectat, somfy, c\" width=\"300\" height=\"300\" data-src=\"https:\/\/m.media-amazon.com\/images\/S\/aplus-media-library-service-media\/5fa1f28d-4e70-46a3-8d4e-ee78fdf8fe2c.__CR0,0,600,600_PT0_SX300_V1___.jpg\" \/><\/p>\n<\/div>\n<\/th>\n<th class=\"apm-center\">\n<div class=\"apm-eventhirdcol apm-floatleft\">\n<p><img decoding=\"async\" class=\"a-spacing-mini alignnone\" src=\"https:\/\/m.media-amazon.com\/images\/S\/aplus-media-library-service-media\/290b5db7-1558-4170-99af-1ce304eac4ff.__CR0,0,600,600_PT0_SX300_V1___.jpg\" alt=\"instalare usoara facila \" width=\"300\" height=\"300\" data-src=\"https:\/\/m.media-amazon.com\/images\/S\/aplus-media-library-service-media\/290b5db7-1558-4170-99af-1ce304eac4ff.__CR0,0,600,600_PT0_SX300_V1___.jpg\" \/><\/p>\n<\/div>\n<\/th>\n<\/tr>\n<tr>\n<td class=\"apm-top\">\n<div class=\"apm-eventhirdcol apm-floatleft\">\n<h4 class=\"a-spacing-mini\">Economise\u0219te energie<\/h4>\n<p>Prin intermediul aplica\u021biei, vei primi sfaturi personalizate despre cum s\u0103 \u00een\u021belegi \u0219i s\u0103 folose\u0219ti mai bine termostatul t\u0103u. Analizeaz\u0103 \u0219i \u00ee\u021bi ofer\u0103 sfaturi despre utilizarea ta, impactul vremii \u0219i izolarea casei tale pentru a te ajuta s\u0103 \u00eenc\u0103lze\u0219ti mai eficient. De asemenea, po\u021bi vedea \u00een timp real suma estimat\u0103 a facturii tale de \u00eenc\u0103lzire \u0219i astfel economise\u0219ti energie.<\/p>\n<\/div>\n<\/td>\n<td class=\"apm-top\">\n<div class=\"apm-eventhirdcol apm-floatleft\">\n<h4 class=\"a-spacing-mini\">Men\u021bine-\u021bi mintea liber\u0103<\/h4>\n<p>Indiferent de stilul t\u0103u de via\u021b\u0103, termostatul conectat de la Somfy se adapteaz\u0103 programului t\u0103u. Datorit\u0103 func\u021biei de geolocalizare, c\u00e2nd te dep\u0103rtezi de cas\u0103, temperatura scade, iar c\u00e2nd te apropii, cre\u0219te. Beneficiaz\u0103 \u0219i de o aplica\u021bie intuitiv\u0103 pentru a schimba temperatura casei tale \u00een orice moment, fie c\u0103 e\u0219ti acas\u0103 sau nu.<\/p>\n<\/div>\n<\/td>\n<td class=\"apm-top\">\n<div class=\"apm-eventhirdcol apm-floatleft\">\n<h4 class=\"a-spacing-mini\">Instalare u\u0219oar\u0103<\/h4>\n<p>Nu-\u021bi face griji. E\u0219ti ghidat pas cu pas \u00een procesul de instalare, iar ajust\u0103rile sunt simplificate atunci c\u00e2nd termostatul este pus \u00een func\u021biune prin intermediul aplica\u021biei mobile. Dac\u0103 dore\u0219ti, po\u021bi instala termostatul conectat f\u0103r\u0103 a-l activa sau a desc\u0103rca aplica\u021bia. Set\u0103rile au fost realizate \u00een fabric\u0103 \u0219i stocate anterior \u00een termostat pentru a facilita instalarea. Dup\u0103 ce ai instalat termostatul, pentru a verifica c\u0103 totul este \u00een ordine, seteaz\u0103 o temperatur\u0103 ini\u021bial\u0103 pentru a vedea dac\u0103 sistemul t\u0103u de \u00eenc\u0103lzire porne\u0219te.<\/p>\n<\/div>\n<\/td>\n<\/tr>\n<\/tbody>\n<\/table>\n<\/div>\n<\/div>\n<div><\/div>\n<\/div>\n<div class=\"celwidget aplus-module module-6 aplus-standard\" data-csa-c-id=\"3hi4gi-e4ceqw-ah22wp-lq3yvj\" data-cel-widget=\"aplus-module-6\">\n<div class=\"aplus-module-wrapper apm-fixed-width\">\n<div id=\"aplus-module-6-3\" class=\"aplus-module-content\">\n<div class=\"apm-hovermodule\">\n<div class=\"apm-hovermodule-slides\">\n<div class=\"apm-hovermodule-image\"><img decoding=\"async\" class=\"a-spacing-mini\" src=\"https:\/\/m.media-amazon.com\/images\/S\/aplus-media-library-service-media\/352bda94-3af5-43a9-8881-6dec5579f612.__CR0,0,600,600_PT0_SX300_V1___.jpg\" alt=\"termostato conectado Somfy V2, calefaccion, casa conectada\" data-src=\"https:\/\/m.media-amazon.com\/images\/S\/aplus-media-library-service-media\/352bda94-3af5-43a9-8881-6dec5579f612.__CR0,0,600,600_PT0_SX300_V1___.jpg\" \/><\/div>\n<div class=\"apm-hovermodule-slides-inner\">\n<h3 class=\"a-spacing-mini\"><span data-sheets-value=\"{&quot;1&quot;:2,&quot;2&quot;:&quot;Termostat Conectat V2 comunicare cablata&quot;}\" data-sheets-userformat=\"{&quot;2&quot;:4993,&quot;3&quot;:{&quot;1&quot;:0},&quot;10&quot;:2,&quot;11&quot;:0,&quot;12&quot;:0,&quot;15&quot;:&quot;\\&quot;Calibri Light\\&quot;, serif&quot;}\"><strong>Termostat Conectat V2 comunicare cablata Somfy<\/strong> <\/span>, \u00eenc\u0103lzire, cas\u0103 conectat\u0103<\/h3>\n<p class=\"a-spacing-base\">Bucur\u0103-te de o ergonomie \u00eembun\u0103t\u0103\u021bit\u0103 \u0219i de o aplica\u021bie intuitiv\u0103. Acest termostat nou beneficiaz\u0103 de o ergonomie \u00eembun\u0103t\u0103\u021bit\u0103 datorit\u0103 utiliz\u0103rii unei ro\u021bi tactile care faciliteaz\u0103 schimbarea temperaturii pe produs. Aplica\u021bia mobil\u0103 beneficiaz\u0103 de o interfa\u021b\u0103 intuitiv\u0103: permite vizualizarea schimb\u0103rilor de mod (acas\u0103, afar\u0103, geolocalizare, etc.) pe parcursul zilei \u0219i schimbarea temperaturii pentru fiecare mod \u00een doar dou\u0103 clicuri. Po\u021bi ajusta temperatura direct pe termostat sau prin intermediul aplica\u021biei mobile. Ajust\u0103rile se fac direct prin aplica\u021bie.<\/p>\n<\/div>\n<\/div>\n<\/div>\n<\/div>\n<\/div>\n<\/div>\n","protected":false},"excerpt":{"rendered":"<h3 class=\"a-spacing-mini\"><span data-sheets-value=\"{&quot;1&quot;:2,&quot;2&quot;:&quot;Termostat Conectat V2 comunicare cablata&quot;}\" data-sheets-userformat=\"{&quot;2&quot;:4993,&quot;3&quot;:{&quot;1&quot;:0},&quot;10&quot;:2,&quot;11&quot;:0,&quot;12&quot;:0,&quot;15&quot;:&quot;\\&quot;Calibri Light\\&quot;, serif&quot;}\"><strong>Termostat Conectat V2 comunicare cablata Somfy cod produs 1870774<\/strong><\/span><\/h3>\n<h3 class=\"a-spacing-mini\">Bucur\u0103-te de mai mult confort \u00een fiecare zi! Termostatul conectat de la Somfy are un senzor de temperatur\u0103 \u0219i un senzor de umiditate. Ia \u00een considerare at\u00e2t temperatura casei tale, c\u00e2t \u0219i nivelul de umiditate pentru a se apropia c\u00e2t mai mult de temperatura pe care o sim\u021bi \u0219i pentru a-\u021bi oferi un confort sporit. Datorit\u0103 regl\u0103rii auto\u00eenv\u0103\u021bate, termostatul \u00ee\u0219i adapteaz\u0103 reglarea \u00een func\u021bie de performan\u021ba sistemului t\u0103u de \u00eenc\u0103lzire, caracteristicile locuin\u021bei \u0219i preferin\u021bele tale de confort.<\/h3>\n","protected":false},"featured_media":1611,"comment_status":"open","ping_status":"closed","template":"","meta":{"_eb_attr":""},"pwb-brand":[40],"product_brand":[],"product_cat":[34,22,26],"product_tag":[87,39,47,118],"class_list":{"0":"post-1610","1":"product","2":"type-product","3":"status-publish","4":"has-post-thumbnail","6":"pwb-brand-somfy","7":"product_cat-accesorii-automatizari-smart","8":"product_cat-senzori","9":"product_cat-smart-home","10":"product_tag-accesorii-automatizari","11":"product_tag-smart-home","12":"product_tag-somfy","13":"product_tag-termostat-cablat","15":"first","16":"instock","17":"taxable","18":"shipping-taxable","19":"purchasable","20":"product-type-simple"},"yoast_head":"<!-- This site is optimized with the Yoast SEO plugin v27.2 - https:\/\/yoast.com\/product\/yoast-seo-wordpress\/ -->\n<title>Termostat Conectat V2 comunicare cablata Somfy - Magazin SCS<\/title>\n<meta name=\"description\" content=\"Termostat Conectat V2 comunicare cablata Somfy Po\u021bi ajusta temperatura direct pe termostat sau prin intermediul aplica\u021biei mobile\" \/>\n<meta name=\"robots\" content=\"index, follow, max-snippet:-1, max-image-preview:large, max-video-preview:-1\" \/>\n<link rel=\"canonical\" href=\"https:\/\/scsystems.ro\/magazin\/produs\/termostat-conectat-v2-comunicare-cablata-somfy\/\" \/>\n<meta property=\"og:locale\" content=\"ro_RO\" \/>\n<meta property=\"og:type\" content=\"article\" \/>\n<meta property=\"og:title\" content=\"Termostat Conectat V2 comunicare cablata Somfy - Magazin SCS\" \/>\n<meta property=\"og:description\" content=\"Termostat Conectat V2 comunicare cablata Somfy Po\u021bi ajusta temperatura direct pe termostat sau prin intermediul aplica\u021biei mobile\" \/>\n<meta property=\"og:url\" content=\"https:\/\/scsystems.ro\/magazin\/produs\/termostat-conectat-v2-comunicare-cablata-somfy\/\" \/>\n<meta property=\"og:site_name\" content=\"Magazin SCS\" \/>\n<meta property=\"article:publisher\" content=\"https:\/\/www.facebook.com\/smartclosingsystems\/\" \/>\n<meta property=\"article:modified_time\" content=\"2026-03-27T17:20:19+00:00\" \/>\n<meta property=\"og:image\" content=\"https:\/\/scsystems.ro\/magazin\/wp-content\/uploads\/sites\/2\/2023\/05\/Termostat-Conectat-V2-comunicare-cablata-Somfy.webp\" \/>\n\t<meta property=\"og:image:width\" content=\"1216\" \/>\n\t<meta property=\"og:image:height\" content=\"1326\" \/>\n\t<meta property=\"og:image:type\" content=\"image\/webp\" \/>\n<meta name=\"twitter:card\" content=\"summary_large_image\" \/>\n<meta name=\"twitter:label1\" content=\"Timp estimat pentru citire\" \/>\n\t<meta name=\"twitter:data1\" content=\"5 minute\" \/>\n<script type=\"application\/ld+json\" class=\"yoast-schema-graph\">{\"@context\":\"https:\/\/schema.org\",\"@graph\":[{\"@type\":\"WebPage\",\"@id\":\"https:\/\/scsystems.ro\/magazin\/produs\/termostat-conectat-v2-comunicare-cablata-somfy\/\",\"url\":\"https:\/\/scsystems.ro\/magazin\/produs\/termostat-conectat-v2-comunicare-cablata-somfy\/\",\"name\":\"Termostat Conectat V2 comunicare cablata Somfy - Magazin SCS\",\"isPartOf\":{\"@id\":\"https:\/\/scsystems.ro\/magazin\/#website\"},\"primaryImageOfPage\":{\"@id\":\"https:\/\/scsystems.ro\/magazin\/produs\/termostat-conectat-v2-comunicare-cablata-somfy\/#primaryimage\"},\"image\":{\"@id\":\"https:\/\/scsystems.ro\/magazin\/produs\/termostat-conectat-v2-comunicare-cablata-somfy\/#primaryimage\"},\"thumbnailUrl\":\"https:\/\/scsystems.ro\/magazin\/wp-content\/uploads\/sites\/2\/2023\/05\/Termostat-Conectat-V2-comunicare-cablata-Somfy.webp\",\"datePublished\":\"2023-05-29T18:03:08+00:00\",\"dateModified\":\"2026-03-27T17:20:19+00:00\",\"description\":\"Termostat Conectat V2 comunicare cablata Somfy Po\u021bi ajusta temperatura direct pe termostat sau prin intermediul aplica\u021biei mobile\",\"breadcrumb\":{\"@id\":\"https:\/\/scsystems.ro\/magazin\/produs\/termostat-conectat-v2-comunicare-cablata-somfy\/#breadcrumb\"},\"inLanguage\":\"ro-RO\",\"potentialAction\":[{\"@type\":\"ReadAction\",\"target\":[\"https:\/\/scsystems.ro\/magazin\/produs\/termostat-conectat-v2-comunicare-cablata-somfy\/\"]}]},{\"@type\":\"ImageObject\",\"inLanguage\":\"ro-RO\",\"@id\":\"https:\/\/scsystems.ro\/magazin\/produs\/termostat-conectat-v2-comunicare-cablata-somfy\/#primaryimage\",\"url\":\"https:\/\/scsystems.ro\/magazin\/wp-content\/uploads\/sites\/2\/2023\/05\/Termostat-Conectat-V2-comunicare-cablata-Somfy.webp\",\"contentUrl\":\"https:\/\/scsystems.ro\/magazin\/wp-content\/uploads\/sites\/2\/2023\/05\/Termostat-Conectat-V2-comunicare-cablata-Somfy.webp\",\"width\":1216,\"height\":1326,\"caption\":\"Termostat Conectat V2 comunicare cablata Somfy\"},{\"@type\":\"BreadcrumbList\",\"@id\":\"https:\/\/scsystems.ro\/magazin\/produs\/termostat-conectat-v2-comunicare-cablata-somfy\/#breadcrumb\",\"itemListElement\":[{\"@type\":\"ListItem\",\"position\":1,\"name\":\"Magazin\",\"item\":\"https:\/\/scsystems.ro\/magazin\/\"},{\"@type\":\"ListItem\",\"position\":2,\"name\":\"Toate Produsele\",\"item\":\"https:\/\/scsystems.ro\/magazin\/toate-produsele\/\"},{\"@type\":\"ListItem\",\"position\":3,\"name\":\"Termostat Conectat V2 comunicare cablata Somfy\"}]},{\"@type\":\"WebSite\",\"@id\":\"https:\/\/scsystems.ro\/magazin\/#website\",\"url\":\"https:\/\/scsystems.ro\/magazin\/\",\"name\":\"Magazin SCS\",\"description\":\"Smart Closing Systems Magazin\",\"publisher\":{\"@id\":\"https:\/\/scsystems.ro\/magazin\/#organization\"},\"potentialAction\":[{\"@type\":\"SearchAction\",\"target\":{\"@type\":\"EntryPoint\",\"urlTemplate\":\"https:\/\/scsystems.ro\/magazin\/?s={search_term_string}\"},\"query-input\":{\"@type\":\"PropertyValueSpecification\",\"valueRequired\":true,\"valueName\":\"search_term_string\"}}],\"inLanguage\":\"ro-RO\"},{\"@type\":\"Organization\",\"@id\":\"https:\/\/scsystems.ro\/magazin\/#organization\",\"name\":\"Smart Closing Systems\",\"alternateName\":\"SCS\",\"url\":\"https:\/\/scsystems.ro\/magazin\/\",\"logo\":{\"@type\":\"ImageObject\",\"inLanguage\":\"ro-RO\",\"@id\":\"https:\/\/scsystems.ro\/magazin\/#\/schema\/logo\/image\/\",\"url\":\"https:\/\/scsystems.ro\/magazin\/wp-content\/uploads\/sites\/2\/2023\/03\/logo-SCS-Negru-vm.png\",\"contentUrl\":\"https:\/\/scsystems.ro\/magazin\/wp-content\/uploads\/sites\/2\/2023\/03\/logo-SCS-Negru-vm.png\",\"width\":2241,\"height\":1459,\"caption\":\"Smart Closing Systems\"},\"image\":{\"@id\":\"https:\/\/scsystems.ro\/magazin\/#\/schema\/logo\/image\/\"},\"sameAs\":[\"https:\/\/www.facebook.com\/smartclosingsystems\/\"]}]}<\/script>\n<!-- \/ Yoast SEO plugin. -->","yoast_head_json":{"title":"Termostat Conectat V2 comunicare cablata Somfy - Magazin SCS","description":"Termostat Conectat V2 comunicare cablata Somfy Po\u021bi ajusta temperatura direct pe termostat sau prin intermediul aplica\u021biei mobile","robots":{"index":"index","follow":"follow","max-snippet":"max-snippet:-1","max-image-preview":"max-image-preview:large","max-video-preview":"max-video-preview:-1"},"canonical":"https:\/\/scsystems.ro\/magazin\/produs\/termostat-conectat-v2-comunicare-cablata-somfy\/","og_locale":"ro_RO","og_type":"article","og_title":"Termostat Conectat V2 comunicare cablata Somfy - Magazin SCS","og_description":"Termostat Conectat V2 comunicare cablata Somfy Po\u021bi ajusta temperatura direct pe termostat sau prin intermediul aplica\u021biei mobile","og_url":"https:\/\/scsystems.ro\/magazin\/produs\/termostat-conectat-v2-comunicare-cablata-somfy\/","og_site_name":"Magazin SCS","article_publisher":"https:\/\/www.facebook.com\/smartclosingsystems\/","article_modified_time":"2026-03-27T17:20:19+00:00","og_image":[{"width":1216,"height":1326,"url":"https:\/\/scsystems.ro\/magazin\/wp-content\/uploads\/sites\/2\/2023\/05\/Termostat-Conectat-V2-comunicare-cablata-Somfy.webp","type":"image\/webp"}],"twitter_card":"summary_large_image","twitter_misc":{"Timp estimat pentru citire":"5 minute"},"schema":{"@context":"https:\/\/schema.org","@graph":[{"@type":"WebPage","@id":"https:\/\/scsystems.ro\/magazin\/produs\/termostat-conectat-v2-comunicare-cablata-somfy\/","url":"https:\/\/scsystems.ro\/magazin\/produs\/termostat-conectat-v2-comunicare-cablata-somfy\/","name":"Termostat Conectat V2 comunicare cablata Somfy - Magazin SCS","isPartOf":{"@id":"https:\/\/scsystems.ro\/magazin\/#website"},"primaryImageOfPage":{"@id":"https:\/\/scsystems.ro\/magazin\/produs\/termostat-conectat-v2-comunicare-cablata-somfy\/#primaryimage"},"image":{"@id":"https:\/\/scsystems.ro\/magazin\/produs\/termostat-conectat-v2-comunicare-cablata-somfy\/#primaryimage"},"thumbnailUrl":"https:\/\/scsystems.ro\/magazin\/wp-content\/uploads\/sites\/2\/2023\/05\/Termostat-Conectat-V2-comunicare-cablata-Somfy.webp","datePublished":"2023-05-29T18:03:08+00:00","dateModified":"2026-03-27T17:20:19+00:00","description":"Termostat Conectat V2 comunicare cablata Somfy Po\u021bi ajusta temperatura direct pe termostat sau prin intermediul aplica\u021biei mobile","breadcrumb":{"@id":"https:\/\/scsystems.ro\/magazin\/produs\/termostat-conectat-v2-comunicare-cablata-somfy\/#breadcrumb"},"inLanguage":"ro-RO","potentialAction":[{"@type":"ReadAction","target":["https:\/\/scsystems.ro\/magazin\/produs\/termostat-conectat-v2-comunicare-cablata-somfy\/"]}]},{"@type":"ImageObject","inLanguage":"ro-RO","@id":"https:\/\/scsystems.ro\/magazin\/produs\/termostat-conectat-v2-comunicare-cablata-somfy\/#primaryimage","url":"https:\/\/scsystems.ro\/magazin\/wp-content\/uploads\/sites\/2\/2023\/05\/Termostat-Conectat-V2-comunicare-cablata-Somfy.webp","contentUrl":"https:\/\/scsystems.ro\/magazin\/wp-content\/uploads\/sites\/2\/2023\/05\/Termostat-Conectat-V2-comunicare-cablata-Somfy.webp","width":1216,"height":1326,"caption":"Termostat Conectat V2 comunicare cablata Somfy"},{"@type":"BreadcrumbList","@id":"https:\/\/scsystems.ro\/magazin\/produs\/termostat-conectat-v2-comunicare-cablata-somfy\/#breadcrumb","itemListElement":[{"@type":"ListItem","position":1,"name":"Magazin","item":"https:\/\/scsystems.ro\/magazin\/"},{"@type":"ListItem","position":2,"name":"Toate Produsele","item":"https:\/\/scsystems.ro\/magazin\/toate-produsele\/"},{"@type":"ListItem","position":3,"name":"Termostat Conectat V2 comunicare cablata Somfy"}]},{"@type":"WebSite","@id":"https:\/\/scsystems.ro\/magazin\/#website","url":"https:\/\/scsystems.ro\/magazin\/","name":"Magazin SCS","description":"Smart Closing Systems Magazin","publisher":{"@id":"https:\/\/scsystems.ro\/magazin\/#organization"},"potentialAction":[{"@type":"SearchAction","target":{"@type":"EntryPoint","urlTemplate":"https:\/\/scsystems.ro\/magazin\/?s={search_term_string}"},"query-input":{"@type":"PropertyValueSpecification","valueRequired":true,"valueName":"search_term_string"}}],"inLanguage":"ro-RO"},{"@type":"Organization","@id":"https:\/\/scsystems.ro\/magazin\/#organization","name":"Smart Closing Systems","alternateName":"SCS","url":"https:\/\/scsystems.ro\/magazin\/","logo":{"@type":"ImageObject","inLanguage":"ro-RO","@id":"https:\/\/scsystems.ro\/magazin\/#\/schema\/logo\/image\/","url":"https:\/\/scsystems.ro\/magazin\/wp-content\/uploads\/sites\/2\/2023\/03\/logo-SCS-Negru-vm.png","contentUrl":"https:\/\/scsystems.ro\/magazin\/wp-content\/uploads\/sites\/2\/2023\/03\/logo-SCS-Negru-vm.png","width":2241,"height":1459,"caption":"Smart Closing Systems"},"image":{"@id":"https:\/\/scsystems.ro\/magazin\/#\/schema\/logo\/image\/"},"sameAs":["https:\/\/www.facebook.com\/smartclosingsystems\/"]}]}},"jetpack_sharing_enabled":true,"brands":[{"id":40,"name":"Somfy","slug":"somfy"}],"_links":{"self":[{"href":"https:\/\/scsystems.ro\/magazin\/wp-json\/wp\/v2\/product\/1610","targetHints":{"allow":["GET"]}}],"collection":[{"href":"https:\/\/scsystems.ro\/magazin\/wp-json\/wp\/v2\/product"}],"about":[{"href":"https:\/\/scsystems.ro\/magazin\/wp-json\/wp\/v2\/types\/product"}],"replies":[{"embeddable":true,"href":"https:\/\/scsystems.ro\/magazin\/wp-json\/wp\/v2\/comments?post=1610"}],"wp:featuredmedia":[{"embeddable":true,"href":"https:\/\/scsystems.ro\/magazin\/wp-json\/wp\/v2\/media\/1611"}],"wp:attachment":[{"href":"https:\/\/scsystems.ro\/magazin\/wp-json\/wp\/v2\/media?parent=1610"}],"wp:term":[{"taxonomy":"pwb-brand","embeddable":true,"href":"https:\/\/scsystems.ro\/magazin\/wp-json\/wp\/v2\/pwb-brand?post=1610"},{"taxonomy":"product_brand","embeddable":true,"href":"https:\/\/scsystems.ro\/magazin\/wp-json\/wp\/v2\/product_brand?post=1610"},{"taxonomy":"product_cat","embeddable":true,"href":"https:\/\/scsystems.ro\/magazin\/wp-json\/wp\/v2\/product_cat?post=1610"},{"taxonomy":"product_tag","embeddable":true,"href":"https:\/\/scsystems.ro\/magazin\/wp-json\/wp\/v2\/product_tag?post=1610"}],"curies":[{"name":"wp","href":"https:\/\/api.w.org\/{rel}","templated":true}]}}