{"id":1559,"date":"2023-05-28T10:09:58","date_gmt":"2023-05-28T10:09:58","guid":{"rendered":"https:\/\/scsystems.ro\/magazin\/?post_type=product&#038;p=1559"},"modified":"2026-03-27T17:15:06","modified_gmt":"2026-03-27T17:15:06","slug":"pachet-home-alarm-somfy","status":"publish","type":"product","link":"https:\/\/scsystems.ro\/magazin\/produs\/pachet-home-alarm-somfy\/","title":{"rendered":"Pachet Home Alarm Somfy"},"content":{"rendered":"<p><span data-sheets-value=\"{&quot;1&quot;:2,&quot;2&quot;:&quot;Pachet Home Alarm&quot;}\" data-sheets-userformat=\"{&quot;2&quot;:7043,&quot;3&quot;:{&quot;1&quot;:0},&quot;4&quot;:{&quot;1&quot;:2,&quot;2&quot;:14081252},&quot;10&quot;:0,&quot;11&quot;:0,&quot;12&quot;:0,&quot;14&quot;:{&quot;1&quot;:2,&quot;2&quot;:16711680},&quot;15&quot;:&quot;\\&quot;Calibri Light\\&quot;, serif&quot;}\"><strong>Pachet Home Alarm Somfy<\/strong> cod produs 1875280<\/span><\/p>\n<section id=\"presentation\" class=\"product-main-info bg-white -v2\" data-modal-target=\"#video-popup\" data-product_ref=\"2401497\" data-product_price=\"0\" data-product_name=\"Pachet Home Alarm \" data-product_promotion=\"false\" data-product_promotion_discount=\" 0.00\" data-product_category=\"Alarm\u0103\" data-product_stock=\"Outofstock\" data-product_id_ecommerce=\"false\" data-product_classification=\"simple\">\n<div class=\"container-fluid\">\n<div class=\"row\">\n<div class=\"col-12 col-md-6 col-lg-6 offset-lg-1 product-info\">\n<div class=\"product-title-wrapper\">\n<h1 class=\"product-title title_3\">Pachet Home Alarm<\/h1>\n<\/div>\n<div class=\"product-description\">\n<p>Solu\u021bie complet\u0103 de securitate care v\u0103 avertizeaz\u0103 \u00ceNAINTE de p\u0103trunderea prin efrac\u021bie<\/p>\n<\/div>\n<\/div>\n<\/div>\n<\/div>\n<\/section>\n<section id=\"B-F65801A8-B540-A3B8-1B5910AAF857B0EC\" class=\"full_width_image_background no_blur_background fwib_no_desc p_0\">\n<div class=\"container-fluid\">\n<div id=\"fwib_container\" class=\"fwib_container d-flex align-items-center justify-content-center\">\n<div class=\"fwib_content fiwb_child_1 col-md-10 d-flex align-items-center justify-content-center text-center\" data-to-top=\"\">\n<div class=\"icon_content_wrapper d-flex flex-column\">\n<div class=\"title_content has_subtitle\">\n<h2 class=\"title_1\">Alarma wireless conectat\u0103, simpl\u0103 \u0219i eficient\u0103<\/h2>\n<h3 class=\"subtitle_1\">Sistem de securitate conectat, accesibil, u\u0219or de instalat, de actualizat \u0219i \u00eencorporat \u00een via\u021ba de zi cu zi. Indiferent dac\u0103 ai o cas\u0103 sau un apartament, construie\u0219te sistemul de care ai nevoie.<\/h3>\n<\/div>\n<\/div>\n<\/div>\n<div class=\"fwib_content fiwb_child_2 col-md-10 d-flex align-items-center justify-content-center text-center\" data-to-bottom=\"\">\n<p><iframe title=\"Somfy Home Alarm | Prezentare\" width=\"500\" height=\"281\" src=\"https:\/\/www.youtube.com\/embed\/nIVlNsAoQrk?start=1&#038;feature=oembed\" frameborder=\"0\" allow=\"accelerometer; autoplay; clipboard-write; encrypted-media; gyroscope; picture-in-picture; web-share\" referrerpolicy=\"strict-origin-when-cross-origin\" allowfullscreen><\/iframe><\/p>\n<\/div>\n<\/div>\n<\/div>\n<\/section>\n<section id=\"B-F6580360-A1F0-1491-1A51EE58B1F41B15\" class=\"full_width_video_background text p_0\">\n<div class=\"fwvb_container\">\n<div class=\"container-fluid\">\n<div class=\"row align-items-center justify-content-center h-100\">\n<div class=\"fwvb_container_content col-md-10 align-items-center justify-content-center text-center\" data-to-top=\"\">\n<div class=\"title_content flex-column align-items-center justify-content-center text-center\">\n<div class=\"btn_play\"><\/div>\n<\/div>\n<\/div>\n<\/div>\n<\/div>\n<\/div>\n<\/section>\n<section id=\"B-F65C756A-E788-4BB5-E31407171053A3A7\" class=\"half_page_image switchPosition bg-white p_20\">\n<div class=\"container-fluid\">\n<div class=\"row d-flex align-items-center\">\n<div class=\"col-12 offset-md-1 col-md-4 mr-auto\">\n<div class=\"text-block-wrapper\">\n<h2 class=\"title_2\">Detectarea \u00een avans a tentativelor de efrac\u021bie<\/h2>\n<div class=\"text_big text_content cms-simple\">Gra\u021bie tehnologiei patentate IntelliTAG\u00ae, senzorii de vibra\u021bie \u0219i de deschidere pot s\u0103 declan\u0219eze alarma \u00eenainte ca intrusul s\u0103 p\u0103trund\u0103 \u00een locuin\u021b\u0103. Cum reu\u0219esc s\u0103 fac\u0103 asta? Senzorii pot s\u0103 fac\u0103 diferen\u021ba \u00eentre un eveniment normal (cineva care bate la u\u0219\u0103) \u0219i o \u00eencercare de efrac\u021bie (cu burghiul, ranga).<\/div>\n<p>&nbsp;<\/p>\n<\/div>\n<\/div>\n<\/div>\n<\/div>\n<\/section>\n<section id=\"B-F65C76C1-B778-37EE-25CD1A529F626847\" class=\"app_slider bg-gray p_100\">\n<div class=\"container-fluid app_slider_desktop\">\n<div class=\"row\">\n<div class=\"d-flex flex-column offset-md-1 col-md-6\">\n<div class=\"title_content\">\n<h2 class=\"title_2 mb-0\">Controleaz\u0103 u\u0219or siguran\u021ba casei<\/h2>\n<div class=\"d-flex align-items-center accordion-item-title active\">\n<h3 class=\"text_big mb-0\" tabindex=\"0\">Controleaz\u0103 sistemul<\/h3>\n<\/div>\n<div class=\"accordion-item-content text_big\">\n<div class=\"row\">\n<div class=\"col-12 text_big\">\n<p>Activeaz\u0103 \u0219i dezactiveaz\u0103 foarte u\u0219or sistemul de alarm\u0103 \u0219i afl\u0103 cine este \u0219i cine nu este acas\u0103.<\/p>\n<div class=\"d-flex align-items-center accordion-item-title active\">\n<h3 class=\"text_big mb-0\" tabindex=\"0\">Cre\u0219te siguran\u021ba casei tale cu Smart Activation<\/h3>\n<\/div>\n<div class=\"accordion-item-content text_big\">\n<div class=\"row\">\n<div class=\"col-12 text_big\">\n<div>Sistemul permite activarea \u0219i dezactivarea alarmei wireless.<\/div>\n<div>\n<div class=\"d-flex align-items-center accordion-item-title active\">\n<h3 class=\"text_big mb-0\" tabindex=\"0\">Afl\u0103 ce se \u00eent\u00e2mpl\u0103 acas\u0103<\/h3>\n<\/div>\n<div class=\"accordion-item-content text_big\">\n<div class=\"row\">\n<div class=\"col-12 text_big\">\n<p>Monitorizeaz\u0103 casa c\u00e2nd e\u0219ti plecat.<\/p>\n<h2 class=\"title_2\">Instalare simplificat\u0103<\/h2>\n<div class=\"text_big text_content cms-simple\">\n<p>Produsele sunt wireless \u0219i, prin urmare, nu necesit\u0103 g\u0103urirea pere\u021bilor (cu excep\u021bia sirenei de exterior, care trebuie s\u0103 fie extrem de robust\u0103 pentru a fi protejat\u0103 de acte de vandalism). F\u0103r\u0103 b\u0103t\u0103i de cap \u0219i costuri de instalare.<\/p>\n<h2 class=\"title_2\">Permite accesul prietenilor \u0219i vecinilor<\/h2>\n<div class=\"text_big text_content cms-simple\">\n<p>Po\u021bi s\u0103 acorzi prietenilor, vecinilor \u0219i familiei acces la sistem pentru a putea reac\u021biona la probleme c\u00e2nd tu nu po\u021bi.\u00a0Gestioneaz\u0103 drepturile de utilizator pe care le-ai acordat fiec\u0103ruia (activarea \u0219i dezactivarea alarmei, acces limitat la camere dac\u0103 apare o alert\u0103 etc.)<\/p>\n<p>&nbsp;<\/p>\n<div class=\"list_icon col-11 col-sm-6 col-md-3 flex-column text-center\">\n<p class=\"subtitle_2 mx-auto\"><strong>Siguran\u021b\u0103 comun\u0103<\/strong><\/p>\n<div class=\"text_medium cms-simple\">Cu tehnologia SomfyAroundTM, sistemul t\u0103u se conecteaz\u0103 la sistemul vecinului t\u0103u \u00een cazul unei pene de curent.<\/div>\n<\/div>\n<div class=\"list_icon col-11 col-sm-6 col-md-3 flex-column text-center\">\n<div class=\"icon-wrap\">\n<div class=\"rp-title-icon\"><\/div>\n<\/div>\n<p class=\"subtitle_2 mx-auto\"><strong>Protec\u021bie \u0219i fiabilitate<\/strong><\/p>\n<div class=\"text_medium cms-simple\">Independent datorit\u0103 bateriei, mecanism cu auto-protec\u021bie, comunica\u021bii criptate.<\/div>\n<\/div>\n<div class=\"list_icon col-11 col-sm-6 col-md-3 flex-column text-center\">\n<div class=\"icon-wrap\">\n<div class=\"rp-title-icon\"><\/div>\n<\/div>\n<p class=\"subtitle_2 mx-auto\"><strong>Casa inteligent\u0103<\/strong><\/p>\n<div class=\"text_medium cms-simple\">\n<p>TaHoma\u00ae, Amazon Alexa, IFTTT \u0219i Works With Nest.<\/p>\n<div class=\"title_content\">\n<h2 class=\"title_3\"><span data-sheets-value=\"{&quot;1&quot;:2,&quot;2&quot;:&quot;Pachet Home Alarm&quot;}\" data-sheets-userformat=\"{&quot;2&quot;:7043,&quot;3&quot;:{&quot;1&quot;:0},&quot;4&quot;:{&quot;1&quot;:2,&quot;2&quot;:14081252},&quot;10&quot;:0,&quot;11&quot;:0,&quot;12&quot;:0,&quot;14&quot;:{&quot;1&quot;:2,&quot;2&quot;:16711680},&quot;15&quot;:&quot;\\&quot;Calibri Light\\&quot;, serif&quot;}\"><strong>Pachet Home Alarm Somfy <\/strong><\/span>Specifica\u0163ii<\/h2>\n<\/div>\n<div id=\"accordion-details\" class=\"accordion_wrap\">\n<div class=\"accordion-content-block\">\n<h3 class=\"d-flex align-items-center accordion-item-title subtitle_2\" role=\"link\" data-toggle=\"collapse\" aria-expanded=\"true\" aria-controls=\"detailsCollapse\">Descriere<\/h3>\n<div id=\"detailsCollapse\" class=\"accordion-item-content collapse show\" data-parent=\"#accordion-details\">\n<p>Solu\u021bia complet\u0103, interconectat\u0103, de supraveghere a locuin\u021bei. Pachet format din:<\/p>\n<p>1 x Siren\u0103 de interior<br \/>\n1 x Unitate radio de centralizare a componetelor<br \/>\n1 x Senzor de mi\u0219care<br \/>\n3 x Intellitag<br \/>\n2 x Breloc cheie<\/p>\n<h3 class=\"d-flex align-items-center accordion-item-title subtitle_2\" role=\"link\" data-toggle=\"collapse\" aria-expanded=\"true\" aria-controls=\"contenuCollapse\">Con\u0163inutul pachetului<\/h3>\n<div id=\"contenuCollapse\" class=\"accordion-item-content collapse show\" data-parent=\"#accordion-details\">\n<div class=\"row\">\n<div class=\"col-12 col-md-9 text_medium text-left\">\n<p>&nbsp;<\/p>\n<ul>\n<li>1x 110 dB indoor siren<\/li>\n<li>3x IntelliTAGTM sensors<\/li>\n<li>2x key fobs<\/li>\n<li>1x indoor motion sensor<\/li>\n<li>1x Link (the hub, which can be easily plugged into an electrical outlet)<\/li>\n<li><iframe src=\"https:\/\/www.youtube.com\/embed\/nIVlNsAoQrk\" width=\"560\" height=\"315\" frameborder=\"0\" allowfullscreen=\"allowfullscreen\"><\/iframe><iframe src=\"https:\/\/www.youtube.com\/embed\/V_dHhpngdwI\" width=\"560\" height=\"315\" frameborder=\"0\" allowfullscreen=\"allowfullscreen\"><\/iframe><\/li>\n<\/ul>\n<div class=\"title_content\">\n<h2 class=\"title_3\">Documente<\/h2>\n<\/div>\n<h3 id=\"installationHeader\" class=\"subtitle_2\">Instalare<\/h3>\n<ul>\n<li><a class=\"d-flex tc_event_download\" href=\"https:\/\/www.somfy.ro\/file.cfm\/Manual_2401497_Somfy_Home_Alarm_RO.pdf?contentid=442281\" target=\"_blank\" rel=\"noopener\" data-filename=\"Manual_2401497_Somfy_Home_Alarm_RO.pdf\" data-label=\"download\"><span class=\"col-10 col-md-6\">Manual_2401497_Somfy_Home_Alarm_RO.pdf (11\/07\/2019)<\/span><\/a><\/li>\n<\/ul>\n<\/div>\n<\/div>\n<\/div>\n<\/div>\n<\/div>\n<\/div>\n<\/div>\n<\/div>\n<\/div>\n<\/div>\n<\/div>\n<\/div>\n<\/div>\n<\/div>\n<\/div>\n<\/div>\n<\/div>\n<\/div>\n<\/div>\n<\/div>\n<\/div>\n<\/div>\n<\/div>\n<\/div>\n<\/section>\n","protected":false},"excerpt":{"rendered":"<section id=\"presentation\" class=\"product-main-info bg-white -v2\" data-modal-target=\"#video-popup\" data-product_ref=\"2401497\" data-product_price=\"0\" data-product_name=\"Pachet Home Alarm \" data-product_promotion=\"false\" data-product_promotion_discount=\" 0.00\" data-product_category=\"Alarm\u0103\" data-product_stock=\"Outofstock\" data-product_id_ecommerce=\"false\" data-product_classification=\"simple\">\n<div class=\"container-fluid\">\n<div class=\"row\">\n<div class=\"col-12 col-md-6 col-lg-6 offset-lg-1 product-info\">\n<div class=\"product-description\">\n<p>Solu\u021bie complet\u0103 de securitate care v\u0103 avertizeaz\u0103 \u00ceNAINTE de p\u0103trunderea prin efrac\u021bie<\/p>\n<\/div>\n<\/div>\n<\/div>\n<\/div>\n<\/section>\n<section id=\"B-F65801A8-B540-A3B8-1B5910AAF857B0EC\" class=\"full_width_image_background no_blur_background fwib_no_desc p_0\">\n<div class=\"container-fluid\">\n<div id=\"fwib_container\" class=\"fwib_container d-flex align-items-center justify-content-center\">\n<div class=\"fwib_content fiwb_child_1 col-md-10 d-flex align-items-center justify-content-center text-center\" data-to-top=\"\">\n<div class=\"icon_content_wrapper d-flex flex-column\">\n<div class=\"title_content has_subtitle\">\n<h2 class=\"title_1\">Alarma wireless conectat\u0103, simpl\u0103 \u0219i eficient\u0103<\/h2>\n<h3 class=\"subtitle_1\">Sistem de securitate conectat, accesibil, u\u0219or de instalat, de actualizat \u0219i \u00eencorporat \u00een via\u021ba de zi cu zi. Indiferent dac\u0103 ai o cas\u0103 sau un apartament, construie\u0219te sistemul de care ai nevoie.<\/h3>\n<\/div>\n<\/div>\n<\/div>\n<\/div>\n<\/div>\n<\/section>\n","protected":false},"featured_media":1560,"comment_status":"open","ping_status":"closed","template":"","meta":{"_eb_attr":""},"pwb-brand":[40],"product_brand":[],"product_cat":[34,25,26],"product_tag":[106,74,77,39,47,107],"class_list":{"0":"post-1559","1":"product","2":"type-product","3":"status-publish","4":"has-post-thumbnail","6":"pwb-brand-somfy","7":"product_cat-accesorii-automatizari-smart","8":"product_cat-kituri-automatizari","9":"product_cat-smart-home","10":"product_tag-alarm-home-kit","11":"product_tag-automatizari","12":"product_tag-kit-automatizari","13":"product_tag-smart-home","14":"product_tag-somfy","15":"product_tag-taho","17":"first","18":"instock","19":"sale","20":"taxable","21":"shipping-taxable","22":"purchasable","23":"product-type-simple"},"yoast_head":"<!-- This site is optimized with the Yoast SEO plugin v27.2 - https:\/\/yoast.com\/product\/yoast-seo-wordpress\/ -->\n<title>Pachet Home Alarm Somfy - Magazin SCS<\/title>\n<meta name=\"description\" content=\"Pachet Home Alarm Somfy Solu\u021bie complet\u0103 de securitate care v\u0103 avertizeaz\u0103 \u00ceNAINTE de p\u0103trunderea prin efrac\u021bie cod produs 2401497\" \/>\n<meta name=\"robots\" content=\"index, follow, max-snippet:-1, max-image-preview:large, max-video-preview:-1\" \/>\n<link rel=\"canonical\" href=\"https:\/\/scsystems.ro\/magazin\/produs\/pachet-home-alarm-somfy\/\" \/>\n<meta property=\"og:locale\" content=\"ro_RO\" \/>\n<meta property=\"og:type\" content=\"article\" \/>\n<meta property=\"og:title\" content=\"Pachet Home Alarm Somfy - Magazin SCS\" \/>\n<meta property=\"og:description\" content=\"Pachet Home Alarm Somfy Solu\u021bie complet\u0103 de securitate care v\u0103 avertizeaz\u0103 \u00ceNAINTE de p\u0103trunderea prin efrac\u021bie cod produs 2401497\" \/>\n<meta property=\"og:url\" content=\"https:\/\/scsystems.ro\/magazin\/produs\/pachet-home-alarm-somfy\/\" \/>\n<meta property=\"og:site_name\" content=\"Magazin SCS\" \/>\n<meta property=\"article:publisher\" content=\"https:\/\/www.facebook.com\/smartclosingsystems\/\" \/>\n<meta property=\"article:modified_time\" content=\"2026-03-27T17:15:06+00:00\" \/>\n<meta property=\"og:image\" content=\"https:\/\/scsystems.ro\/magazin\/wp-content\/uploads\/sites\/2\/2023\/05\/pachet-somfy-home-alarm-sirena-de-interior-brelocuri-si-intellitag.webp\" \/>\n\t<meta property=\"og:image:width\" content=\"1000\" \/>\n\t<meta property=\"og:image:height\" content=\"1000\" \/>\n\t<meta property=\"og:image:type\" content=\"image\/webp\" \/>\n<meta name=\"twitter:card\" content=\"summary_large_image\" \/>\n<meta name=\"twitter:label1\" content=\"Timp estimat pentru citire\" \/>\n\t<meta name=\"twitter:data1\" content=\"3 minute\" \/>\n<script type=\"application\/ld+json\" class=\"yoast-schema-graph\">{\"@context\":\"https:\/\/schema.org\",\"@graph\":[{\"@type\":\"WebPage\",\"@id\":\"https:\/\/scsystems.ro\/magazin\/produs\/pachet-home-alarm-somfy\/\",\"url\":\"https:\/\/scsystems.ro\/magazin\/produs\/pachet-home-alarm-somfy\/\",\"name\":\"Pachet Home Alarm Somfy - Magazin SCS\",\"isPartOf\":{\"@id\":\"https:\/\/scsystems.ro\/magazin\/#website\"},\"primaryImageOfPage\":{\"@id\":\"https:\/\/scsystems.ro\/magazin\/produs\/pachet-home-alarm-somfy\/#primaryimage\"},\"image\":{\"@id\":\"https:\/\/scsystems.ro\/magazin\/produs\/pachet-home-alarm-somfy\/#primaryimage\"},\"thumbnailUrl\":\"https:\/\/scsystems.ro\/magazin\/wp-content\/uploads\/sites\/2\/2023\/05\/pachet-somfy-home-alarm-sirena-de-interior-brelocuri-si-intellitag.webp\",\"datePublished\":\"2023-05-28T10:09:58+00:00\",\"dateModified\":\"2026-03-27T17:15:06+00:00\",\"description\":\"Pachet Home Alarm Somfy Solu\u021bie complet\u0103 de securitate care v\u0103 avertizeaz\u0103 \u00ceNAINTE de p\u0103trunderea prin efrac\u021bie cod produs 2401497\",\"breadcrumb\":{\"@id\":\"https:\/\/scsystems.ro\/magazin\/produs\/pachet-home-alarm-somfy\/#breadcrumb\"},\"inLanguage\":\"ro-RO\",\"potentialAction\":[{\"@type\":\"ReadAction\",\"target\":[\"https:\/\/scsystems.ro\/magazin\/produs\/pachet-home-alarm-somfy\/\"]}]},{\"@type\":\"ImageObject\",\"inLanguage\":\"ro-RO\",\"@id\":\"https:\/\/scsystems.ro\/magazin\/produs\/pachet-home-alarm-somfy\/#primaryimage\",\"url\":\"https:\/\/scsystems.ro\/magazin\/wp-content\/uploads\/sites\/2\/2023\/05\/pachet-somfy-home-alarm-sirena-de-interior-brelocuri-si-intellitag.webp\",\"contentUrl\":\"https:\/\/scsystems.ro\/magazin\/wp-content\/uploads\/sites\/2\/2023\/05\/pachet-somfy-home-alarm-sirena-de-interior-brelocuri-si-intellitag.webp\",\"width\":1000,\"height\":1000,\"caption\":\"Pachet Home Alarm Somfy\"},{\"@type\":\"BreadcrumbList\",\"@id\":\"https:\/\/scsystems.ro\/magazin\/produs\/pachet-home-alarm-somfy\/#breadcrumb\",\"itemListElement\":[{\"@type\":\"ListItem\",\"position\":1,\"name\":\"Magazin\",\"item\":\"https:\/\/scsystems.ro\/magazin\/\"},{\"@type\":\"ListItem\",\"position\":2,\"name\":\"Toate Produsele\",\"item\":\"https:\/\/scsystems.ro\/magazin\/toate-produsele\/\"},{\"@type\":\"ListItem\",\"position\":3,\"name\":\"Pachet Home Alarm Somfy\"}]},{\"@type\":\"WebSite\",\"@id\":\"https:\/\/scsystems.ro\/magazin\/#website\",\"url\":\"https:\/\/scsystems.ro\/magazin\/\",\"name\":\"Magazin SCS\",\"description\":\"Smart Closing Systems Magazin\",\"publisher\":{\"@id\":\"https:\/\/scsystems.ro\/magazin\/#organization\"},\"potentialAction\":[{\"@type\":\"SearchAction\",\"target\":{\"@type\":\"EntryPoint\",\"urlTemplate\":\"https:\/\/scsystems.ro\/magazin\/?s={search_term_string}\"},\"query-input\":{\"@type\":\"PropertyValueSpecification\",\"valueRequired\":true,\"valueName\":\"search_term_string\"}}],\"inLanguage\":\"ro-RO\"},{\"@type\":\"Organization\",\"@id\":\"https:\/\/scsystems.ro\/magazin\/#organization\",\"name\":\"Smart Closing Systems\",\"alternateName\":\"SCS\",\"url\":\"https:\/\/scsystems.ro\/magazin\/\",\"logo\":{\"@type\":\"ImageObject\",\"inLanguage\":\"ro-RO\",\"@id\":\"https:\/\/scsystems.ro\/magazin\/#\/schema\/logo\/image\/\",\"url\":\"https:\/\/scsystems.ro\/magazin\/wp-content\/uploads\/sites\/2\/2023\/03\/logo-SCS-Negru-vm.png\",\"contentUrl\":\"https:\/\/scsystems.ro\/magazin\/wp-content\/uploads\/sites\/2\/2023\/03\/logo-SCS-Negru-vm.png\",\"width\":2241,\"height\":1459,\"caption\":\"Smart Closing Systems\"},\"image\":{\"@id\":\"https:\/\/scsystems.ro\/magazin\/#\/schema\/logo\/image\/\"},\"sameAs\":[\"https:\/\/www.facebook.com\/smartclosingsystems\/\"]}]}<\/script>\n<!-- \/ Yoast SEO plugin. -->","yoast_head_json":{"title":"Pachet Home Alarm Somfy - Magazin SCS","description":"Pachet Home Alarm Somfy Solu\u021bie complet\u0103 de securitate care v\u0103 avertizeaz\u0103 \u00ceNAINTE de p\u0103trunderea prin efrac\u021bie cod produs 2401497","robots":{"index":"index","follow":"follow","max-snippet":"max-snippet:-1","max-image-preview":"max-image-preview:large","max-video-preview":"max-video-preview:-1"},"canonical":"https:\/\/scsystems.ro\/magazin\/produs\/pachet-home-alarm-somfy\/","og_locale":"ro_RO","og_type":"article","og_title":"Pachet Home Alarm Somfy - Magazin SCS","og_description":"Pachet Home Alarm Somfy Solu\u021bie complet\u0103 de securitate care v\u0103 avertizeaz\u0103 \u00ceNAINTE de p\u0103trunderea prin efrac\u021bie cod produs 2401497","og_url":"https:\/\/scsystems.ro\/magazin\/produs\/pachet-home-alarm-somfy\/","og_site_name":"Magazin SCS","article_publisher":"https:\/\/www.facebook.com\/smartclosingsystems\/","article_modified_time":"2026-03-27T17:15:06+00:00","og_image":[{"width":1000,"height":1000,"url":"https:\/\/scsystems.ro\/magazin\/wp-content\/uploads\/sites\/2\/2023\/05\/pachet-somfy-home-alarm-sirena-de-interior-brelocuri-si-intellitag.webp","type":"image\/webp"}],"twitter_card":"summary_large_image","twitter_misc":{"Timp estimat pentru citire":"3 minute"},"schema":{"@context":"https:\/\/schema.org","@graph":[{"@type":"WebPage","@id":"https:\/\/scsystems.ro\/magazin\/produs\/pachet-home-alarm-somfy\/","url":"https:\/\/scsystems.ro\/magazin\/produs\/pachet-home-alarm-somfy\/","name":"Pachet Home Alarm Somfy - Magazin SCS","isPartOf":{"@id":"https:\/\/scsystems.ro\/magazin\/#website"},"primaryImageOfPage":{"@id":"https:\/\/scsystems.ro\/magazin\/produs\/pachet-home-alarm-somfy\/#primaryimage"},"image":{"@id":"https:\/\/scsystems.ro\/magazin\/produs\/pachet-home-alarm-somfy\/#primaryimage"},"thumbnailUrl":"https:\/\/scsystems.ro\/magazin\/wp-content\/uploads\/sites\/2\/2023\/05\/pachet-somfy-home-alarm-sirena-de-interior-brelocuri-si-intellitag.webp","datePublished":"2023-05-28T10:09:58+00:00","dateModified":"2026-03-27T17:15:06+00:00","description":"Pachet Home Alarm Somfy Solu\u021bie complet\u0103 de securitate care v\u0103 avertizeaz\u0103 \u00ceNAINTE de p\u0103trunderea prin efrac\u021bie cod produs 2401497","breadcrumb":{"@id":"https:\/\/scsystems.ro\/magazin\/produs\/pachet-home-alarm-somfy\/#breadcrumb"},"inLanguage":"ro-RO","potentialAction":[{"@type":"ReadAction","target":["https:\/\/scsystems.ro\/magazin\/produs\/pachet-home-alarm-somfy\/"]}]},{"@type":"ImageObject","inLanguage":"ro-RO","@id":"https:\/\/scsystems.ro\/magazin\/produs\/pachet-home-alarm-somfy\/#primaryimage","url":"https:\/\/scsystems.ro\/magazin\/wp-content\/uploads\/sites\/2\/2023\/05\/pachet-somfy-home-alarm-sirena-de-interior-brelocuri-si-intellitag.webp","contentUrl":"https:\/\/scsystems.ro\/magazin\/wp-content\/uploads\/sites\/2\/2023\/05\/pachet-somfy-home-alarm-sirena-de-interior-brelocuri-si-intellitag.webp","width":1000,"height":1000,"caption":"Pachet Home Alarm Somfy"},{"@type":"BreadcrumbList","@id":"https:\/\/scsystems.ro\/magazin\/produs\/pachet-home-alarm-somfy\/#breadcrumb","itemListElement":[{"@type":"ListItem","position":1,"name":"Magazin","item":"https:\/\/scsystems.ro\/magazin\/"},{"@type":"ListItem","position":2,"name":"Toate Produsele","item":"https:\/\/scsystems.ro\/magazin\/toate-produsele\/"},{"@type":"ListItem","position":3,"name":"Pachet Home Alarm Somfy"}]},{"@type":"WebSite","@id":"https:\/\/scsystems.ro\/magazin\/#website","url":"https:\/\/scsystems.ro\/magazin\/","name":"Magazin SCS","description":"Smart Closing Systems Magazin","publisher":{"@id":"https:\/\/scsystems.ro\/magazin\/#organization"},"potentialAction":[{"@type":"SearchAction","target":{"@type":"EntryPoint","urlTemplate":"https:\/\/scsystems.ro\/magazin\/?s={search_term_string}"},"query-input":{"@type":"PropertyValueSpecification","valueRequired":true,"valueName":"search_term_string"}}],"inLanguage":"ro-RO"},{"@type":"Organization","@id":"https:\/\/scsystems.ro\/magazin\/#organization","name":"Smart Closing Systems","alternateName":"SCS","url":"https:\/\/scsystems.ro\/magazin\/","logo":{"@type":"ImageObject","inLanguage":"ro-RO","@id":"https:\/\/scsystems.ro\/magazin\/#\/schema\/logo\/image\/","url":"https:\/\/scsystems.ro\/magazin\/wp-content\/uploads\/sites\/2\/2023\/03\/logo-SCS-Negru-vm.png","contentUrl":"https:\/\/scsystems.ro\/magazin\/wp-content\/uploads\/sites\/2\/2023\/03\/logo-SCS-Negru-vm.png","width":2241,"height":1459,"caption":"Smart Closing Systems"},"image":{"@id":"https:\/\/scsystems.ro\/magazin\/#\/schema\/logo\/image\/"},"sameAs":["https:\/\/www.facebook.com\/smartclosingsystems\/"]}]}},"jetpack_sharing_enabled":true,"brands":[{"id":40,"name":"Somfy","slug":"somfy"}],"_links":{"self":[{"href":"https:\/\/scsystems.ro\/magazin\/wp-json\/wp\/v2\/product\/1559","targetHints":{"allow":["GET"]}}],"collection":[{"href":"https:\/\/scsystems.ro\/magazin\/wp-json\/wp\/v2\/product"}],"about":[{"href":"https:\/\/scsystems.ro\/magazin\/wp-json\/wp\/v2\/types\/product"}],"replies":[{"embeddable":true,"href":"https:\/\/scsystems.ro\/magazin\/wp-json\/wp\/v2\/comments?post=1559"}],"wp:featuredmedia":[{"embeddable":true,"href":"https:\/\/scsystems.ro\/magazin\/wp-json\/wp\/v2\/media\/1560"}],"wp:attachment":[{"href":"https:\/\/scsystems.ro\/magazin\/wp-json\/wp\/v2\/media?parent=1559"}],"wp:term":[{"taxonomy":"pwb-brand","embeddable":true,"href":"https:\/\/scsystems.ro\/magazin\/wp-json\/wp\/v2\/pwb-brand?post=1559"},{"taxonomy":"product_brand","embeddable":true,"href":"https:\/\/scsystems.ro\/magazin\/wp-json\/wp\/v2\/product_brand?post=1559"},{"taxonomy":"product_cat","embeddable":true,"href":"https:\/\/scsystems.ro\/magazin\/wp-json\/wp\/v2\/product_cat?post=1559"},{"taxonomy":"product_tag","embeddable":true,"href":"https:\/\/scsystems.ro\/magazin\/wp-json\/wp\/v2\/product_tag?post=1559"}],"curies":[{"name":"wp","href":"https:\/\/api.w.org\/{rel}","templated":true}]}}