{"id":1493,"date":"2023-05-22T18:34:22","date_gmt":"2023-05-22T18:34:22","guid":{"rendered":"https:\/\/scsystems.ro\/magazin\/?post_type=product&#038;p=1493"},"modified":"2026-03-27T17:08:40","modified_gmt":"2026-03-27T17:08:40","slug":"lampa-semnalizare-io-24v-led","status":"publish","type":"product","link":"https:\/\/scsystems.ro\/magazin\/produs\/lampa-semnalizare-io-24v-led\/","title":{"rendered":"Lampa semnalizare io 24V LED"},"content":{"rendered":"<p><span data-sheets-value=\"{&quot;1&quot;:2,&quot;2&quot;:&quot;Lampa semnalizare, antena incorporata io 24V LED&quot;}\" data-sheets-userformat=\"{&quot;2&quot;:4995,&quot;3&quot;:{&quot;1&quot;:0},&quot;4&quot;:{&quot;1&quot;:2,&quot;2&quot;:14081252},&quot;10&quot;:0,&quot;11&quot;:0,&quot;12&quot;:0,&quot;15&quot;:&quot;\\&quot;Calibri Light\\&quot;, sans-serif&quot;}\">Lampa semnalizare io 24V LED, antena incorporata\u00a0 9026830<\/span><\/p>\n<p>Lampa semnalizare io 24V LED, cu antena incorporat\u0103, este solu\u021bia perfect\u0103 pentru a asigura siguran\u021ba \u0219i func\u021bionalitatea sistemului t\u0103u de control al por\u021bilor \u0219i u\u0219ilor de garaj io SOMFY. Cu un design elegant \u0219i durabil, aceast\u0103 lampa de semnalizare este conceput\u0103 pentru a oferi o iluminare vizibil\u0103 \u0219i eficient\u0103 \u00een orice situa\u021bie.<\/p>\n<p>Una dintre principalele avantaje ale acestei lame semnalizare este compatibilitatea sa cu toate motoriz\u0103rile io SOMFY, asigur\u00e2ndu-\u021bi o integrare perfect\u0103 \u00een sistemul existent. Cu ajutorul tehnologiei LED de \u00eenalt\u0103 performan\u021b\u0103, lampa\u00a0 de semnalizare ofer\u0103 o iluminare puternic\u0103, consum\u00e2nd totodat\u0103 doar 3W de energie, ceea ce o face ecologic\u0103 \u0219i economic\u0103.<\/p>\n<p>Aceast\u0103 lamp\u0103 de semnalizare io 24V LED este dotat\u0103 \u0219i cu o anten\u0103 incorporat\u0103, asigur\u00e2nd o recep\u021bie radio stabil\u0103 \u0219i f\u0103r\u0103 interferen\u021be. Astfel, semnalul de control al por\u021bilor \u0219i u\u0219ilor de garaj va fi transmis \u00een mod eficient \u0219i se va asigura o comunicare sigur\u0103 \u0219i fiabil\u0103 \u00eentre sistemul de control \u0219i lampa de semnalizare.<\/p>\n<p>Dimensiunile compacte \u0219i greutatea redus\u0103 faciliteaz\u0103 instalarea \u0219i montarea l\u0103mpii de semnalizare \u00een orice loca\u021bie dorit\u0103. De asemenea, tensiunea nominal\u0103 la AC 50 Hz de 24V \u0219i capacitatea de a func\u021biona at\u00e2t la curent alternativ, c\u00e2t \u0219i la curent continuu, ofer\u0103 flexibilitate \u00een utilizarea \u0219i integrarea acestei l\u0103mpi de semnalizare \u00een diverse configura\u021bii de sistem.<\/p>\n<p>Indiferent de nevoile tale, lampa de semnalizare io 24V LED, cu antena incorporat\u0103, este alegerea ideal\u0103 pentru a asigura un control sigur \u0219i eficient al por\u021bilor \u0219i u\u0219ilor de garaj. Cu durabilitatea, performan\u021ba \u0219i versatilitatea sa, aceast\u0103 lamp\u0103 de semnalizare \u00ee\u021bi ofer\u0103 un nivel crescut de confort \u0219i siguran\u021b\u0103 \u00een utilizarea sistemului t\u0103u de control io SOMFY.<\/p>\n<p>AVANTAJE:<\/p>\n<ul>\n<li>Compatibil cu toate motoriz\u0103rile pentru por\u021bi \u0219i u\u0219i de garaj io SOMFY.<\/li>\n<li>Lumin\u0103 portocalie Master Pro rezistent\u0103, discret\u0103 \u0219i elegant\u0103.<\/li>\n<li>Anten\u0103 io de recep\u021bie radio integrat\u0103.<\/li>\n<li>Tehnologie LED (consum 3W).<\/li>\n<li>Semnaleaz\u0103 mi\u0219carea de deschidere \u0219i \u00eenchidere a por\u021bii sau a u\u0219ii de garaj.<\/li>\n<li>Recomandat pentru semnalarea mi\u0219c\u0103rii por\u021bii \u0219i necesar \u00een caz de ie\u0219ire pe drumul public.<\/li>\n<\/ul>\n<div class=\"title_content\">\n<h2 class=\"title_3\">Specifica\u0163ii<\/h2>\n<\/div>\n<div id=\"accordion-details\" class=\"\">\n<div class=\"accordion-content-block\">\n<p><span class=\"accordion-item-title subtitle_2\">Dimensiunea \u0219i greutatea<\/span><\/p>\n<div id=\"dimCollapse\" class=\"accordion-item-content collapse show\" data-parent=\"#accordion-details\">\n<div class=\"row\">\n<div class=\"col-12 col-md-9 text_medium text-left\">\n<p>L\u0103\u021bime : 107 mm<\/p>\n<p>\u00cen\u0103l\u021bime : 92 mm<\/p>\n<p>Tensiune nominal\u0103 la AC 50 Hz: 24V<\/p>\n<p>Tensiune: AC\/DC<\/p>\n<p>Putere: 3W<\/p>\n<\/div>\n<\/div>\n<\/div>\n<\/div>\n<\/div>\n","protected":false},"excerpt":{"rendered":"<p><span data-sheets-value=\"{&quot;1&quot;:2,&quot;2&quot;:&quot;Lampa semnalizare, antena incorporata io 24V LED&quot;}\" data-sheets-userformat=\"{&quot;2&quot;:4995,&quot;3&quot;:{&quot;1&quot;:0},&quot;4&quot;:{&quot;1&quot;:2,&quot;2&quot;:14081252},&quot;10&quot;:0,&quot;11&quot;:0,&quot;12&quot;:0,&quot;15&quot;:&quot;\\&quot;Calibri Light\\&quot;, sans-serif&quot;}\">Lampa semnalizare io 24V LED, antena incorporata. Cod Produs: 9026830<\/span><\/p>\n<p>Lampa semnalizare io 24V LED, cu antena incorporat\u0103, este solu\u021bia perfect\u0103 pentru a asigura siguran\u021ba \u0219i func\u021bionalitatea sistemului t\u0103u de control al por\u021bilor \u0219i u\u0219ilor de garaj io SOMFY. Cu un design elegant \u0219i durabil, aceast\u0103 lamp\u0103 semnalizare este conceput\u0103 pentru a oferi o iluminare vizibil\u0103 \u0219i eficient\u0103 \u00een orice situa\u021bie.<\/p>\n<p>Una dintre principalele avantaje ale acestei lame semnalizare este compatibilitatea sa cu toate mo<\/p>\n","protected":false},"featured_media":1494,"comment_status":"open","ping_status":"closed","template":"","meta":{"_eb_attr":""},"pwb-brand":[40],"product_brand":[],"product_cat":[34,26],"product_tag":[87,45,92,39,47],"class_list":{"0":"post-1493","1":"product","2":"type-product","3":"status-publish","4":"has-post-thumbnail","6":"pwb-brand-somfy","7":"product_cat-accesorii-automatizari-smart","8":"product_cat-smart-home","9":"product_tag-accesorii-automatizari","10":"product_tag-io","11":"product_tag-lampa-de-semnalizare","12":"product_tag-smart-home","13":"product_tag-somfy","15":"first","16":"instock","17":"taxable","18":"shipping-taxable","19":"purchasable","20":"product-type-simple"},"yoast_head":"<!-- This site is optimized with the Yoast SEO plugin v27.2 - https:\/\/yoast.com\/product\/yoast-seo-wordpress\/ -->\n<title>Lampa semnalizare io 24V LED - Magazin SCS<\/title>\n<meta name=\"description\" content=\"Lampa semnalizare io 24V LED este solu\u021bia perfect\u0103 pentru a asigura siguran\u021ba \u0219i func\u021bionalitatea automatizarilor por\u021bilor \u0219i u\u0219ilor de garaj io SOMFY\" \/>\n<meta name=\"robots\" content=\"index, follow, max-snippet:-1, max-image-preview:large, max-video-preview:-1\" \/>\n<link rel=\"canonical\" href=\"https:\/\/scsystems.ro\/magazin\/produs\/lampa-semnalizare-io-24v-led\/\" \/>\n<meta property=\"og:locale\" content=\"ro_RO\" \/>\n<meta property=\"og:type\" content=\"article\" \/>\n<meta property=\"og:title\" content=\"Lampa semnalizare io 24V LED - Magazin SCS\" \/>\n<meta property=\"og:description\" content=\"Lampa semnalizare io 24V LED este solu\u021bia perfect\u0103 pentru a asigura siguran\u021ba \u0219i func\u021bionalitatea automatizarilor por\u021bilor \u0219i u\u0219ilor de garaj io SOMFY\" \/>\n<meta property=\"og:url\" content=\"https:\/\/scsystems.ro\/magazin\/produs\/lampa-semnalizare-io-24v-led\/\" \/>\n<meta property=\"og:site_name\" content=\"Magazin SCS\" \/>\n<meta property=\"article:publisher\" content=\"https:\/\/www.facebook.com\/smartclosingsystems\/\" \/>\n<meta property=\"article:modified_time\" content=\"2026-03-27T17:08:40+00:00\" \/>\n<meta property=\"og:image\" content=\"https:\/\/scsystems.ro\/magazin\/wp-content\/uploads\/sites\/2\/2023\/05\/Lampa-semnalizare-io-24V-LED-Somfy-9026830-scaled.webp\" \/>\n\t<meta property=\"og:image:width\" content=\"2560\" \/>\n\t<meta property=\"og:image:height\" content=\"2275\" \/>\n\t<meta property=\"og:image:type\" content=\"image\/webp\" \/>\n<meta name=\"twitter:card\" content=\"summary_large_image\" \/>\n<meta name=\"twitter:label1\" content=\"Timp estimat pentru citire\" \/>\n\t<meta name=\"twitter:data1\" content=\"2 minute\" \/>\n<script type=\"application\/ld+json\" class=\"yoast-schema-graph\">{\"@context\":\"https:\/\/schema.org\",\"@graph\":[{\"@type\":\"WebPage\",\"@id\":\"https:\/\/scsystems.ro\/magazin\/produs\/lampa-semnalizare-io-24v-led\/\",\"url\":\"https:\/\/scsystems.ro\/magazin\/produs\/lampa-semnalizare-io-24v-led\/\",\"name\":\"Lampa semnalizare io 24V LED - Magazin SCS\",\"isPartOf\":{\"@id\":\"https:\/\/scsystems.ro\/magazin\/#website\"},\"primaryImageOfPage\":{\"@id\":\"https:\/\/scsystems.ro\/magazin\/produs\/lampa-semnalizare-io-24v-led\/#primaryimage\"},\"image\":{\"@id\":\"https:\/\/scsystems.ro\/magazin\/produs\/lampa-semnalizare-io-24v-led\/#primaryimage\"},\"thumbnailUrl\":\"https:\/\/scsystems.ro\/magazin\/wp-content\/uploads\/sites\/2\/2023\/05\/Lampa-semnalizare-io-24V-LED-Somfy-9026830-scaled.webp\",\"datePublished\":\"2023-05-22T18:34:22+00:00\",\"dateModified\":\"2026-03-27T17:08:40+00:00\",\"description\":\"Lampa semnalizare io 24V LED este solu\u021bia perfect\u0103 pentru a asigura siguran\u021ba \u0219i func\u021bionalitatea automatizarilor por\u021bilor \u0219i u\u0219ilor de garaj io SOMFY\",\"breadcrumb\":{\"@id\":\"https:\/\/scsystems.ro\/magazin\/produs\/lampa-semnalizare-io-24v-led\/#breadcrumb\"},\"inLanguage\":\"ro-RO\",\"potentialAction\":[{\"@type\":\"ReadAction\",\"target\":[\"https:\/\/scsystems.ro\/magazin\/produs\/lampa-semnalizare-io-24v-led\/\"]}]},{\"@type\":\"ImageObject\",\"inLanguage\":\"ro-RO\",\"@id\":\"https:\/\/scsystems.ro\/magazin\/produs\/lampa-semnalizare-io-24v-led\/#primaryimage\",\"url\":\"https:\/\/scsystems.ro\/magazin\/wp-content\/uploads\/sites\/2\/2023\/05\/Lampa-semnalizare-io-24V-LED-Somfy-9026830-scaled.webp\",\"contentUrl\":\"https:\/\/scsystems.ro\/magazin\/wp-content\/uploads\/sites\/2\/2023\/05\/Lampa-semnalizare-io-24V-LED-Somfy-9026830-scaled.webp\",\"width\":2560,\"height\":2275,\"caption\":\"Lampa semnalizare io 24V LED Somfy 9026830\"},{\"@type\":\"BreadcrumbList\",\"@id\":\"https:\/\/scsystems.ro\/magazin\/produs\/lampa-semnalizare-io-24v-led\/#breadcrumb\",\"itemListElement\":[{\"@type\":\"ListItem\",\"position\":1,\"name\":\"Magazin\",\"item\":\"https:\/\/scsystems.ro\/magazin\/\"},{\"@type\":\"ListItem\",\"position\":2,\"name\":\"Toate Produsele\",\"item\":\"https:\/\/scsystems.ro\/magazin\/toate-produsele\/\"},{\"@type\":\"ListItem\",\"position\":3,\"name\":\"Lampa semnalizare io 24V LED\"}]},{\"@type\":\"WebSite\",\"@id\":\"https:\/\/scsystems.ro\/magazin\/#website\",\"url\":\"https:\/\/scsystems.ro\/magazin\/\",\"name\":\"Magazin SCS\",\"description\":\"Smart Closing Systems Magazin\",\"publisher\":{\"@id\":\"https:\/\/scsystems.ro\/magazin\/#organization\"},\"potentialAction\":[{\"@type\":\"SearchAction\",\"target\":{\"@type\":\"EntryPoint\",\"urlTemplate\":\"https:\/\/scsystems.ro\/magazin\/?s={search_term_string}\"},\"query-input\":{\"@type\":\"PropertyValueSpecification\",\"valueRequired\":true,\"valueName\":\"search_term_string\"}}],\"inLanguage\":\"ro-RO\"},{\"@type\":\"Organization\",\"@id\":\"https:\/\/scsystems.ro\/magazin\/#organization\",\"name\":\"Smart Closing Systems\",\"alternateName\":\"SCS\",\"url\":\"https:\/\/scsystems.ro\/magazin\/\",\"logo\":{\"@type\":\"ImageObject\",\"inLanguage\":\"ro-RO\",\"@id\":\"https:\/\/scsystems.ro\/magazin\/#\/schema\/logo\/image\/\",\"url\":\"https:\/\/scsystems.ro\/magazin\/wp-content\/uploads\/sites\/2\/2023\/03\/logo-SCS-Negru-vm.png\",\"contentUrl\":\"https:\/\/scsystems.ro\/magazin\/wp-content\/uploads\/sites\/2\/2023\/03\/logo-SCS-Negru-vm.png\",\"width\":2241,\"height\":1459,\"caption\":\"Smart Closing Systems\"},\"image\":{\"@id\":\"https:\/\/scsystems.ro\/magazin\/#\/schema\/logo\/image\/\"},\"sameAs\":[\"https:\/\/www.facebook.com\/smartclosingsystems\/\"]}]}<\/script>\n<!-- \/ Yoast SEO plugin. -->","yoast_head_json":{"title":"Lampa semnalizare io 24V LED - Magazin SCS","description":"Lampa semnalizare io 24V LED este solu\u021bia perfect\u0103 pentru a asigura siguran\u021ba \u0219i func\u021bionalitatea automatizarilor por\u021bilor \u0219i u\u0219ilor de garaj io SOMFY","robots":{"index":"index","follow":"follow","max-snippet":"max-snippet:-1","max-image-preview":"max-image-preview:large","max-video-preview":"max-video-preview:-1"},"canonical":"https:\/\/scsystems.ro\/magazin\/produs\/lampa-semnalizare-io-24v-led\/","og_locale":"ro_RO","og_type":"article","og_title":"Lampa semnalizare io 24V LED - Magazin SCS","og_description":"Lampa semnalizare io 24V LED este solu\u021bia perfect\u0103 pentru a asigura siguran\u021ba \u0219i func\u021bionalitatea automatizarilor por\u021bilor \u0219i u\u0219ilor de garaj io SOMFY","og_url":"https:\/\/scsystems.ro\/magazin\/produs\/lampa-semnalizare-io-24v-led\/","og_site_name":"Magazin SCS","article_publisher":"https:\/\/www.facebook.com\/smartclosingsystems\/","article_modified_time":"2026-03-27T17:08:40+00:00","og_image":[{"width":2560,"height":2275,"url":"https:\/\/scsystems.ro\/magazin\/wp-content\/uploads\/sites\/2\/2023\/05\/Lampa-semnalizare-io-24V-LED-Somfy-9026830-scaled.webp","type":"image\/webp"}],"twitter_card":"summary_large_image","twitter_misc":{"Timp estimat pentru citire":"2 minute"},"schema":{"@context":"https:\/\/schema.org","@graph":[{"@type":"WebPage","@id":"https:\/\/scsystems.ro\/magazin\/produs\/lampa-semnalizare-io-24v-led\/","url":"https:\/\/scsystems.ro\/magazin\/produs\/lampa-semnalizare-io-24v-led\/","name":"Lampa semnalizare io 24V LED - Magazin SCS","isPartOf":{"@id":"https:\/\/scsystems.ro\/magazin\/#website"},"primaryImageOfPage":{"@id":"https:\/\/scsystems.ro\/magazin\/produs\/lampa-semnalizare-io-24v-led\/#primaryimage"},"image":{"@id":"https:\/\/scsystems.ro\/magazin\/produs\/lampa-semnalizare-io-24v-led\/#primaryimage"},"thumbnailUrl":"https:\/\/scsystems.ro\/magazin\/wp-content\/uploads\/sites\/2\/2023\/05\/Lampa-semnalizare-io-24V-LED-Somfy-9026830-scaled.webp","datePublished":"2023-05-22T18:34:22+00:00","dateModified":"2026-03-27T17:08:40+00:00","description":"Lampa semnalizare io 24V LED este solu\u021bia perfect\u0103 pentru a asigura siguran\u021ba \u0219i func\u021bionalitatea automatizarilor por\u021bilor \u0219i u\u0219ilor de garaj io SOMFY","breadcrumb":{"@id":"https:\/\/scsystems.ro\/magazin\/produs\/lampa-semnalizare-io-24v-led\/#breadcrumb"},"inLanguage":"ro-RO","potentialAction":[{"@type":"ReadAction","target":["https:\/\/scsystems.ro\/magazin\/produs\/lampa-semnalizare-io-24v-led\/"]}]},{"@type":"ImageObject","inLanguage":"ro-RO","@id":"https:\/\/scsystems.ro\/magazin\/produs\/lampa-semnalizare-io-24v-led\/#primaryimage","url":"https:\/\/scsystems.ro\/magazin\/wp-content\/uploads\/sites\/2\/2023\/05\/Lampa-semnalizare-io-24V-LED-Somfy-9026830-scaled.webp","contentUrl":"https:\/\/scsystems.ro\/magazin\/wp-content\/uploads\/sites\/2\/2023\/05\/Lampa-semnalizare-io-24V-LED-Somfy-9026830-scaled.webp","width":2560,"height":2275,"caption":"Lampa semnalizare io 24V LED Somfy 9026830"},{"@type":"BreadcrumbList","@id":"https:\/\/scsystems.ro\/magazin\/produs\/lampa-semnalizare-io-24v-led\/#breadcrumb","itemListElement":[{"@type":"ListItem","position":1,"name":"Magazin","item":"https:\/\/scsystems.ro\/magazin\/"},{"@type":"ListItem","position":2,"name":"Toate Produsele","item":"https:\/\/scsystems.ro\/magazin\/toate-produsele\/"},{"@type":"ListItem","position":3,"name":"Lampa semnalizare io 24V LED"}]},{"@type":"WebSite","@id":"https:\/\/scsystems.ro\/magazin\/#website","url":"https:\/\/scsystems.ro\/magazin\/","name":"Magazin SCS","description":"Smart Closing Systems Magazin","publisher":{"@id":"https:\/\/scsystems.ro\/magazin\/#organization"},"potentialAction":[{"@type":"SearchAction","target":{"@type":"EntryPoint","urlTemplate":"https:\/\/scsystems.ro\/magazin\/?s={search_term_string}"},"query-input":{"@type":"PropertyValueSpecification","valueRequired":true,"valueName":"search_term_string"}}],"inLanguage":"ro-RO"},{"@type":"Organization","@id":"https:\/\/scsystems.ro\/magazin\/#organization","name":"Smart Closing Systems","alternateName":"SCS","url":"https:\/\/scsystems.ro\/magazin\/","logo":{"@type":"ImageObject","inLanguage":"ro-RO","@id":"https:\/\/scsystems.ro\/magazin\/#\/schema\/logo\/image\/","url":"https:\/\/scsystems.ro\/magazin\/wp-content\/uploads\/sites\/2\/2023\/03\/logo-SCS-Negru-vm.png","contentUrl":"https:\/\/scsystems.ro\/magazin\/wp-content\/uploads\/sites\/2\/2023\/03\/logo-SCS-Negru-vm.png","width":2241,"height":1459,"caption":"Smart Closing Systems"},"image":{"@id":"https:\/\/scsystems.ro\/magazin\/#\/schema\/logo\/image\/"},"sameAs":["https:\/\/www.facebook.com\/smartclosingsystems\/"]}]}},"jetpack_sharing_enabled":true,"brands":[{"id":40,"name":"Somfy","slug":"somfy"}],"_links":{"self":[{"href":"https:\/\/scsystems.ro\/magazin\/wp-json\/wp\/v2\/product\/1493","targetHints":{"allow":["GET"]}}],"collection":[{"href":"https:\/\/scsystems.ro\/magazin\/wp-json\/wp\/v2\/product"}],"about":[{"href":"https:\/\/scsystems.ro\/magazin\/wp-json\/wp\/v2\/types\/product"}],"replies":[{"embeddable":true,"href":"https:\/\/scsystems.ro\/magazin\/wp-json\/wp\/v2\/comments?post=1493"}],"wp:featuredmedia":[{"embeddable":true,"href":"https:\/\/scsystems.ro\/magazin\/wp-json\/wp\/v2\/media\/1494"}],"wp:attachment":[{"href":"https:\/\/scsystems.ro\/magazin\/wp-json\/wp\/v2\/media?parent=1493"}],"wp:term":[{"taxonomy":"pwb-brand","embeddable":true,"href":"https:\/\/scsystems.ro\/magazin\/wp-json\/wp\/v2\/pwb-brand?post=1493"},{"taxonomy":"product_brand","embeddable":true,"href":"https:\/\/scsystems.ro\/magazin\/wp-json\/wp\/v2\/product_brand?post=1493"},{"taxonomy":"product_cat","embeddable":true,"href":"https:\/\/scsystems.ro\/magazin\/wp-json\/wp\/v2\/product_cat?post=1493"},{"taxonomy":"product_tag","embeddable":true,"href":"https:\/\/scsystems.ro\/magazin\/wp-json\/wp\/v2\/product_tag?post=1493"}],"curies":[{"name":"wp","href":"https:\/\/api.w.org\/{rel}","templated":true}]}}