{"id":1450,"date":"2023-05-16T11:58:51","date_gmt":"2023-05-16T11:58:51","guid":{"rendered":"https:\/\/scsystems.ro\/magazin\/?post_type=product&#038;p=1450"},"modified":"2026-03-27T17:03:28","modified_gmt":"2026-03-27T17:03:28","slug":"ixengo-l-3s-rts-24v-standard","status":"publish","type":"product","link":"https:\/\/scsystems.ro\/magazin\/produs\/ixengo-l-3s-rts-24v-standard\/","title":{"rendered":"Ixengo L 3S RTS 24V Standard Pachet"},"content":{"rendered":"<p><strong>Ixengo L 3S RTS 24V Standard pachet<\/strong><\/p>\n<p>Somfy Ixengo L 3S RTS pachet Standard este o\u00a0automatizare poarta batanta, cu 2 canate de maxim 400 kg.\u00a0Mecanismul nereversibil ofer\u0103 o rezisten\u021b\u0103 excelent\u0103 la v\u00e2nt sau for\u021barea deschiderii din exterior.<\/p>\n<p>Putere \u0219i rezisten\u021b\u0103 pentru por\u021bi de mari dimensiuni &#8211; pan\u0103 la 400 kg\/arip\u0103 sau 4 m<\/p>\n<p><strong>Utilizare sigur\u0103<\/strong><br \/>\n&#8211; Testat la 110.000 cicluri deschidere\/inchidere<br \/>\n&#8211; Mecanismul nereversibil ofer\u0103 o rezisten\u021b\u0103 excelent\u0103 la v\u00e2nt sau for\u021barea deschiderii din exterior<br \/>\n&#8211; Model adecvat pentru st\u00e2lpi de mici dimensiuni &#8211; st\u00e2lpi cu o l\u0103\u021bime de doar 80 mm<br \/>\nDecuplare u\u0219oar\u0103 \u0219i sigur\u0103 cu ajutorul cheii individuale<br \/>\nInstalare personalizat\u0103<br \/>\n&#8211; Oprire u\u0219oar\u0103 \u0219i cuplu reglabil<br \/>\n&#8211; Pozi\u021bie precis\u0103 de \u00eenchidere \u0219i reglarea for\u021bei de \u00eenchidere<br \/>\n&#8211; Zon\u0103 cu vitez\u0103 redus\u0103 \u0219i decalaj dintre cele 2 laturi, reglabil p\u00e2n\u0103 la nivelul minim<\/p>\n<p><strong>Instalare simplificat\u0103<\/strong><br \/>\nSiguran\u021b\u0103<br \/>\n&#8211; Mecanismul nereversibil ofer\u0103 o rezisten\u021b\u0103 excelent\u0103 la v\u00e2nt sau for\u021barea deschiderii din exterior<br \/>\n&#8211; Decuplare u\u0219oar\u0103 \u0219i sigur\u0103 cu ajutorul cheii individuale<br \/>\nInstalare personalizat\u0103: oprire u\u0219oar\u0103 \u0219i cuplu reglabil, pozi\u021bie precis\u0103 de \u00eenchidere \u0219i reglarea for\u021bei de \u00eenchidere, zon\u0103 cu vitez\u0103 redus\u0103 \u0219i decalaj \u00eentre cele 2 laturi, reglabil p\u00e2n\u0103 la nivelul minim.<br \/>\nCompatibil cu sursele de alimentare solare, dac\u0103 alimentarea la re\u021bea este dificil de realizat.<\/p>\n<p>Durabil, eficient\u00a0\u015fi sigur pentru por\u0163i\u00a0standard din fier \u015fi o\u0163el<br \/>\n&#8211; Unitate de comand\u0103 3S: u\u015for de instalat,\u00a0personalizabil\u0103, intuitiv\u0103<br \/>\n&#8211; \u00a0Motor robust<br \/>\n&gt; Rezist\u0103 la utilizare de p\u00e2n\u0103 la 60 de\u00a0deschideri \u015fi \u00eenchideri pe zi<br \/>\n&gt; Oprire lin\u0103<br \/>\n&#8211; Eficien\u021b\u0103 ridicat\u0103<br \/>\n&gt; Instalarea nu necesit\u0103 instrumente speciale,\u00a0nici sudare<br \/>\n&gt; Suporturi de prindere reglabile, care\u00a0se adapteaz\u0103 la toate configura\u0163iile de\u00a0instalare<br \/>\n&gt; Adaptabil \u0219i pentru por\u021bi cu o singur\u0103 arip\u0103<br \/>\n&#8211; Utilizare sigur\u0103<br \/>\n&gt; Mecanismul s\u0103u ireversibil ofer\u0103 rezisten\u0163\u0103\u00a0excelent\u0103 \u00eempotriva rafalelor de v\u00e2nt\u00a0puternice sau a for\u0163\u0103rii<br \/>\n&gt; Cheie special\u0103 care permite deblocarea cu\u00a0u\u015furin\u0163\u0103 din interior<br \/>\n&#8211; Compatibile cu sursa de alimentare solar\u0103,\u00a0\u00een cazurile \u00een care este dificil\u0103 conectarea la\u00a0re\u0163eaua principal\u0103<\/p>\n<h5 class=\"titlu_pg_prod\"><strong>Ixengo L 3S RTS 24V Standard <\/strong>Pachetul contine<\/h5>\n<p>2 &#8211; Motoare Ixengo L 24V<br \/>\n1 &#8211; Unitate de comand\u0103 3S Ixengo RTS<br \/>\n2 &#8211; Telecomenzi Keygo RTS<br \/>\n1 &#8211; Consol\u0103 reglabil\u0103 pentru st\u00e2lp.<\/p>\n<p>&nbsp;<\/p>\n<table style=\"height: 121px;\" width=\"790\">\n<thead>\n<tr>\n<th colspan=\"2\">\n<h3>TEHNOLOGIE<\/h3>\n<\/th>\n<\/tr>\n<\/thead>\n<tbody>\n<tr>\n<td>Frecven\u021b\u0103 radio<\/td>\n<td>433,42 \u00a0 MHz<\/td>\n<\/tr>\n<tr>\n<td>Capacitate memorie<\/td>\n<td>40<\/td>\n<\/tr>\n<\/tbody>\n<\/table>\n<table style=\"height: 193px;\" width=\"789\">\n<thead>\n<tr>\n<th colspan=\"2\">\n<h3>ELECTRIC<\/h3>\n<\/th>\n<\/tr>\n<\/thead>\n<tbody>\n<tr>\n<td>Putere lumin\u0103<\/td>\n<td>500 \u00a0 W<\/td>\n<\/tr>\n<tr>\n<td>Consum \u00een timpul oper\u0103rii<\/td>\n<td>40 \u00a0 W<\/td>\n<\/tr>\n<tr>\n<td>Voltaj Nominal \/ Frecven\u021b\u0103<\/td>\n<td>230 V &#8211; 50 Hz<\/td>\n<\/tr>\n<\/tbody>\n<\/table>\n<table style=\"height: 108px;\" width=\"788\">\n<thead>\n<tr>\n<th colspan=\"2\">\n<h3>STANDARD<\/h3>\n<\/th>\n<\/tr>\n<\/thead>\n<tbody>\n<tr>\n<td>Index Protec\u021bie<\/td>\n<td>\u00a0 \u00a0IP 44<\/td>\n<\/tr>\n<\/tbody>\n<\/table>\n<table style=\"height: 105px;\" width=\"787\">\n<thead>\n<tr>\n<th colspan=\"2\">\n<h3>ALTELE<\/h3>\n<\/th>\n<\/tr>\n<\/thead>\n<tbody>\n<tr>\n<td>Temperatur\u0103 de lucru<\/td>\n<td>\u00eentre -20\u00b0C \u015fi +60\u00b0C \u00a0 \u00b0C<\/td>\n<\/tr>\n<\/tbody>\n<\/table>\n","protected":false},"excerpt":{"rendered":"<p>Somfy Ixengo L 3S RTS pachet Standard este o automatizare poarta batanta, cu 2 canate de maxim 400 kg. Mecanismul nereversibil ofer\u0103 o rezisten\u021b\u0103 excelent\u0103 la v\u00e2nt sau for\u021barea deschiderii din exterior.<\/p>\n<p>Putere \u0219i rezisten\u021b\u0103 pentru por\u021bi de mari dimensiuni &#8211; pan\u0103 la 400 kg\/arip\u0103 sau 4 m<\/p>\n","protected":false},"featured_media":1452,"comment_status":"open","ping_status":"closed","template":"","meta":{"_eb_attr":""},"pwb-brand":[40],"product_brand":[],"product_cat":[25,26],"product_tag":[74,78,77,39,47],"class_list":{"0":"post-1450","1":"product","2":"type-product","3":"status-publish","4":"has-post-thumbnail","6":"pwb-brand-somfy","7":"product_cat-kituri-automatizari","8":"product_cat-smart-home","9":"product_tag-automatizari","10":"product_tag-ixengo","11":"product_tag-kit-automatizari","12":"product_tag-smart-home","13":"product_tag-somfy","15":"first","16":"instock","17":"taxable","18":"shipping-taxable","19":"purchasable","20":"product-type-simple"},"yoast_head":"<!-- This site is optimized with the Yoast SEO plugin v27.2 - https:\/\/yoast.com\/product\/yoast-seo-wordpress\/ -->\n<title>Ixengo L 3S RTS 24V Standard Pachet - Magazin SCS<\/title>\n<meta name=\"description\" content=\"Ixengo L 3S RTS 24V Standard este o\u00a0automatizare poarta batanta, cu 2 canate de maxim 400 kg.\u00a0Mecanismul nereversibil ofer\u0103 o rezisten\u021b\u0103 excelent\u0103 la v\u00e2nt.\" \/>\n<meta name=\"robots\" content=\"index, follow, max-snippet:-1, max-image-preview:large, max-video-preview:-1\" \/>\n<link rel=\"canonical\" href=\"https:\/\/scsystems.ro\/magazin\/produs\/ixengo-l-3s-rts-24v-standard\/\" \/>\n<meta property=\"og:locale\" content=\"ro_RO\" \/>\n<meta property=\"og:type\" content=\"article\" \/>\n<meta property=\"og:title\" content=\"Ixengo L 3S RTS 24V Standard Pachet - Magazin SCS\" \/>\n<meta property=\"og:description\" content=\"Ixengo L 3S RTS 24V Standard este o\u00a0automatizare poarta batanta, cu 2 canate de maxim 400 kg.\u00a0Mecanismul nereversibil ofer\u0103 o rezisten\u021b\u0103 excelent\u0103 la v\u00e2nt.\" \/>\n<meta property=\"og:url\" content=\"https:\/\/scsystems.ro\/magazin\/produs\/ixengo-l-3s-rts-24v-standard\/\" \/>\n<meta property=\"og:site_name\" content=\"Magazin SCS\" \/>\n<meta property=\"article:publisher\" content=\"https:\/\/www.facebook.com\/smartclosingsystems\/\" \/>\n<meta property=\"article:modified_time\" content=\"2026-03-27T17:03:28+00:00\" \/>\n<meta property=\"og:image\" content=\"https:\/\/scsystems.ro\/magazin\/wp-content\/uploads\/sites\/2\/2023\/05\/Kit-automatizare-poarta-batanta-Somfy-Ixengo-L-3S-RTS-pachet-Standard-2x4-metri-400-Kg-24-V.webp\" \/>\n\t<meta property=\"og:image:width\" content=\"1024\" \/>\n\t<meta property=\"og:image:height\" content=\"1024\" \/>\n\t<meta property=\"og:image:type\" content=\"image\/webp\" \/>\n<meta name=\"twitter:card\" content=\"summary_large_image\" \/>\n<meta name=\"twitter:label1\" content=\"Timp estimat pentru citire\" \/>\n\t<meta name=\"twitter:data1\" content=\"3 minute\" \/>\n<script type=\"application\/ld+json\" class=\"yoast-schema-graph\">{\"@context\":\"https:\/\/schema.org\",\"@graph\":[{\"@type\":\"WebPage\",\"@id\":\"https:\/\/scsystems.ro\/magazin\/produs\/ixengo-l-3s-rts-24v-standard\/\",\"url\":\"https:\/\/scsystems.ro\/magazin\/produs\/ixengo-l-3s-rts-24v-standard\/\",\"name\":\"Ixengo L 3S RTS 24V Standard Pachet - Magazin SCS\",\"isPartOf\":{\"@id\":\"https:\/\/scsystems.ro\/magazin\/#website\"},\"primaryImageOfPage\":{\"@id\":\"https:\/\/scsystems.ro\/magazin\/produs\/ixengo-l-3s-rts-24v-standard\/#primaryimage\"},\"image\":{\"@id\":\"https:\/\/scsystems.ro\/magazin\/produs\/ixengo-l-3s-rts-24v-standard\/#primaryimage\"},\"thumbnailUrl\":\"https:\/\/scsystems.ro\/magazin\/wp-content\/uploads\/sites\/2\/2023\/05\/Kit-automatizare-poarta-batanta-Somfy-Ixengo-L-3S-RTS-pachet-Standard-2x4-metri-400-Kg-24-V.webp\",\"datePublished\":\"2023-05-16T11:58:51+00:00\",\"dateModified\":\"2026-03-27T17:03:28+00:00\",\"description\":\"Ixengo L 3S RTS 24V Standard este o\u00a0automatizare poarta batanta, cu 2 canate de maxim 400 kg.\u00a0Mecanismul nereversibil ofer\u0103 o rezisten\u021b\u0103 excelent\u0103 la v\u00e2nt.\",\"breadcrumb\":{\"@id\":\"https:\/\/scsystems.ro\/magazin\/produs\/ixengo-l-3s-rts-24v-standard\/#breadcrumb\"},\"inLanguage\":\"ro-RO\",\"potentialAction\":[{\"@type\":\"ReadAction\",\"target\":[\"https:\/\/scsystems.ro\/magazin\/produs\/ixengo-l-3s-rts-24v-standard\/\"]}]},{\"@type\":\"ImageObject\",\"inLanguage\":\"ro-RO\",\"@id\":\"https:\/\/scsystems.ro\/magazin\/produs\/ixengo-l-3s-rts-24v-standard\/#primaryimage\",\"url\":\"https:\/\/scsystems.ro\/magazin\/wp-content\/uploads\/sites\/2\/2023\/05\/Kit-automatizare-poarta-batanta-Somfy-Ixengo-L-3S-RTS-pachet-Standard-2x4-metri-400-Kg-24-V.webp\",\"contentUrl\":\"https:\/\/scsystems.ro\/magazin\/wp-content\/uploads\/sites\/2\/2023\/05\/Kit-automatizare-poarta-batanta-Somfy-Ixengo-L-3S-RTS-pachet-Standard-2x4-metri-400-Kg-24-V.webp\",\"width\":1024,\"height\":1024,\"caption\":\"Ixengo L 3S RTS 24V Standard\"},{\"@type\":\"BreadcrumbList\",\"@id\":\"https:\/\/scsystems.ro\/magazin\/produs\/ixengo-l-3s-rts-24v-standard\/#breadcrumb\",\"itemListElement\":[{\"@type\":\"ListItem\",\"position\":1,\"name\":\"Magazin\",\"item\":\"https:\/\/scsystems.ro\/magazin\/\"},{\"@type\":\"ListItem\",\"position\":2,\"name\":\"Toate Produsele\",\"item\":\"https:\/\/scsystems.ro\/magazin\/toate-produsele\/\"},{\"@type\":\"ListItem\",\"position\":3,\"name\":\"Ixengo L 3S RTS 24V Standard Pachet\"}]},{\"@type\":\"WebSite\",\"@id\":\"https:\/\/scsystems.ro\/magazin\/#website\",\"url\":\"https:\/\/scsystems.ro\/magazin\/\",\"name\":\"Magazin SCS\",\"description\":\"Smart Closing Systems Magazin\",\"publisher\":{\"@id\":\"https:\/\/scsystems.ro\/magazin\/#organization\"},\"potentialAction\":[{\"@type\":\"SearchAction\",\"target\":{\"@type\":\"EntryPoint\",\"urlTemplate\":\"https:\/\/scsystems.ro\/magazin\/?s={search_term_string}\"},\"query-input\":{\"@type\":\"PropertyValueSpecification\",\"valueRequired\":true,\"valueName\":\"search_term_string\"}}],\"inLanguage\":\"ro-RO\"},{\"@type\":\"Organization\",\"@id\":\"https:\/\/scsystems.ro\/magazin\/#organization\",\"name\":\"Smart Closing Systems\",\"alternateName\":\"SCS\",\"url\":\"https:\/\/scsystems.ro\/magazin\/\",\"logo\":{\"@type\":\"ImageObject\",\"inLanguage\":\"ro-RO\",\"@id\":\"https:\/\/scsystems.ro\/magazin\/#\/schema\/logo\/image\/\",\"url\":\"https:\/\/scsystems.ro\/magazin\/wp-content\/uploads\/sites\/2\/2023\/03\/logo-SCS-Negru-vm.png\",\"contentUrl\":\"https:\/\/scsystems.ro\/magazin\/wp-content\/uploads\/sites\/2\/2023\/03\/logo-SCS-Negru-vm.png\",\"width\":2241,\"height\":1459,\"caption\":\"Smart Closing Systems\"},\"image\":{\"@id\":\"https:\/\/scsystems.ro\/magazin\/#\/schema\/logo\/image\/\"},\"sameAs\":[\"https:\/\/www.facebook.com\/smartclosingsystems\/\"]}]}<\/script>\n<!-- \/ Yoast SEO plugin. -->","yoast_head_json":{"title":"Ixengo L 3S RTS 24V Standard Pachet - Magazin SCS","description":"Ixengo L 3S RTS 24V Standard este o\u00a0automatizare poarta batanta, cu 2 canate de maxim 400 kg.\u00a0Mecanismul nereversibil ofer\u0103 o rezisten\u021b\u0103 excelent\u0103 la v\u00e2nt.","robots":{"index":"index","follow":"follow","max-snippet":"max-snippet:-1","max-image-preview":"max-image-preview:large","max-video-preview":"max-video-preview:-1"},"canonical":"https:\/\/scsystems.ro\/magazin\/produs\/ixengo-l-3s-rts-24v-standard\/","og_locale":"ro_RO","og_type":"article","og_title":"Ixengo L 3S RTS 24V Standard Pachet - Magazin SCS","og_description":"Ixengo L 3S RTS 24V Standard este o\u00a0automatizare poarta batanta, cu 2 canate de maxim 400 kg.\u00a0Mecanismul nereversibil ofer\u0103 o rezisten\u021b\u0103 excelent\u0103 la v\u00e2nt.","og_url":"https:\/\/scsystems.ro\/magazin\/produs\/ixengo-l-3s-rts-24v-standard\/","og_site_name":"Magazin SCS","article_publisher":"https:\/\/www.facebook.com\/smartclosingsystems\/","article_modified_time":"2026-03-27T17:03:28+00:00","og_image":[{"width":1024,"height":1024,"url":"https:\/\/scsystems.ro\/magazin\/wp-content\/uploads\/sites\/2\/2023\/05\/Kit-automatizare-poarta-batanta-Somfy-Ixengo-L-3S-RTS-pachet-Standard-2x4-metri-400-Kg-24-V.webp","type":"image\/webp"}],"twitter_card":"summary_large_image","twitter_misc":{"Timp estimat pentru citire":"3 minute"},"schema":{"@context":"https:\/\/schema.org","@graph":[{"@type":"WebPage","@id":"https:\/\/scsystems.ro\/magazin\/produs\/ixengo-l-3s-rts-24v-standard\/","url":"https:\/\/scsystems.ro\/magazin\/produs\/ixengo-l-3s-rts-24v-standard\/","name":"Ixengo L 3S RTS 24V Standard Pachet - Magazin SCS","isPartOf":{"@id":"https:\/\/scsystems.ro\/magazin\/#website"},"primaryImageOfPage":{"@id":"https:\/\/scsystems.ro\/magazin\/produs\/ixengo-l-3s-rts-24v-standard\/#primaryimage"},"image":{"@id":"https:\/\/scsystems.ro\/magazin\/produs\/ixengo-l-3s-rts-24v-standard\/#primaryimage"},"thumbnailUrl":"https:\/\/scsystems.ro\/magazin\/wp-content\/uploads\/sites\/2\/2023\/05\/Kit-automatizare-poarta-batanta-Somfy-Ixengo-L-3S-RTS-pachet-Standard-2x4-metri-400-Kg-24-V.webp","datePublished":"2023-05-16T11:58:51+00:00","dateModified":"2026-03-27T17:03:28+00:00","description":"Ixengo L 3S RTS 24V Standard este o\u00a0automatizare poarta batanta, cu 2 canate de maxim 400 kg.\u00a0Mecanismul nereversibil ofer\u0103 o rezisten\u021b\u0103 excelent\u0103 la v\u00e2nt.","breadcrumb":{"@id":"https:\/\/scsystems.ro\/magazin\/produs\/ixengo-l-3s-rts-24v-standard\/#breadcrumb"},"inLanguage":"ro-RO","potentialAction":[{"@type":"ReadAction","target":["https:\/\/scsystems.ro\/magazin\/produs\/ixengo-l-3s-rts-24v-standard\/"]}]},{"@type":"ImageObject","inLanguage":"ro-RO","@id":"https:\/\/scsystems.ro\/magazin\/produs\/ixengo-l-3s-rts-24v-standard\/#primaryimage","url":"https:\/\/scsystems.ro\/magazin\/wp-content\/uploads\/sites\/2\/2023\/05\/Kit-automatizare-poarta-batanta-Somfy-Ixengo-L-3S-RTS-pachet-Standard-2x4-metri-400-Kg-24-V.webp","contentUrl":"https:\/\/scsystems.ro\/magazin\/wp-content\/uploads\/sites\/2\/2023\/05\/Kit-automatizare-poarta-batanta-Somfy-Ixengo-L-3S-RTS-pachet-Standard-2x4-metri-400-Kg-24-V.webp","width":1024,"height":1024,"caption":"Ixengo L 3S RTS 24V Standard"},{"@type":"BreadcrumbList","@id":"https:\/\/scsystems.ro\/magazin\/produs\/ixengo-l-3s-rts-24v-standard\/#breadcrumb","itemListElement":[{"@type":"ListItem","position":1,"name":"Magazin","item":"https:\/\/scsystems.ro\/magazin\/"},{"@type":"ListItem","position":2,"name":"Toate Produsele","item":"https:\/\/scsystems.ro\/magazin\/toate-produsele\/"},{"@type":"ListItem","position":3,"name":"Ixengo L 3S RTS 24V Standard Pachet"}]},{"@type":"WebSite","@id":"https:\/\/scsystems.ro\/magazin\/#website","url":"https:\/\/scsystems.ro\/magazin\/","name":"Magazin SCS","description":"Smart Closing Systems Magazin","publisher":{"@id":"https:\/\/scsystems.ro\/magazin\/#organization"},"potentialAction":[{"@type":"SearchAction","target":{"@type":"EntryPoint","urlTemplate":"https:\/\/scsystems.ro\/magazin\/?s={search_term_string}"},"query-input":{"@type":"PropertyValueSpecification","valueRequired":true,"valueName":"search_term_string"}}],"inLanguage":"ro-RO"},{"@type":"Organization","@id":"https:\/\/scsystems.ro\/magazin\/#organization","name":"Smart Closing Systems","alternateName":"SCS","url":"https:\/\/scsystems.ro\/magazin\/","logo":{"@type":"ImageObject","inLanguage":"ro-RO","@id":"https:\/\/scsystems.ro\/magazin\/#\/schema\/logo\/image\/","url":"https:\/\/scsystems.ro\/magazin\/wp-content\/uploads\/sites\/2\/2023\/03\/logo-SCS-Negru-vm.png","contentUrl":"https:\/\/scsystems.ro\/magazin\/wp-content\/uploads\/sites\/2\/2023\/03\/logo-SCS-Negru-vm.png","width":2241,"height":1459,"caption":"Smart Closing Systems"},"image":{"@id":"https:\/\/scsystems.ro\/magazin\/#\/schema\/logo\/image\/"},"sameAs":["https:\/\/www.facebook.com\/smartclosingsystems\/"]}]}},"jetpack_sharing_enabled":true,"brands":[{"id":40,"name":"Somfy","slug":"somfy"}],"_links":{"self":[{"href":"https:\/\/scsystems.ro\/magazin\/wp-json\/wp\/v2\/product\/1450","targetHints":{"allow":["GET"]}}],"collection":[{"href":"https:\/\/scsystems.ro\/magazin\/wp-json\/wp\/v2\/product"}],"about":[{"href":"https:\/\/scsystems.ro\/magazin\/wp-json\/wp\/v2\/types\/product"}],"replies":[{"embeddable":true,"href":"https:\/\/scsystems.ro\/magazin\/wp-json\/wp\/v2\/comments?post=1450"}],"wp:featuredmedia":[{"embeddable":true,"href":"https:\/\/scsystems.ro\/magazin\/wp-json\/wp\/v2\/media\/1452"}],"wp:attachment":[{"href":"https:\/\/scsystems.ro\/magazin\/wp-json\/wp\/v2\/media?parent=1450"}],"wp:term":[{"taxonomy":"pwb-brand","embeddable":true,"href":"https:\/\/scsystems.ro\/magazin\/wp-json\/wp\/v2\/pwb-brand?post=1450"},{"taxonomy":"product_brand","embeddable":true,"href":"https:\/\/scsystems.ro\/magazin\/wp-json\/wp\/v2\/product_brand?post=1450"},{"taxonomy":"product_cat","embeddable":true,"href":"https:\/\/scsystems.ro\/magazin\/wp-json\/wp\/v2\/product_cat?post=1450"},{"taxonomy":"product_tag","embeddable":true,"href":"https:\/\/scsystems.ro\/magazin\/wp-json\/wp\/v2\/product_tag?post=1450"}],"curies":[{"name":"wp","href":"https:\/\/api.w.org\/{rel}","templated":true}]}}