{"id":1423,"date":"2023-05-11T15:43:13","date_gmt":"2023-05-11T15:43:13","guid":{"rendered":"https:\/\/scsystems.ro\/magazin\/?post_type=product&#038;p=1423"},"modified":"2026-03-27T17:00:29","modified_gmt":"2026-03-27T17:00:29","slug":"elixo-500-3s-io-24v-pachet-ee","status":"publish","type":"product","link":"https:\/\/scsystems.ro\/magazin\/produs\/elixo-500-3s-io-24v-pachet-ee\/","title":{"rendered":"Elixo 500 3S io 24V EE pachet"},"content":{"rendered":"<p><strong>Elixo 500 3S io 24V EE pachet<\/strong>\u00a0SOMFY 1216507 set automatizare pentru porti culisante.<\/p>\n<p>Unitatea Somfy Elixo 500 3S io poate fi utilizat\u0103 pentru por\u021bi cu o lungime de maxim 8 m \u0219i o greutate de p\u00e2n\u0103 la 500 kg. Este silentios, durabil si fiabil.<\/p>\n<p><strong>Elixo 500 3S io<\/strong> poate fi extins liber cu accesorii din oferta Somfy prin ad\u0103ugarea de l\u0103mpi sau fotocelule, cresc\u00e2nd astfel siguran\u021ba por\u021bii.<\/p>\n<p>Unitatea are \u00eencorporat\u0103 o unitate de control 3S, care asigur\u0103 o func\u021bionare intuitiv\u0103, instalare rapid\u0103 \u0219i posibilitatea de a seta parametrii de func\u021bionare.<\/p>\n<p>Tehnologia io-homecontrol asigur\u0103 c\u0103 toate produsele Somfy sunt compatibile cu tehnologia made in io. Fiecare transmi\u021b\u0103tor bidirec\u021bional prime\u0219te un feedback de semnal de la obiectul controlat. Aderarea la sistemul TaHoma este posibil\u0103 controlul \u0219i monitorizarea de la distan\u021b\u0103 a pozi\u021biei \u00een care se afl\u0103 \u00een prezent poarta.<\/p>\n<p>Cele mai importante caracteristici ale unit\u0103\u021bii includ:<br \/>\nSistem mecanic dovedit folosind mul\u021bi ani de experien\u021b\u0103<br \/>\np\u00e2n\u0103 la 30 de cicluri pe zi pentru o poart\u0103 de 500 kg<br \/>\nviteza: cursa poarta de 3 metri in 15 secunde<br \/>\ncu cheia u\u0219or de deblocat \u0219i deschis poarta din exterior<br \/>\nalergare lini\u0219tit\u0103<br \/>\nGama de ac\u021bion\u0103ri Somfy Elixo pentru por\u021bi culisante este o solu\u021bie dovedit\u0103 pentru automatizarea por\u021bii dumneavoastr\u0103 de intrare. Mul\u021bi ani de experien\u021b\u0103 Somfy au permis crearea unei structuri extrem de durabile, asigur\u00e2nd nu numai longevitatea unit\u0103\u021bii, ci \u0219i confortul de utilizare. Ac\u021bion\u0103rile Somfy Elixo sunt oferite \u00een seturi special preg\u0103tite, astfel \u00eenc\u00e2t s\u0103 pute\u021bi ajusta cu u\u0219urin\u021b\u0103 instala\u021bia la nevoile dumneavoastr\u0103.<\/p>\n<p>Setul Elixo 500 3S io EE Pack con\u021bine:<\/p>\n<p>\u2013 Elixo 500 3S io io \u2013 Ac\u021bionare pentru por\u021bi culisante cu o greutate de p\u00e2n\u0103 la 500 kg \u0219i o lungime de p\u00e2n\u0103 la 8 m cu anten\u0103 radio \u00eencorporat\u0103 de 868 \u2013 870 MHz (io).<\/p>\n<p>\u2013 KeyGO io \u2013 Telecomand\u0103 cu patru canale, rolling code, care func\u021bioneaz\u0103 la frecven\u021ba de 868,95 MHz.<\/p>\n<p>\u2013 Master PRO Bitech \u2013 pereche de fotocelule.<\/p>\n<p><strong>Fotocelulele Master Pro &#8211; Bitech<\/strong> sunt dispozitive discrete pentru detectarea obstacolelor la inchiderea\/deschiderea portii. Au ca standard carcasa ingusta, care poate fi echipata suplimentar cu un capac metalic pentru protectie suplimentara impotriva impactului si vandalismului.<br \/>\nDistan\u021ba dintre fotocelulele de transmisie \u0219i cele de recep\u021bie ar trebui s\u0103 fie de 2 p\u00e2n\u0103 la 10 metri.<\/p>\n<p><strong><u>Photocells Master Pro &#8211; Bitech <\/u>Specifica\u021bii:<\/strong><br \/>\nraza de actiune: 10 m<br \/>\nautotest: nu<br \/>\nalimentare: 24V AC\/DC<br \/>\nsarcina de contact: 1A<br \/>\nclasa de izolare electrica: Clasa III<br \/>\ndimensiuni: 120 x 38 x 26 mm<br \/>\ntemperatura de lucru: -20\u00b0C p\u00e2n\u0103 la +60\u00b0C<br \/>\nclasa de protectie: IP 54<\/p>\n<p><strong>\u00a0Keygo 4 io<\/strong><\/p>\n<p><strong>Specifica\u021bie Telecomanda<\/strong><br \/>\nnum\u0103rul de canale: 4<br \/>\nfrecventa: io &#8211; 868,95 MHz &#8211; unidirectional<br \/>\nraza radio: 30 m<br \/>\nalimentare: 3V &#8211; baterie CR2430<br \/>\ndurata bateriei: 2 ani<br \/>\ndimensiuni: 59 x 35 x 14 mm<br \/>\nconditii de lucru: -20\u00b0C pana la +70\u00b0C<\/p>\n<p><strong>Elixo 500 3S io 24V EE Date Tehnice<\/strong><br \/>\nalimentare: 220-230 V &#8211; 50-60 Hz<br \/>\nalimentare motor: 24V DC<br \/>\nconsum de energie: 130W<br \/>\niluminare: 500W max. halogen<br \/>\nalimentare accesorii: 24V DC \/ 1.2A<br \/>\ntimp de deschidere p\u00e2n\u0103 la 3m: 15 secunde<br \/>\nfrecventa radio io: 868-870 MHz<br \/>\nforta de antrenare: 500N<br \/>\nnum\u0103rul de dispozitive de stocare de control la distan\u021b\u0103:<br \/>\nUnic (Keygo 4 io, &#8230;):<br \/>\ncontrol deschidere: max. 30 de canale<br \/>\ncontrol iluminare: max. 4 canale<br \/>\ncontrolul dispozitivelor suplimentare: max. 4 canale<br \/>\nBidirec\u021bional (Keytis io, &#8230;): Nelimitat<br \/>\nclasa de protectie: IP 24<br \/>\nconditii de lucru: -20\u00b0C pana la +60\u00b0C<br \/>\ndimensiuni: 274x263x163mm<\/p>\n","protected":false},"excerpt":{"rendered":"<p>Elixo 500 3S io 24V EE pachet\u00a0SOMFY 1216507 set automatizare pentru porti culisante. Unitatea Somfy Elixo 500 3S io poate fi utilizat\u0103 pentru por\u021bi cu o lungime de maxim 8 m \u0219i o greutate de p\u00e2n\u0103 la 500 kg. Este silentios, durabil si fiabil. Elixo 500 3S io poate fi extins liber cu accesorii din [&hellip;]<\/p>\n","protected":false},"featured_media":1424,"comment_status":"open","ping_status":"closed","template":"","meta":{"_eb_attr":""},"pwb-brand":[40],"product_brand":[],"product_cat":[25,26],"product_tag":[74,81,45,79,77,80,39,37],"class_list":{"0":"post-1423","1":"product","2":"type-product","3":"status-publish","4":"has-post-thumbnail","6":"pwb-brand-somfy","7":"product_cat-kituri-automatizari","8":"product_cat-smart-home","9":"product_tag-automatizari","10":"product_tag-elixo-500-3s-io","11":"product_tag-io","12":"product_tag-keygo","13":"product_tag-kit-automatizari","14":"product_tag-master-pro","15":"product_tag-smart-home","16":"product_tag-tahoma","18":"first","19":"instock","20":"taxable","21":"shipping-taxable","22":"purchasable","23":"product-type-simple"},"yoast_head":"<!-- This site is optimized with the Yoast SEO plugin v27.2 - https:\/\/yoast.com\/product\/yoast-seo-wordpress\/ -->\n<title>Elixo 500 3S io 24V EE pachet - Magazin SCS<\/title>\n<meta name=\"description\" content=\"Elixo 500 3S io 24V pachet EE automatizare pentru porti culisante cu o lungime de maxim 8 m \u0219i o greutate de p\u00e2n\u0103 la 500 kg. Silentios, durabil si fiabil.\" \/>\n<meta name=\"robots\" content=\"index, follow, max-snippet:-1, max-image-preview:large, max-video-preview:-1\" \/>\n<link rel=\"canonical\" href=\"https:\/\/scsystems.ro\/magazin\/produs\/elixo-500-3s-io-24v-pachet-ee\/\" \/>\n<meta property=\"og:locale\" content=\"ro_RO\" \/>\n<meta property=\"og:type\" content=\"article\" \/>\n<meta property=\"og:title\" content=\"Elixo 500 3S io 24V EE pachet - Magazin SCS\" \/>\n<meta property=\"og:description\" content=\"Elixo 500 3S io 24V pachet EE automatizare pentru porti culisante cu o lungime de maxim 8 m \u0219i o greutate de p\u00e2n\u0103 la 500 kg. Silentios, durabil si fiabil.\" \/>\n<meta property=\"og:url\" content=\"https:\/\/scsystems.ro\/magazin\/produs\/elixo-500-3s-io-24v-pachet-ee\/\" \/>\n<meta property=\"og:site_name\" content=\"Magazin SCS\" \/>\n<meta property=\"article:publisher\" content=\"https:\/\/www.facebook.com\/smartclosingsystems\/\" \/>\n<meta property=\"article:modified_time\" content=\"2026-03-27T17:00:29+00:00\" \/>\n<meta property=\"og:image\" content=\"https:\/\/scsystems.ro\/magazin\/wp-content\/uploads\/sites\/2\/2023\/05\/Elixo-500-3S-io-24V-EE-pachet-scaled.webp\" \/>\n\t<meta property=\"og:image:width\" content=\"2560\" \/>\n\t<meta property=\"og:image:height\" content=\"2505\" \/>\n\t<meta property=\"og:image:type\" content=\"image\/webp\" \/>\n<meta name=\"twitter:card\" content=\"summary_large_image\" \/>\n<meta name=\"twitter:label1\" content=\"Timp estimat pentru citire\" \/>\n\t<meta name=\"twitter:data1\" content=\"3 minute\" \/>\n<script type=\"application\/ld+json\" class=\"yoast-schema-graph\">{\"@context\":\"https:\/\/schema.org\",\"@graph\":[{\"@type\":\"WebPage\",\"@id\":\"https:\/\/scsystems.ro\/magazin\/produs\/elixo-500-3s-io-24v-pachet-ee\/\",\"url\":\"https:\/\/scsystems.ro\/magazin\/produs\/elixo-500-3s-io-24v-pachet-ee\/\",\"name\":\"Elixo 500 3S io 24V EE pachet - Magazin SCS\",\"isPartOf\":{\"@id\":\"https:\/\/scsystems.ro\/magazin\/#website\"},\"primaryImageOfPage\":{\"@id\":\"https:\/\/scsystems.ro\/magazin\/produs\/elixo-500-3s-io-24v-pachet-ee\/#primaryimage\"},\"image\":{\"@id\":\"https:\/\/scsystems.ro\/magazin\/produs\/elixo-500-3s-io-24v-pachet-ee\/#primaryimage\"},\"thumbnailUrl\":\"https:\/\/scsystems.ro\/magazin\/wp-content\/uploads\/sites\/2\/2023\/05\/Elixo-500-3S-io-24V-EE-pachet-scaled.webp\",\"datePublished\":\"2023-05-11T15:43:13+00:00\",\"dateModified\":\"2026-03-27T17:00:29+00:00\",\"description\":\"Elixo 500 3S io 24V pachet EE automatizare pentru porti culisante cu o lungime de maxim 8 m \u0219i o greutate de p\u00e2n\u0103 la 500 kg. Silentios, durabil si fiabil.\",\"breadcrumb\":{\"@id\":\"https:\/\/scsystems.ro\/magazin\/produs\/elixo-500-3s-io-24v-pachet-ee\/#breadcrumb\"},\"inLanguage\":\"ro-RO\",\"potentialAction\":[{\"@type\":\"ReadAction\",\"target\":[\"https:\/\/scsystems.ro\/magazin\/produs\/elixo-500-3s-io-24v-pachet-ee\/\"]}]},{\"@type\":\"ImageObject\",\"inLanguage\":\"ro-RO\",\"@id\":\"https:\/\/scsystems.ro\/magazin\/produs\/elixo-500-3s-io-24v-pachet-ee\/#primaryimage\",\"url\":\"https:\/\/scsystems.ro\/magazin\/wp-content\/uploads\/sites\/2\/2023\/05\/Elixo-500-3S-io-24V-EE-pachet-scaled.webp\",\"contentUrl\":\"https:\/\/scsystems.ro\/magazin\/wp-content\/uploads\/sites\/2\/2023\/05\/Elixo-500-3S-io-24V-EE-pachet-scaled.webp\",\"width\":2560,\"height\":2505,\"caption\":\"Elixo 500 3S io 24V EE pachet\"},{\"@type\":\"BreadcrumbList\",\"@id\":\"https:\/\/scsystems.ro\/magazin\/produs\/elixo-500-3s-io-24v-pachet-ee\/#breadcrumb\",\"itemListElement\":[{\"@type\":\"ListItem\",\"position\":1,\"name\":\"Magazin\",\"item\":\"https:\/\/scsystems.ro\/magazin\/\"},{\"@type\":\"ListItem\",\"position\":2,\"name\":\"Toate Produsele\",\"item\":\"https:\/\/scsystems.ro\/magazin\/toate-produsele\/\"},{\"@type\":\"ListItem\",\"position\":3,\"name\":\"Elixo 500 3S io 24V EE pachet\"}]},{\"@type\":\"WebSite\",\"@id\":\"https:\/\/scsystems.ro\/magazin\/#website\",\"url\":\"https:\/\/scsystems.ro\/magazin\/\",\"name\":\"Magazin SCS\",\"description\":\"Smart Closing Systems Magazin\",\"publisher\":{\"@id\":\"https:\/\/scsystems.ro\/magazin\/#organization\"},\"potentialAction\":[{\"@type\":\"SearchAction\",\"target\":{\"@type\":\"EntryPoint\",\"urlTemplate\":\"https:\/\/scsystems.ro\/magazin\/?s={search_term_string}\"},\"query-input\":{\"@type\":\"PropertyValueSpecification\",\"valueRequired\":true,\"valueName\":\"search_term_string\"}}],\"inLanguage\":\"ro-RO\"},{\"@type\":\"Organization\",\"@id\":\"https:\/\/scsystems.ro\/magazin\/#organization\",\"name\":\"Smart Closing Systems\",\"alternateName\":\"SCS\",\"url\":\"https:\/\/scsystems.ro\/magazin\/\",\"logo\":{\"@type\":\"ImageObject\",\"inLanguage\":\"ro-RO\",\"@id\":\"https:\/\/scsystems.ro\/magazin\/#\/schema\/logo\/image\/\",\"url\":\"https:\/\/scsystems.ro\/magazin\/wp-content\/uploads\/sites\/2\/2023\/03\/logo-SCS-Negru-vm.png\",\"contentUrl\":\"https:\/\/scsystems.ro\/magazin\/wp-content\/uploads\/sites\/2\/2023\/03\/logo-SCS-Negru-vm.png\",\"width\":2241,\"height\":1459,\"caption\":\"Smart Closing Systems\"},\"image\":{\"@id\":\"https:\/\/scsystems.ro\/magazin\/#\/schema\/logo\/image\/\"},\"sameAs\":[\"https:\/\/www.facebook.com\/smartclosingsystems\/\"]}]}<\/script>\n<!-- \/ Yoast SEO plugin. -->","yoast_head_json":{"title":"Elixo 500 3S io 24V EE pachet - Magazin SCS","description":"Elixo 500 3S io 24V pachet EE automatizare pentru porti culisante cu o lungime de maxim 8 m \u0219i o greutate de p\u00e2n\u0103 la 500 kg. Silentios, durabil si fiabil.","robots":{"index":"index","follow":"follow","max-snippet":"max-snippet:-1","max-image-preview":"max-image-preview:large","max-video-preview":"max-video-preview:-1"},"canonical":"https:\/\/scsystems.ro\/magazin\/produs\/elixo-500-3s-io-24v-pachet-ee\/","og_locale":"ro_RO","og_type":"article","og_title":"Elixo 500 3S io 24V EE pachet - Magazin SCS","og_description":"Elixo 500 3S io 24V pachet EE automatizare pentru porti culisante cu o lungime de maxim 8 m \u0219i o greutate de p\u00e2n\u0103 la 500 kg. Silentios, durabil si fiabil.","og_url":"https:\/\/scsystems.ro\/magazin\/produs\/elixo-500-3s-io-24v-pachet-ee\/","og_site_name":"Magazin SCS","article_publisher":"https:\/\/www.facebook.com\/smartclosingsystems\/","article_modified_time":"2026-03-27T17:00:29+00:00","og_image":[{"width":2560,"height":2505,"url":"https:\/\/scsystems.ro\/magazin\/wp-content\/uploads\/sites\/2\/2023\/05\/Elixo-500-3S-io-24V-EE-pachet-scaled.webp","type":"image\/webp"}],"twitter_card":"summary_large_image","twitter_misc":{"Timp estimat pentru citire":"3 minute"},"schema":{"@context":"https:\/\/schema.org","@graph":[{"@type":"WebPage","@id":"https:\/\/scsystems.ro\/magazin\/produs\/elixo-500-3s-io-24v-pachet-ee\/","url":"https:\/\/scsystems.ro\/magazin\/produs\/elixo-500-3s-io-24v-pachet-ee\/","name":"Elixo 500 3S io 24V EE pachet - Magazin SCS","isPartOf":{"@id":"https:\/\/scsystems.ro\/magazin\/#website"},"primaryImageOfPage":{"@id":"https:\/\/scsystems.ro\/magazin\/produs\/elixo-500-3s-io-24v-pachet-ee\/#primaryimage"},"image":{"@id":"https:\/\/scsystems.ro\/magazin\/produs\/elixo-500-3s-io-24v-pachet-ee\/#primaryimage"},"thumbnailUrl":"https:\/\/scsystems.ro\/magazin\/wp-content\/uploads\/sites\/2\/2023\/05\/Elixo-500-3S-io-24V-EE-pachet-scaled.webp","datePublished":"2023-05-11T15:43:13+00:00","dateModified":"2026-03-27T17:00:29+00:00","description":"Elixo 500 3S io 24V pachet EE automatizare pentru porti culisante cu o lungime de maxim 8 m \u0219i o greutate de p\u00e2n\u0103 la 500 kg. Silentios, durabil si fiabil.","breadcrumb":{"@id":"https:\/\/scsystems.ro\/magazin\/produs\/elixo-500-3s-io-24v-pachet-ee\/#breadcrumb"},"inLanguage":"ro-RO","potentialAction":[{"@type":"ReadAction","target":["https:\/\/scsystems.ro\/magazin\/produs\/elixo-500-3s-io-24v-pachet-ee\/"]}]},{"@type":"ImageObject","inLanguage":"ro-RO","@id":"https:\/\/scsystems.ro\/magazin\/produs\/elixo-500-3s-io-24v-pachet-ee\/#primaryimage","url":"https:\/\/scsystems.ro\/magazin\/wp-content\/uploads\/sites\/2\/2023\/05\/Elixo-500-3S-io-24V-EE-pachet-scaled.webp","contentUrl":"https:\/\/scsystems.ro\/magazin\/wp-content\/uploads\/sites\/2\/2023\/05\/Elixo-500-3S-io-24V-EE-pachet-scaled.webp","width":2560,"height":2505,"caption":"Elixo 500 3S io 24V EE pachet"},{"@type":"BreadcrumbList","@id":"https:\/\/scsystems.ro\/magazin\/produs\/elixo-500-3s-io-24v-pachet-ee\/#breadcrumb","itemListElement":[{"@type":"ListItem","position":1,"name":"Magazin","item":"https:\/\/scsystems.ro\/magazin\/"},{"@type":"ListItem","position":2,"name":"Toate Produsele","item":"https:\/\/scsystems.ro\/magazin\/toate-produsele\/"},{"@type":"ListItem","position":3,"name":"Elixo 500 3S io 24V EE pachet"}]},{"@type":"WebSite","@id":"https:\/\/scsystems.ro\/magazin\/#website","url":"https:\/\/scsystems.ro\/magazin\/","name":"Magazin SCS","description":"Smart Closing Systems Magazin","publisher":{"@id":"https:\/\/scsystems.ro\/magazin\/#organization"},"potentialAction":[{"@type":"SearchAction","target":{"@type":"EntryPoint","urlTemplate":"https:\/\/scsystems.ro\/magazin\/?s={search_term_string}"},"query-input":{"@type":"PropertyValueSpecification","valueRequired":true,"valueName":"search_term_string"}}],"inLanguage":"ro-RO"},{"@type":"Organization","@id":"https:\/\/scsystems.ro\/magazin\/#organization","name":"Smart Closing Systems","alternateName":"SCS","url":"https:\/\/scsystems.ro\/magazin\/","logo":{"@type":"ImageObject","inLanguage":"ro-RO","@id":"https:\/\/scsystems.ro\/magazin\/#\/schema\/logo\/image\/","url":"https:\/\/scsystems.ro\/magazin\/wp-content\/uploads\/sites\/2\/2023\/03\/logo-SCS-Negru-vm.png","contentUrl":"https:\/\/scsystems.ro\/magazin\/wp-content\/uploads\/sites\/2\/2023\/03\/logo-SCS-Negru-vm.png","width":2241,"height":1459,"caption":"Smart Closing Systems"},"image":{"@id":"https:\/\/scsystems.ro\/magazin\/#\/schema\/logo\/image\/"},"sameAs":["https:\/\/www.facebook.com\/smartclosingsystems\/"]}]}},"jetpack_sharing_enabled":true,"brands":[{"id":40,"name":"Somfy","slug":"somfy"}],"_links":{"self":[{"href":"https:\/\/scsystems.ro\/magazin\/wp-json\/wp\/v2\/product\/1423","targetHints":{"allow":["GET"]}}],"collection":[{"href":"https:\/\/scsystems.ro\/magazin\/wp-json\/wp\/v2\/product"}],"about":[{"href":"https:\/\/scsystems.ro\/magazin\/wp-json\/wp\/v2\/types\/product"}],"replies":[{"embeddable":true,"href":"https:\/\/scsystems.ro\/magazin\/wp-json\/wp\/v2\/comments?post=1423"}],"wp:featuredmedia":[{"embeddable":true,"href":"https:\/\/scsystems.ro\/magazin\/wp-json\/wp\/v2\/media\/1424"}],"wp:attachment":[{"href":"https:\/\/scsystems.ro\/magazin\/wp-json\/wp\/v2\/media?parent=1423"}],"wp:term":[{"taxonomy":"pwb-brand","embeddable":true,"href":"https:\/\/scsystems.ro\/magazin\/wp-json\/wp\/v2\/pwb-brand?post=1423"},{"taxonomy":"product_brand","embeddable":true,"href":"https:\/\/scsystems.ro\/magazin\/wp-json\/wp\/v2\/product_brand?post=1423"},{"taxonomy":"product_cat","embeddable":true,"href":"https:\/\/scsystems.ro\/magazin\/wp-json\/wp\/v2\/product_cat?post=1423"},{"taxonomy":"product_tag","embeddable":true,"href":"https:\/\/scsystems.ro\/magazin\/wp-json\/wp\/v2\/product_tag?post=1423"}],"curies":[{"name":"wp","href":"https:\/\/api.w.org\/{rel}","templated":true}]}}